000
CXUS53 KLIX 012146
CLMNEW


CLIMATE REPORT
NATIONAL WEATHER SERVICE NEW ORLEANS
NATIONAL WEATHER SERVICE NEW ORL
342 PM CST THU FEB 1 2018

...................................

...THE NEW ORLEANS CLIMATE SUMMARY FOR THE MONTH OF JANUARY 2018...

CLIMATE NORMAL PERIOD 1981 TO 2010
CLIMATE RECORD PERIOD 1946 TO 2018

WEATHER         OBSERVED          NORMAL  DEPART  LAST YEAR`S
                 VALUE   DATE(S)  VALUE   FROM    VALUE  DATE(S)
                                          NORMAL
................................................................
TEMPERATURE (F)
RECORD
 HIGH              83   01/07/1982
                        01/31/1957
 LOW               14   01/21/1985
                        01/24/1963
                        01/11/1962
HIGHEST            75   01/22                         80  01/20
                        01/11
LOWEST             20   01/17                         27  01/07
AVG. MAXIMUM     57.9              62.1    -4.2     69.0
AVG. MINIMUM     39.6              44.7    -5.1     51.3
MEAN             48.8              53.4    -4.6     60.1
DAYS MAX >= 90      0               0.0     0.0        0
DAYS MAX <= 32      0               0.0     0.0        0
DAYS MIN <= 32     12               2.9     9.1        2
DAYS MIN <= 0       0               0.0     0.0        0

PRECIPITATION (INCHES)
RECORD
 MAXIMUM
 MINIMUM
TOTALS           4.55              5.15   -0.60     4.90
DAILY AVG.       0.15              0.17   -0.02     0.16
DAYS >= .01        10               9.3     0.7        9
DAYS >= .10         5               6.5    -1.5        9
DAYS >= .50         2               3.3    -1.3        3
DAYS >= 1.00        2               1.7     0.3        1
GREATEST
 24 HR. TOTAL    2.20   01/27 TO 01/27

SNOWFALL (INCHES)
RECORDS
 TOTAL
 24 HR TOTAL
 SNOW DEPTH
TOTALS              T                 T     0.0      0.0
SINCE 7/1           T                 T     0.0      0.0
SNOWDEPTH AVG.      0                                  0
DAYS >= TRACE       1               0.0     1.0        0
DAYS >= 1.0         0               0.0     0.0        0
GREATEST
 SNOW DEPTH         0                                  0
 24 HR TOTAL        T   01/17 TO 01/17

DEGREE_DAYS
HEATING TOTAL     500               375     125      196
 SINCE 7/1        948               856      92      486
COOLING TOTAL       4                16     -12       52
 SINCE 1/1          4                14     -10       52
..................................................

WIND (MPH)
AVERAGE WIND SPEED              8.5
HIGHEST WIND SPEED/DIRECTION    25/320    DATE  01/12
HIGHEST GUST SPEED/DIRECTION    34/320    DATE  01/12

SKY COVER
POSSIBLE SUNSHINE (PERCENT)
AVERAGE SKY COVER           0.60
NUMBER OF DAYS FAIR            7
NUMBER OF DAYS PC             14
NUMBER OF DAYS CLOUDY         10

AVERAGE RH (PERCENT)     69

WEATHER CONDITIONS. NUMBER OF DAYS WITH
THUNDERSTORM              0     MIXED PRECIP               0
HEAVY RAIN                4     RAIN                       4
LIGHT RAIN               11     FREEZING RAIN              1
LT FREEZING RAIN          1     HAIL                       0
HEAVY SNOW                0     SNOW                       0
LIGHT SNOW                1     SLEET                      2
FOG                      12     FOG W/VIS <= 1/4 MILE      4
HAZE                      1

-  INDICATES NEGATIVE NUMBERS.
R  INDICATES RECORD WAS SET OR TIED.
MM INDICATES DATA IS MISSING.
T  INDICATES TRACE AMOUNT.

$$
