000
CXUS51 KOKX 011450
CLMNYC

CLIMATE REPORT
NATIONAL WEATHER SERVICE NEW YORK NY
1049 AM EDT FRI APR 1 2016

...................................

...THE CENTRAL PARK NY CLIMATE SUMMARY FOR THE MONTH OF MARCH 2016...

CLIMATE NORMAL PERIOD 1981 TO 2010
CLIMATE RECORD PERIOD 1869 TO 2016

WEATHER         OBSERVED          NORMAL  DEPART  LAST YEAR`S
                 VALUE   DATE(S)  VALUE   FROM    VALUE  DATE(S)
                                          NORMAL
................................................................
TEMPERATURE (F)
RECORD
 HIGH              86   03/31/1998
                        03/29/1945
 LOW                3   03/05/1872
HIGHEST            79   03/10        MM      MM       62  03/26
LOWEST             26   03/03        MM      MM       12  03/06
AVG. MAXIMUM     57.4              49.7     7.7     45.3
AVG. MINIMUM     40.4              35.2     5.2     30.9
MEAN             48.9              42.5     6.4     38.1
DAYS MAX >= 90      0               0.0     0.0        0
DAYS MAX <= 32      0               0.8    -0.8        2
DAYS MIN <= 32      7               9.7    -2.7       16
DAYS MIN <= 0       0               0.0     0.0        0

PRECIPITATION (INCHES)
RECORD
 MAXIMUM        10.69   2010
 MINIMUM         0.80   2006
TOTALS           1.17              4.36   -3.19     4.72
DAILY AVG.       0.04              0.14   -0.10     0.15
DAYS >= .01         9              10.9    -1.9       14
DAYS >= .10         4               7.1    -3.1       10
DAYS >= .50         0               2.7    -2.7        4
DAYS >= 1.00        0               1.0    -1.0        0
GREATEST
 24 HR. TOTAL    0.38   03/28 TO 03/28           03/14 TO 03/14
                                                          03/05 TO 03/05
                                                          03/05 TO 03/05
 STORM TOTAL       MM                                 MM
 (MM/DD(HH))            MM                    03/14(00) TO 03/14(00)
                                                 03/05(00) TO 03/05(00)5
                                                 03/05(00) TO 03/05(00)5

SNOWFALL (INCHES)
TOTALS            0.9               3.9    -3.0     18.6
 LIQUID EQUIV    0.09              0.40   -0.31     1.86
SINCE 7/1        32.1              25.2     6.9     50.3
 LIQUID 7/1      3.21              2.50    0.71     5.03
SNOWDEPTH AVG.      0                MM      MM        5
DAYS >= TRACE       3               1.8     1.2        8
DAYS >= 1.0         0               1.1    -1.1        4
GREATEST
 SNOW DEPTH         0   MM                            19  03/06
 24 HR TOTAL      0.5   03/21 TO 03/21           03/05 TO 03/05
                                                          03/05 TO 03/05
                                                          03/05 TO 03/05
 STORM TOTAL       MM                                 MM
 (MM/DD(HH))            MM                    03/05(00) TO 03/05(00)
                                                 03/05(00) TO 03/05(00)5
                                                 03/05(00) TO 03/05(00)5

DEGREE_DAYS
HEATING TOTAL     498               700    -202      826
 SINCE 7/1       3245              4222    -977     4585
COOLING TOTAL       6                 1       5        0
 SINCE 1/1          6                 1       5        0
......................................................

WIND (MPH)
AVERAGE WIND SPEED              6.6
HIGHEST WIND SPEED/DIRECTION    28/070    DATE  03/14
HIGHEST GUST SPEED/DIRECTION    45/270    DATE  03/28

AVERAGE RH (PERCENT)     52

WEATHER CONDITIONS. NUMBER OF DAYS WITH
THUNDERSTORM              0     MIXED PRECIP               0
HEAVY RAIN                1     RAIN                       4
LIGHT RAIN                8     FREEZING RAIN              0
LT FREEZING RAIN          0     HAIL                       0
HEAVY SNOW                0     SNOW                       0
LIGHT SNOW                3     SLEET                      0
FOG                      10     FOG W/VIS <= 1/4 MILE      0
HAZE                     10

-  INDICATES NEGATIVE NUMBERS.
R  INDICATES RECORD WAS SET OR TIED.
MM INDICATES DATA IS MISSING.
T  INDICATES TRACE AMOUNT.

$$
