000
CXUS56 KMTR 040109
CLMOAK


CLIMATE REPORT
NATIONAL WEATHER SERVICE SAN FRANCISCO BAY AREA
609 PM PDT SAT JUN 3 2017

...................................

...THE OAKLAND AIRPORT CLIMATE SUMMARY FOR THE MONTH OF MAY 2017...

CLIMATE NORMAL PERIOD 1981 TO 2010
CLIMATE RECORD PERIOD 1948 TO 2017

WEATHER         OBSERVED          NORMAL  DEPART  LAST YEAR`S
                 VALUE   DATE(S)  VALUE   FROM    VALUE  DATE(S)
                                          NORMAL
................................................................
TEMPERATURE (F)
RECORD
 HIGH              99   MM
 LOW               41   05/11/2010
HIGHEST            90   05/03                         88  05/17
LOWEST             47   05/14                         52  05/17
AVG. MAXIMUM     71.6              67.7     3.9     70.0
AVG. MINIMUM     54.0              51.1     2.9     55.1
MEAN             62.8                               62.6
DAYS MAX >= 90      1                                  0
DAYS MAX <= 32      0                                  0
DAYS MIN <= 32      0                                  0
DAYS MIN <= 0       0                                  0

PRECIPITATION (INCHES)
RECORD
 MAXIMUM         3.42   1957
 MINIMUM         0.00   1959
TOTALS              T              0.68   -0.68     0.02
DAILY AVG.          T              0.02   -0.02     0.00
DAYS >= .01         0                                  1
DAYS >= .10         0                                  0
DAYS >= .50         0                                  0
DAYS >= 1.00        0                                  0
GREATEST
 24 HR. TOTAL       T   05/29 TO 05/29           05/07 TO 05/07
                                                          05/31 TO 05/31
                                                          05/31 TO 05/31

DEGREE_DAYS
HEATING TOTAL      95               184     -89       82
 SINCE 7/1       1989              2770    -781     1892
COOLING TOTAL      34                10      24       15
 SINCE 1/1         36                16      20       34
..................................................

WIND (MPH)
AVERAGE WIND SPEED              11.2
RESULTANT WIND SPEED/DIRECTION  10/272
HIGHEST WIND SPEED/DIRECTION    31/280    DATE  05/12
HIGHEST GUST SPEED/DIRECTION    37/280    DATE  05/12

SKY COVER
POSSIBLE SUNSHINE (PERCENT)   MM
AVERAGE SKY COVER           0.40
NUMBER OF DAYS FAIR           15
NUMBER OF DAYS PC             10
NUMBER OF DAYS CLOUDY          6

AVERAGE RH (PERCENT)     68

WEATHER CONDITIONS. NUMBER OF DAYS WITH
THUNDERSTORM              0     MIXED PRECIP               0
HEAVY RAIN                0     RAIN                       0
LIGHT RAIN                1     FREEZING RAIN              0
LT FREEZING RAIN          0     HAIL                       0
HEAVY SNOW                0     SNOW                       0
LIGHT SNOW                0     SLEET                      0
FOG                       5     FOG W/VIS <= 1/4 MILE      0
HAZE                      5

-  INDICATES NEGATIVE NUMBERS.
R  INDICATES RECORD WAS SET OR TIED.
MM INDICATES DATA IS MISSING.
T  INDICATES TRACE AMOUNT.

$$
