000
CXUS54 KOUN 011212 CCA
CLMOKC

CLIMATE REPORT
NATIONAL WEATHER SERVICE NORMAN OK
707 AM CDT WED OCT 1 2014

...................................

...THE OKLAHOMA CITY CLIMATE SUMMARY FOR THE MONTH OF SEPTEMBER 2014...

CLIMATE NORMAL PERIOD 1981 TO 2010
CLIMATE RECORD PERIOD 1890 TO 2014

WEATHER         OBSERVED          NORMAL  DEPART  LAST YEAR`S
                 VALUE   DATE(S)  VALUE   FROM    VALUE
                                          NORMAL
.............................................................
TEMPERATURE (F)
RECORD
 HIGH             108   09/03/2000
                        09/02/2000
 LOW               35   09/26/1912
HIGHEST            98                97       1       98
LOWEST             50                47       3       49
AVG. MAXIMUM     86.3              84.7     1.6     88.9
AVG. MINIMUM     63.7              63.2     0.5     64.5
MEAN             75.0              73.9     1.1     76.7
DAYS MAX >= 90      9               8.6     0.4       17
DAYS MAX <= 32      0               0.0     0.0        0
DAYS MIN <= 32      0               0.0     0.0        0
DAYS MIN <= 0       0               0.0     0.0        0

PRECIPITATION (INCHES)
RECORD
 MAXIMUM        11.85   1991
 MINIMUM         0.06   1939
TOTALS           2.13              4.06   -1.93     1.95
DAILY AVG.       0.07              0.14   -0.07     0.07
DAYS >= .01         5               7.2    -2.2        5
DAYS >= .10         2               5.3    -3.3        2
DAYS >= .50         1               2.7    -1.7        1
DAYS >= 1.00        1               1.3    -0.3        1
GREATEST
 24 HR. TOTAL    1.94   09/05 TO 09/06

DEGREE_DAYS
HEATING TOTAL      11                19      -8        3
 SINCE 7/1         11                19      -8        3
COOLING TOTAL     318               288      30      362
 SINCE 1/1       1991              2025     -34     1985
..............................................................

WIND (MPH)
AVERAGE WIND SPEED              9.8
HIGHEST WIND SPEED/DIRECTION    35/070    DATE  09/18
HIGHEST GUST SPEED/DIRECTION    43/070    DATE  09/18


WEATHER CONDITIONS. NUMBER OF DAYS WITH
THUNDERSTORM              0     MIXED PRECIP               0
HEAVY RAIN                1     RAIN                       2
LIGHT RAIN                9     FREEZING RAIN              0
LT FREEZING RAIN          0     HAIL                       0
HEAVY SNOW                0     SNOW                       0
LIGHT SNOW                0     SLEET                      0
FOG                       8     FOG W/VIS <= 1/4 MILE      1
HAZE                      3

-  INDICATES NEGATIVE NUMBERS.
R  INDICATES RECORD WAS SET OR TIED.
MM INDICATES DATA IS MISSING.
T  INDICATES TRACE AMOUNT.

&&
............................................................................
RECORD EVENTS/REMARKS

RECORD COLDEST MAXIMUM TEMPERATURE OF 68 DEGREES SET ON THE 6TH.
THE JANUARY THROUGH SEPTEMBER TOTAL PRECIPITATION IS 22.86 INCHES.

$$
