410
CXAK59 PAFG 012135
CLMOME


CLIMATE REPORT
NATIONAL WEATHER SERVICE FAIRBANKS, AK
126 PM AKDT SAT JUL 1 2017

...................................

...THE NOME AK CLIMATE SUMMARY FOR THE MONTH OF JUNE 2017...

CLIMATE NORMAL PERIOD 1981 TO 2010
CLIMATE RECORD PERIOD 1906 TO 2017

WEATHER         OBSERVED          NORMAL  DEPART  LAST YEAR`S
                 VALUE   DATE(S)  VALUE   FROM    VALUE  DATE(S)
                                          NORMAL
................................................................
TEMPERATURE (F)
RECORD
 HIGH              98   06/25/1919
 LOW               20   06/02/1931
HIGHEST            76   06/08        MM      MM       76  06/16
                        06/05
LOWEST             36   06/18        MM      MM       30  06/09
                        06/02
AVG. MAXIMUM     58.7              54.9     3.8     56.9
AVG. MINIMUM     46.7              40.7     6.0     41.9
MEAN             52.7              47.8     4.9     49.4
DAYS MAX >= 90      0               0.0     0.0        0
DAYS MAX <= 32      0               0.0     0.0        0
DAYS MIN <= 32      0               1.9    -1.9        1
DAYS MIN <= 0       0               0.0     0.0        0

PRECIPITATION (INCHES)
RECORD
 MAXIMUM         4.41   1917
 MINIMUM            T   1920
TOTALS           1.18              0.98    0.20     0.34
DAILY AVG.       0.04              0.03    0.01     0.01
DAYS >= .01        10               8.5     1.5        8
DAYS >= .10         6               3.0     3.0        1
DAYS >= .50         0               0.3    -0.3        0
DAYS >= 1.00        0               0.0     0.0        0
GREATEST
 24 HR. TOTAL    0.29   06/09 TO 06/09           06/17 TO 06/18

SNOWFALL (INCHES)
RECORDS
 TOTAL            5.0   1924
 24 HR TOTAL       MM
 SNOW DEPTH        16   06/01/1920
TOTALS            0.0               0.3    -0.3      0.0
SINCE 7/1        54.6              75.7   -21.1      0.7
SNOWDEPTH AVG.      0                 0       0        0
DAYS >= TRACE       0               0.3    -0.3        0
DAYS >= 1.0         0               0.1    -0.1        0
GREATEST
 SNOW DEPTH         0   MM                             0  MM
 24 HR TOTAL      0.0   06/30 TO 06/30           06/01 TO 06/01

DEGREE_DAYS
HEATING TOTAL     365               517    -152      447
 SINCE 7/1      12983             13701    -718     4568
COOLING TOTAL       4                 1       3        0
 SINCE 1/1          4                 1       3        0
..................................................

WIND (MPH)
AVERAGE WIND SPEED              9.8
HIGHEST WIND SPEED/DIRECTION    29/020    DATE  06/08
HIGHEST GUST SPEED/DIRECTION    36/020    DATE  06/08

SKY COVER
AVERAGE SKY COVER           0.60


WEATHER CONDITIONS. NUMBER OF DAYS WITH
THUNDERSTORM              0     MIXED PRECIP               0
HEAVY RAIN                0     RAIN                       2
LIGHT RAIN               12     FREEZING RAIN              0
LT FREEZING RAIN          0     HAIL                       0
HEAVY SNOW                0     SNOW                       0
LIGHT SNOW                0     SLEET                      0
FOG                      16     FOG W/VIS <= 1/4 MILE      1
HAZE                      4

-  INDICATES NEGATIVE NUMBERS.
R  INDICATES RECORD WAS SET OR TIED.
MM INDICATES DATA IS MISSING.
T  INDICATES TRACE AMOUNT.

$$
