000
CXUS51 KBOX 011525
CLMORH


CLIMATE REPORT
NATIONAL WEATHER SERVICE TAUNTON MA
1112 AM EDT SAT NOV 1 2014

...................................

...THE WORCESTER MA CLIMATE SUMMARY FOR THE MONTH OF OCTOBER 2014...

CLIMATE NORMAL PERIOD 1981 TO 2010
CLIMATE RECORD PERIOD 1892 TO 2014

WEATHER         OBSERVED          NORMAL  DEPART
                 VALUE   DATE(S)  VALUE   FROM
                                          NORMAL
................................................
TEMPERATURE (F)
RECORD
 HIGH              89   10/01/1898
 LOW               19   10/22/1940
HIGHEST            74   10/15
LOWEST             29   10/20
AVG. MAXIMUM     59.2              58.3     0.9
AVG. MINIMUM     45.2              41.7     3.5
MEAN             52.2              50.0     2.2
DAYS MAX >= 90      0               0.0     0.0
DAYS MAX <= 32      0               0.0     0.0
DAYS MIN <= 32      1               3.1    -2.1
DAYS MIN <= 0       0               0.0     0.0

PRECIPITATION (INCHES)
RECORD
 MAXIMUM        15.56   2005
 MINIMUM         0.37   1924
TOTALS           6.37              4.68    1.69
DAYS >= .01        11              10.5     0.5
DAYS >= .10         8               6.7     1.3
DAYS >= .50         4               3.2     0.8
DAYS >= 1.00        2               1.4     0.6
GREATEST
 24 HR. TOTAL    2.69   10/16 TO 10/16

SNOWFALL (INCHES)
RECORDS
 TOTAL             MM   MM
 SNOW DEPTH        MM   MM
TOTALS            0.0               0.2    -0.2
SINCE 7/1         0.0               0.2    -0.2
SNOWDEPTH AVG.     MM
GREATEST
 SNOW DEPTH        MM
 24 HR TOTAL      0.0   10/31 TO 10/31

DEGREE_DAYS
HEATING TOTAL     393               468     -75
 SINCE 7/1        566               661     -95
COOLING TOTAL       3                 3       0
 SINCE 1/1        426               471     -45
.................................................

WIND (MPH)
AVERAGE WIND SPEED              10.4
RESULTANT WIND SPEED/DIRECTION   4/271
HIGHEST WIND SPEED/DIRECTION    29/360    DATE  10/23
HIGHEST GUST SPEED/DIRECTION    46/030    DATE  10/22

SKY COVER
POSSIBLE SUNSHINE (PERCENT)   MM
AVERAGE SKY COVER           0.50
NUMBER OF DAYS FAIR           11
NUMBER OF DAYS PC              9
NUMBER OF DAYS CLOUDY         11

AVERAGE RH (PERCENT)     77

WEATHER CONDITIONS. NUMBER OF DAYS WITH
THUNDERSTORM              0     MIXED PRECIP               0
HEAVY RAIN                5     RAIN                       6
LIGHT RAIN               13     FREEZING RAIN              0
LT FREEZING RAIN          0     HAIL                       0
HEAVY SNOW                0     SNOW                       0
LIGHT SNOW                0     SLEET                      0
FOG                      16     FOG W/VIS <= 1/4 MILE     10
HAZE                      2

-  INDICATES NEGATIVE NUMBERS.
R  INDICATES RECORD WAS SET OR TIED.
MM INDICATES DATA IS MISSING.
T  INDICATES TRACE AMOUNT.

$$

SIPPRELL
