000
CXUS53 KDDC 011440
CLMP28


CLIMATE REPORT
NATIONAL WEATHER SERVICE DODGE CITY KS
935 AM CDT THU SEP 1 2016

...................................

...THE MEDICINE LODGE KS CLIMATE SUMMARY FOR THE MONTH OF AUGUST 2016...

CLIMATE NORMAL PERIOD 1981 TO 2010
CLIMATE RECORD PERIOD 1893 TO 2016

WEATHER         OBSERVED          NORMAL  DEPART  LAST YEAR`S
                 VALUE   DATE(S)  VALUE   FROM    VALUE  DATE(S)
                                          NORMAL
................................................................
TEMPERATURE (F)
RECORD
 HIGH             118   08/12/1936
 LOW               40   08/27/1906
HIGHEST           102   08/03        MM      MM      101  08/08
LOWEST             51   08/21        MM      MM       52  08/20
AVG. MAXIMUM     89.6              92.7    -3.1     89.9
AVG. MINIMUM     67.4              67.9    -0.5     66.1
MEAN             78.5              80.3    -1.8     78.0
DAYS MAX >= 90     13              20.0    -7.0       19
DAYS MAX <= 32      0               0.0     0.0        0
DAYS MIN <= 32      0               0.0     0.0        0
DAYS MIN <= 0       0               0.0     0.0        0

PRECIPITATION (INCHES)
RECORD
 MAXIMUM         8.77   1927
 MINIMUM         0.01   2000
TOTALS           7.16              3.12    4.04     1.30
DAYS >= .01        13               7.9     5.1        6
DAYS >= .10         8               5.2     2.8        3
DAYS >= .50         5               1.9     3.1        1
DAYS >= 1.00        3               0.8     2.2        0
GREATEST
 24 HR. TOTAL    2.03   08/11 TO 08/12           08/18 TO 08/18

DEGREE_DAYS
HEATING TOTAL       0                 0       0        0
 SINCE 7/1          0                 0       0        0
COOLING TOTAL     428               474     -46      411
 SINCE 1/1       1600              1511      89     1479
..................................................

WIND (MPH)
AVERAGE WIND SPEED              7.5
HIGHEST WIND SPEED/DIRECTION    45/220    DATE  08/24
HIGHEST GUST SPEED/DIRECTION    58/220    DATE  08/24



-  INDICATES NEGATIVE NUMBERS.
R  INDICATES RECORD WAS SET OR TIED.
MM INDICATES DATA IS MISSING.
T  INDICATES TRACE AMOUNT.

$$
