000
CXUS52 KMFL 081955 CCA
CLMPBI

CLIMATE REPORT...CORRECTED
NATIONAL WEATHER SERVICE MIAMI, FL
338 PM EDT FRI APR 1 2016

...................................

...THE WEST PALM BEACH CLIMATE SUMMARY FOR THE MONTH OF MARCH 2016...

CLIMATE NORMAL PERIOD 1981 TO 2010
CLIMATE RECORD PERIOD 1888 TO 2016

WEATHER         OBSERVED          NORMAL  DEPART  LAST YEAR`S
                 VALUE   DATE(S)  VALUE   FROM    VALUE
                                          NORMAL
.............................................................
TEMPERATURE (F)
RECORD
 HIGH              95   03/31/2011
                        03/26/1928
 LOW               26   03/02/1920
HIGHEST            89   03/15                         91
LOWEST             55   03/22                         51
                        03/21
AVG. MAXIMUM     81.8              78.7     3.1     83.4
AVG. MINIMUM     68.0              62.2     5.8     68.5
MEAN             74.9              70.5     4.4     76.0
DAYS MAX >= 90      0                                  3
DAYS MAX <= 32      0                                  0
DAYS MIN <= 32      0                                  0
DAYS MIN <= 0       0                                  0

PRECIPITATION (INCHES)
RECORD
 MAXIMUM        16.78   1982
 MINIMUM         0.00   1922
TOTALS           2.42              4.59   -2.17     1.04
DAILY AVG.       0.08              0.15   -0.07     0.03
DAYS >= .01         9                                  6
DAYS >= .10         5                                  2
DAYS >= .50         1                                  1
DAYS >= 1.00        1                                  0
GREATEST
 24 HR. TOTAL    1.83   03/30 TO 03/31              0.73

DEGREE_DAYS
HEATING TOTAL       2                24     -22        2
 SINCE 7/1        135               229     -94      126
COOLING TOTAL     315               193     122      353
 SINCE 1/1        517               428      89      631
..............................................................

WIND (MPH)
AVERAGE WIND SPEED              10.6
HIGHEST WIND SPEED/DIRECTION    28/130    DATE  03/10
HIGHEST GUST SPEED/DIRECTION    34/140    DATE  03/19

SKY COVER
POSSIBLE SUNSHINE (PERCENT)   MM
AVERAGE SKY COVER           0.60
NUMBER OF DAYS FAIR            1
NUMBER OF DAYS PC             27
NUMBER OF DAYS CLOUDY          3

AVERAGE RH (PERCENT)     67

WEATHER CONDITIONS. NUMBER OF DAYS WITH
THUNDERSTORM              6     MIXED PRECIP               0
HEAVY RAIN                2     RAIN                       2
LIGHT RAIN               12     FREEZING RAIN              0
LT FREEZING RAIN          0     HAIL                       0
HEAVY SNOW                0     SNOW                       0
LIGHT SNOW                0     SLEET                      0
FOG                       7     FOG W/VIS <= 1/4 MILE      0
HAZE                      1

-  INDICATES NEGATIVE NUMBERS.
R  INDICATES RECORD WAS SET OR TIED.
MM INDICATES DATA IS MISSING.
T  INDICATES TRACE AMOUNT.

$$

CORRECTED AVERAGE MINIMUM AND MEAN TEMPERATURES.
CORRECTED COOLING DEGREE DAY TOTALS FOR MONTH AND SEASON.

ROSS
