000
CXUS55 KPSR 011428
CLMPHX

CLIMATE REPORT
NATIONAL WEATHER SERVICE PHOENIX AZ
726 AM MST WED MAR 1 2017

...................................

...THE PHOENIX AZ CLIMATE SUMMARY FOR THE MONTH OF FEBRUARY 2017...

CLIMATE NORMAL PERIOD 1981 TO 2010
CLIMATE RECORD PERIOD 1895 TO 2017

WEATHER         OBSERVED          NORMAL  DEPART
                 VALUE   DATE(S)  VALUE   FROM
                                          NORMAL
................................................
TEMPERATURE (F)
RECORD
 HIGH              92   02/27/1986
                        02/25/1921
 LOW               24   02/08/1933
                        02/07/1899
HIGHEST            83   02/10        83       0
LOWEST             42   02/25        39       3
AVG. MAXIMUM     72.2              70.7     1.5
AVG. MINIMUM     51.6              48.7     2.9
MEAN             61.9              59.7     2.2
DAYS MAX >= 90      0               0.1    -0.1
DAYS MAX <= 32      0               0.0     0.0
DAYS MIN <= 32      0               0.1    -0.1
DAYS MIN <= 0       0               0.0     0.0

PRECIPITATION (INCHES)
RECORD
 MAXIMUM         4.64   1905
 MINIMUM         0.00   2016
                        2014
                        2006
TOTALS           1.24              0.92    0.32
DAYS >= .01         4               4.4    -0.4
DAYS >= .10         4               2.2     1.8
DAYS >= .50         1               0.4     0.6
DAYS >= 1.00        0               0.1    -0.1
GREATEST
 24 HR. TOTAL    0.72   02/18 TO 02/19

DEGREE_DAYS
HEATING TOTAL     100               163     -63
 SINCE 7/1        668               833    -165
COOLING TOTAL      20                15       5
 SINCE 1/1         20                17       3
.................................................

WIND (MPH)
AVERAGE WIND SPEED              6.0
HIGHEST GUST SPEED/DIRECTION    31/300     DATE  02/28

AVERAGE RH (PERCENT)     50

WEATHER CONDITIONS. NUMBER OF DAYS WITH
THUNDERSTORM              2     HEAVY RAIN                 0
RAIN                      3     LIGHT RAIN                 4
FOG W/VIS <= 1/4 MILE     0

-  INDICATES NEGATIVE NUMBERS.
R  INDICATES RECORD WAS SET OR TIED.
MM INDICATES DATA IS MISSING.
T  INDICATES TRACE AMOUNT.

$$
