000
CXUS51 KPBZ 011259
CLMPIT


CLIMATE REPORT
NATIONAL WEATHER SERVICE PITTSBURGH PA
859 AM EDT SAT NOV 1 2014

...................................

...THE PITTSBURGH CLIMATE SUMMARY FOR THE MONTH OF OCTOBER 2014...

CLIMATE NORMAL PERIOD 1981 TO 2010
CLIMATE RECORD PERIOD 1871 TO 2014

WEATHER         OBSERVED          NORMAL  DEPART  LAST YEAR`S
                 VALUE   DATE(S)  VALUE   FROM    VALUE  DATE(S)
                                          NORMAL
................................................................
TEMPERATURE (F)
RECORD
 HIGH              91   10/03/1884
                        10/05/1879
 LOW               16   10/29/1965
HIGHEST            79                        MM       84  10/06
LOWEST             33                        MM       28  10/28
AVG. MAXIMUM     62.4              62.6    -0.2     65.1
AVG. MINIMUM     44.9              42.9     2.0     47.5
MEAN             53.7              52.7     1.0     56.3
DAYS MAX >= 90      0               0.0     0.0        0
DAYS MAX <= 32      0               0.0     0.0        0
DAYS MIN <= 32      0               2.6    -2.6        3
DAYS MIN <= 0       0               0.0     0.0        0

PRECIPITATION (INCHES)
RECORD
 MAXIMUM         8.20   1954
 MINIMUM         0.06   1874
TOTALS           1.89              2.29   -0.40
DAILY AVG.       0.06              0.07   -0.01     0.08
DAYS >= .01        14              10.5     3.5       14
DAYS >= .10         6               5.9     0.1        8
DAYS >= .50         0               1.4    -1.4        0
DAYS >= 1.00        0               0.2    -0.2        0
GREATEST
 24 HR. TOTAL    0.63   10/14 TO 10/15           10/16 TO 10/17
                                                          10/17 TO 10/17
                                                          10/17 TO 10/17

SNOWFALL (INCHES)
RECORDS
 TOTAL            8.5   1993
 24 HR TOTAL      6.6   MM
TOTALS              T               0.4    -0.4      0.1
SINCE 7/1           T               0.4    -0.4      0.1
SNOWDEPTH AVG.      0                MM      MM        0
DAYS >= TRACE       1
DAYS >= 1.0         0               0.1    -0.1        0
GREATEST
 24 HR TOTAL        T   10/04 TO 10/04               0.1

DEGREE_DAYS
HEATING TOTAL     347               387     -40      297
 SINCE 7/1        460               501     -41      406
COOLING TOTAL       4                 8      -4       36
 SINCE 1/1        700               736     -36      831
........................................................

WIND (MPH)
AVERAGE WIND SPEED              7.8
HIGHEST WIND SPEED/DIRECTION    28/280    DATE  10/14
HIGHEST GUST SPEED/DIRECTION    42/260    DATE  10/04

AVERAGE RH (PERCENT)     71

WEATHER CONDITIONS. NUMBER OF DAYS WITH
THUNDERSTORM              0     MIXED PRECIP               0
HEAVY RAIN                2     RAIN                       3
LIGHT RAIN               16     FREEZING RAIN              0
LT FREEZING RAIN          0     HAIL                       1
HEAVY SNOW                0     SNOW                       0
LIGHT SNOW                0     SLEET                      0
FOG                      16     FOG W/VIS <= 1/4 MILE      3
HAZE                      2

-  INDICATES NEGATIVE NUMBERS.
R  INDICATES RECORD WAS SET OR TIED.
MM INDICATES DATA IS MISSING.
T  INDICATES TRACE AMOUNT.

$$
