000
CXUS51 KPBZ 061427
CLMPIT


CLIMATE REPORT
NATIONAL WEATHER SERVICE PITTSBURGH PA
1027 AM EDT FRI MAY 6 2016

...................................

...THE PITTSBURGH CLIMATE SUMMARY FOR THE MONTH OF APRIL 2016...

CLIMATE NORMAL PERIOD 1981 TO 2010
CLIMATE RECORD PERIOD 1871 TO 2016

WEATHER         OBSERVED          NORMAL  DEPART  LAST YEAR`S
                 VALUE   DATE(S)  VALUE   FROM    VALUE  DATE(S)
                                          NORMAL
................................................................
TEMPERATURE (F)
RECORD
 HIGH              90   04/24/1925
                        04/18/1896
 LOW               11   04/01/1923
HIGHEST            81                        MM       80  04/13
LOWEST             19                        MM       26  04/01
AVG. MAXIMUM     63.0              61.7     1.3     63.4
AVG. MINIMUM     39.6              40.2    -0.6     42.3
MEAN             51.3              50.9     0.4     52.9
DAYS MAX >= 90      0               0.0     0.0        0
DAYS MAX <= 32      0               0.1    -0.1        0
DAYS MIN <= 32      9               6.0     3.0        3
DAYS MIN <= 0       0               0.0     0.0        0

PRECIPITATION (INCHES)
RECORD
 MAXIMUM         9.27   1852
 MINIMUM         0.48   1971
TOTALS           2.25              3.11   -0.86
DAILY AVG.       0.08              0.10   -0.02     0.13
DAYS >= .01        14              13.8     0.2       17
DAYS >= .10        10               8.4     1.6       12
DAYS >= .50         1               1.6    -0.6        1
DAYS >= 1.00        0               0.3    -0.3        0
GREATEST
 24 HR. TOTAL    0.72   04/11 TO 04/12           04/07 TO 04/08
                                                          04/08 TO 04/08
                                                          04/08 TO 04/08

SNOWFALL (INCHES)
RECORDS
 TOTAL           21.1   1902
 24 HR TOTAL     12.7   MM
TOTALS            3.1               1.5     1.6      0.3
SINCE 7/1        29.6              41.9   -12.3     47.5
SNOWDEPTH AVG.      0                MM      MM        0
DAYS >= TRACE       8
DAYS >= 1.0         1               0.4     0.6        0
GREATEST
 24 HR TOTAL      1.5   04/09 TO 04/09               0.3

DEGREE_DAYS
HEATING TOTAL     406               431     -25      359
 SINCE 7/1       4492              5476    -984     5925
COOLING TOTAL       1                 9      -8        1
 SINCE 1/1          3                10      -7        1
.........................................................

WIND (MPH)
AVERAGE WIND SPEED              8.6
HIGHEST WIND SPEED/DIRECTION    35/320    DATE  04/02
HIGHEST GUST SPEED/DIRECTION    46/280    DATE  04/02

AVERAGE RH (PERCENT)     53

WEATHER CONDITIONS. NUMBER OF DAYS WITH
THUNDERSTORM              0     MIXED PRECIP               0
HEAVY RAIN                1     RAIN                       5
LIGHT RAIN               13     FREEZING RAIN              0
LT FREEZING RAIN          0     HAIL                       0
HEAVY SNOW                0     SNOW                       1
LIGHT SNOW                7     SLEET                      0
FOG                      12     FOG W/VIS <= 1/4 MILE      1
HAZE                      7

-  INDICATES NEGATIVE NUMBERS.
R  INDICATES RECORD WAS SET OR TIED.
MM INDICATES DATA IS MISSING.
T  INDICATES TRACE AMOUNT.

$$
