000
CXUS51 KRLX 011726
CLMPKB


CLIMATE REPORT
NATIONAL WEATHER SERVICE CHARLESTON WV
125 PM EDT TUE APR 1 2014

...................................

...THE PARKERSBURG CLIMATE SUMMARY FOR THE MONTH OF MARCH 2014...

CLIMATE NORMAL PERIOD 1981 TO 2010
CLIMATE RECORD PERIOD 1889 TO 2014

WEATHER         OBSERVED          NORMAL  DEPART  LAST YEAR`S
                 VALUE   DATE(S)  VALUE   FROM    VALUE  DATE(S)
                                          NORMAL
................................................................
TEMPERATURE (F)
RECORD
 HIGH              89   03/25/1929
 LOW               -5   03/03/1980
HIGHEST            70   03/28        MM      MM       74  03/10
LOWEST              5   03/04        MM      MM       20  03/21
                                                          03/04
AVG. MAXIMUM     48.4              54.1    -5.7     47.0
AVG. MINIMUM     23.4              32.8    -9.4     30.0
MEAN             35.6              43.5    -7.9     38.5
DAYS MAX >= 90      0               0.0     0.0        0
DAYS MAX <= 32      1               0.9     0.1        2
DAYS MIN <= 32     17              15.4     1.6       19
DAYS MIN <= 0       0               0.0     0.0        0

PRECIPITATION (INCHES)
RECORD
 MAXIMUM         9.39   1963
 MINIMUM         0.10   1910
TOTALS           1.52              3.73   -2.21     3.19
DAILY AVG.       0.06              0.12   -0.06     0.10
DAYS >= .01         7              13.1    -6.1       14
DAYS >= .10         2               7.7    -5.7        9
DAYS >= .50         2               2.4    -0.4
DAYS >= 1.00        0               0.7    -0.7        0
GREATEST
 24 HR. TOTAL    0.92   03/29 TO 03/29           03/11 TO 03/11
                                                          03/11 TO 03/11
                                                          03/11 TO 03/11
 STORM TOTAL       MM                                 MM
 (MM/DD(HH))            MM                    03/11(00) TO 03/11(00)
                                                 03/11(00) TO 03/11(00)1
                                                 03/11(00) TO 03/11(00)1

SNOWFALL (INCHES)
TOTALS             MM

DEGREE_DAYS
HEATING TOTAL     585               671     -86      812
 SINCE 7/1       4348              4461    -113     4548
COOLING TOTAL       0                 3      -3        0
 SINCE 1/1          0                 3      -3        0
..................................................

WIND (MPH)
AVERAGE WIND SPEED              11.2
HIGHEST WIND SPEED/DIRECTION   138/MM     DATE   MM
HIGHEST GUST SPEED/DIRECTION    41/MM     DATE   MM

SKY COVER
POSSIBLE SUNSHINE (PERCENT)   MM
AVERAGE SKY COVER           0.40
NUMBER OF DAYS FAIR           13
NUMBER OF DAYS PC             11
NUMBER OF DAYS CLOUDY          4

AVERAGE RH (PERCENT)     56

WEATHER CONDITIONS. NUMBER OF DAYS WITH
THUNDERSTORM              0     MIXED PRECIP               0
HEAVY RAIN                0     RAIN                       3
LIGHT RAIN                8     FREEZING RAIN              1
LT FREEZING RAIN          1     HAIL                       0
HEAVY SNOW                0     SNOW                       1
LIGHT SNOW                7     SLEET                      1
FOG                      12     FOG W/VIS <= 1/4 MILE      0
HAZE                     13

-  INDICATES NEGATIVE NUMBERS.
R  INDICATES RECORD WAS SET OR TIED.
MM INDICATES DATA IS MISSING.
T  INDICATES TRACE AMOUNT.

$$
