000
CXUS46 KLOX 011930
CLMPMD


CLIMATE REPORT
NATIONAL WEATHER SERVICE LOS ANGELES/OXNARD CA
1129 AM PST SUN MAR 1 2015

...................................

...THE PALMDALE AIRPORT CA CLIMATE SUMMARY FOR THE MONTH OF FEBRUARY 2015...

CLIMATE NORMAL PERIOD 1981 TO 2010
CLIMATE RECORD PERIOD 1931 TO 2015

WEATHER         OBSERVED          NORMAL  DEPART  LAST YEAR`S
                 VALUE   DATE(S)  VALUE   FROM    VALUE
                                          NORMAL
.............................................................
TEMPERATURE (F)
HIGHEST            79   02/16
LOWEST             31   02/24
AVG. MAXIMUM     70.0              61.6     8.4
AVG. MINIMUM     39.1              35.5     3.6
MEAN             54.6              48.5     6.1
DAYS MAX >= 90      0
DAYS MAX <= 32      0
DAYS MIN <= 32      2
DAYS MIN <= 0       0

PRECIPITATION (INCHES)
TOTALS           0.38              1.72   -1.34
DAILY AVG.       0.01
DAYS >= .01         2
DAYS >= .10         1
DAYS >= .50         0
DAYS >= 1.00        0
GREATEST
 24 HR. TOTAL    0.38   02/22 TO 02/23
 STORM TOTAL       MM
 (MM/DD(HH))

DEGREE_DAYS
HEATING TOTAL     287               461    -174      307
 SINCE 7/1       1655              2245    -590     1898
COOLING TOTAL       0                 0       0        1
 SINCE 1/1          0                 0       0        1
..............................................................

WIND (MPH)
AVERAGE WIND SPEED              8.1
HIGHEST WIND SPEED/DIRECTION    32/290    DATE  02/09
HIGHEST GUST SPEED/DIRECTION    37/290    DATE  02/09

SKY COVER
POSSIBLE SUNSHINE (PERCENT)   MM
AVERAGE SKY COVER           0.10
NUMBER OF DAYS FAIR           25
NUMBER OF DAYS PC              3
NUMBER OF DAYS CLOUDY          0

AVERAGE RH (PERCENT)     52

WEATHER CONDITIONS. NUMBER OF DAYS WITH
THUNDERSTORM              0     MIXED PRECIP               0
HEAVY RAIN                1     RAIN                       1
LIGHT RAIN                3     FREEZING RAIN              0
LT FREEZING RAIN          0     HAIL                       0
HEAVY SNOW                0     SNOW                       0
LIGHT SNOW                0     SLEET                      0
FOG                       2     FOG W/VIS <= 1/4 MILE      0
HAZE                      1

-  INDICATES NEGATIVE NUMBERS.
R  INDICATES RECORD WAS SET OR TIED.
MM INDICATES DATA IS MISSING.
T  INDICATES TRACE AMOUNT.

$$
