975
CXZS50 NSTU 020734
CLMPPG

CLIMATE REPORT
NATIONAL WEATHER SERVICE PAGO PAGO AS
833 PM SST MON FEB 1 2016

.....................................

...THE PAGO PAGO AIRPORT CLIMATE SUMMARY FOR THE MONTH OF JANUARY 2016...

CLIMATE NORMAL PERIOD 1981 TO 2010
CLIMATE RECORD PERIOD 1956 TO 2016

WEATHER ITEM      OBSERVED    DATES       NORMAL      DEPARTURE   LAST YEAR
                  VALUE                   VALUE       FROM        VALUE DATE(S)
                                                      NORMAL
.............................................................................
TEMPERATURE (F)
RECORD
 HIGH             95          01/08/1998
 LOW              67          01/14/1965

HIGHEST           91          01/31        88         3           91 01/19
                                                                     01/17
                                                                     01/16
                                                                     01/15
LOWEST            76          01/07        77        -1           75 01/25
                                                                     01/20

AVG. MAXIMUM      88.1                    87.6        0.5         87.3
AVG. MINIMUM      79.8                    77.3        2.5         77.7
MEAN              84.0                    82.5        1.5         82.5
DAYS MAX >= 90     6                       4.4        1.6          6
DAYS MAX <= 32     0                       0.0        0.0          0
DAYS MIN <= 32     0                       0.0        0.0          0
DAYS MIN <= 0      0                       0.0        0.0          0

PRECIPITATION (INCHES)
RECORD
 MAXIMUM          28.31      2010
 MINIMUM           4.44R     2016
TOTALS             4.44R                 14.48      -10.04        26.87
DAILY AVG.         0.14                   0.47       -0.32         0.87
DAYS >= .01       21                     23.9        -2.9         26
DAYS >= .10       11                     17.3        -6.3         23
DAYS >= .50        3                      8.5        -5.5         16
DAYS >= 1.00       1                      4.1        -3.1         10
GREATEST
 24 HR. TOTAL      1.18      1/7 TO 8              6.41          1/20 TO 21

DEGREE DAYS
HEATING TOTAL     000                     00          00          00
SINCE 1/1         000                     00          00          00
COOLING TOTAL     594                    541          53         552
SINCE 1/1         594                    541          53         552

WIND (MPH)
AVERAGE WIND SPEED 9.9
HIGHEST WIND SPEED/DIRECTION   24/200     DATE 1/15
HIGHEST GUST SPEED/DIRECTION   MM         DATE MM

SKY COVER
POSSIBLE SUNSHINE (PERCENT)    MM
AVERAGE SKY COVER               5.5
NUMBER OF DAYS FAIR            02
NUMBER OF DAYS PC              19
NUMBER OF DAYS CLOUDY          10

AVERAGE RH (PERCENT)           83

WEATHER CONDITIONS NUMBER OF DAYS WITH
THUNDERSTORM            00    MIXED PRECIP            00
HEAVY RAIN              09    RAIN                    00
LIGHT RAIN              21    FREEZING RAIN           00
LT FREEZING RAIN        00    HAIL                    00
HEAVY SNOW              00    SNOW                    00
LIGHT SNOW              00    SLEET                   00
FOG                     00    FOG W/VIS <= 1/4 MILE   00
HAZE                    00

- INDICATES NEGATIVE NUMBERS
R INDICATES RECORD WAS SET OR TIED
MM INDICATES DATA IS MISSING
T INDICATES TRACE AMOUNTTEMPERATURE (F)
