000
CXZS50 NSTU 132127
CLMPPG

CLIMATE REPORT
NATIONAL WEATHER SERVICE PAGO PAGO AS
1030 AM SST THU JUL 13 2017

.....................................

...THE PAGO PAGO AIRPORT CLIMATE SUMMARY FOR THE MONTH OF APRIL 2017...

CLIMATE NORMAL PERIOD 1981 TO 2010
CLIMATE RECORD PERIOD 1956 TO 2017

WEATHER ITEM      OBSERVED    DATES       NORMAL      DEPARTURE   LAST YEAR
                  VALUE                   VALUE       FROM        VALUE DATE(S)
                                                      NORMAL
.............................................................................
TEMPERATURE (F)
RECORD
 HIGH             95          04/14/1998
 LOW              68          04/22/1979

HIGHEST           91          04/23        88         3           90 04/12

LOWEST            75          04/18        77        -2           76 04/26
                                                                     04/02

AVG. MAXIMUM      87.5                    87.5        0.0         85.8
AVG. MINIMUM      78.6                    77.3        1.3         78.5
MEAN              83.1                    82.4        0.7         82.4
DAYS MAX >= 90     2                       2.9       -0.9          3
DAYS MAX <= 32     0                       0.0        0.0          0
DAYS MIN <= 32     0                       0.0        0.0          0
DAYS MIN <= 0      0                       0.0        0.0          0

PRECIPITATION (INCHES)
RECORD
 MAXIMUM          30.87      2016
 MINIMUM           0.74      1998
TOTALS             8.14                  11.02       -2.88        30.87
DAILY AVG.         0.27                   0.37       -0.10         1.03
DAYS >= .01       19                     22.1        -3.1         28
DAYS >= .10       12                     14.6        -2.6         21
DAYS >= .50        8                      6.8         1.2         16
DAYS >= 1.00       2                      3.4        -1.4         13
GREATEST
 24 HR. TOTAL      1.48     04/04 TO 05               6.68     04/29 TO 30

DEGREE DAYS
HEATING TOTAL     000                     00          00          00
SINCE 1/1         000                     00          00          00
COOLING TOTAL     550                    522          28         521
SINCE 1/1        2222                   2112         110        2297

WIND (MPH)
AVERAGE WIND SPEED 6.9
HIGHEST WIND SPEED/DIRECTION   36/360     DATE 4/4
HIGHEST GUST SPEED/DIRECTION   MM         DATE MM

SKY COVER
POSSIBLE SUNSHINE (PERCENT)    MM
AVERAGE SKY COVER               5.2
NUMBER OF DAYS FAIR            03
NUMBER OF DAYS PC              22
NUMBER OF DAYS CLOUDY          05

AVERAGE RH (PERCENT)           91.9

WEATHER CONDITIONS NUMBER OF DAYS WITH
THUNDERSTORM            04    MIXED PRECIP            00
HEAVY RAIN              12    RAIN                    00
LIGHT RAIN              22    FREEZING RAIN           00
LT FREEZING RAIN        00    HAIL                    00
HEAVY SNOW              00    SNOW                    00
LIGHT SNOW              00    SLEET                   00
FOG                     00    FOG W/VIS <= 1/4 MILE   00
HAZE                    00

- INDICATES NEGATIVE NUMBERS
R INDICATES RECORD WAS SET OR TIED
MM INDICATES DATA IS MISSING
T INDICATES TRACE AMOUNTTEMPERATURE (F)
