000
CXZS50 NSTU 030747
CLMPPG

CLIMATE REPORT
NATIONAL WEATHER SERVICE PAGO PAGO AS
847 PM SST THU NOV 2 2017

.....................................

...THE PAGO PAGO AIRPORT CLIMATE SUMMARY FOR THE MONTH OF OCTOBER 2017...

CLIMATE NORMAL PERIOD 1981 TO 2010
CLIMATE RECORD PERIOD 1956 TO 2017

WEATHER ITEM      OBSERVED    DATES       NORMAL      DEPARTURE   LAST YEAR
                  VALUE                   VALUE       FROM        VALUE DATE(S)
                                                      NORMAL
.............................................................................
TEMPERATURE (F)
RECORD
 HIGH             94         10/24/2001
 LOW              59         10/10/1964

HIGHEST           88         10/21         86          2           91 10/20
                                                                      10/10

LOWEST            72         10/12         77         -5           74 10/4

AVG. MAXIMUM      85.9                    85.8        0.1         88.6
AVG. MINIMUM      77.0                    76.9        0.1         78.4
MEAN              81.5                    81.4        0.1         83.5
DAYS MAX >= 90     0                       0.7       -0.7          8
DAYS MAX <= 32     0                       0.0        0.0          0
DAYS MIN <= 32     0                       0.0        0.0          0
DAYS MIN <= 0      0                       0.0        0.0          0

PRECIPITATION (INCHES)
RECORD
 MAXIMUM          29.59      1996
 MINIMUM           2.10      1975
TOTALS            20.11                  10.11       10.00         5.12
DAILY AVG.         0.65                   0.33        0.32         0.17
DAYS >= .01       27                     20.9         6.1         18
DAYS >= .10       19                     13.0         6.0         11
DAYS >= .50       10                      6.0         4.0          5
DAYS >= 1.00       8                      3.1         4.9          0
GREATEST
 24 HR. TOTAL      4.34     10/18 TO 19               1.01     10/22 TO 23

DEGREE DAYS
HEATING TOTAL     000                     00          00          00
SINCE 1/1         000                     00          00          00
COOLING TOTAL     516                    507           9         584
SINCE 1/1        5291                   5044         247        5434

WIND (MPH)
AVERAGE WIND SPEED 11.7
HIGHEST WIND SPEED/DIRECTION   30/140     DATE 10/7
HIGHEST GUST SPEED/DIRECTION   MM         DATE MM

SKY COVER
POSSIBLE SUNSHINE (PERCENT)    MM
AVERAGE SKY COVER               6.0
NUMBER OF DAYS FAIR             1
NUMBER OF DAYS PC              15
NUMBER OF DAYS CLOUDY          15

AVERAGE RH (PERCENT)           90.9

WEATHER CONDITIONS NUMBER OF DAYS WITH
THUNDERSTORM             2    MIXED PRECIP            00
HEAVY RAIN              17    RAIN                     1
LIGHT RAIN              27    FREEZING RAIN           00
LT FREEZING RAIN        00    HAIL                    00
HEAVY SNOW              00    SNOW                    00
LIGHT SNOW              00    SLEET                   00
FOG                     00    FOG W/VIS <= 1/4 MILE   00
HAZE                    00

- INDICATES NEGATIVE NUMBERS
R INDICATES RECORD WAS SET OR TIED
MM INDICATES DATA IS MISSING
T INDICATES TRACE AMOUNTTEMPERATURE (F)
