000
CXUS56 KPDT 011518
CLMPSC

CLIMATE REPORT
NATIONAL WEATHER SERVICE PENDLETON OREGON
810 AM PDT THU JUN 01 2017

....................................

...THE PASCO WA CLIMATE SUMMARY FOR THE MONTH OF MAY 2017...

CLIMATE NORMAL PERIOD 1981 TO 2010
CLIMATE RECORD PERIOD 1942 TO 2017

WEATHER         OBSERVED          NORMAL  DEPART  LAST YEAR`S
                 VALUE   DATE(S)  VALUE   FROM    VALUE  DATE(S)
                                          NORMAL

................................................................

TEMPERATURE (F)
RECORD
 HIGH             101   5/23/2001
 LOW               28   5/ 5/1999
HIGHEST            98   5/30       40        58            91   5/ 3
LOWEST             33   5/15       12        21            39   5/11
AVG. MAXIMUM     77.7            75.6       2.1          78.2
AVG. MINUMUM     44.9            45.8      -0.9          48.5
MEAN             61.3            60.7       0.6          63.4
DAYS MAX >= 90      7               1         6             2
DAYS MAX <= 32      0              18       -18             0
DAYS MIN <= 32      0              18       -18             0
DAYS MIN <= 0       0              18       -18             0


PRECIPITATION (INCHES)
RECORD
 MAXIMUM          1.52   2016
 MINIMUM          0.16   2001
TOTALS            0.48            0.73     -0.25          1.52
DAILY AVG.        0.02            0.02      0.00          0.05
DAYS >=  0.01        4               3         1             4
DAYS >=  0.10        2               1         1             4
DAYS >=  0.50        0               0         0             1
DAYS >=  1.00        0               0         0             0
GREATEST
 24 HR. TOTAL     0.31   5/ 4



SNOWFALL (INCHES)
RECORD
 MAXIMUM           0.0   2016
 MINIMUM           0.0   2016
TOTALS             0.0             0.0       0.0           0.0
SINCE 7/1         27.9             0.0      27.9           4.2
DAYS >=  TRACE                       0         0
DAYS >=  1.0         0               0         0             0
GREATEST
 24 HR. TOTAL      0.0   5/31


DEGREE DAYS
HEATING TOTAL      155             164        -9            75
 SINCE 7/1        5382            4982       400          4314
COOLING TOTAL       49              32        17            29
 SINCE 1/1          49              32        17            33

.............................................................

WIND (MPH)
AVERAGE WIND SPEED                     6.1
RESULTANT WIND SPEED/DIRECTION         4/201
HIGHEST WIND SPEED/DIRECTION          40/220      DATE          05/30
HIGHEST GUST SPEED/DIRECTION          50/220      DATE          05/30


WEATHER CONDITIONS. NUMBER OF DAYS WITH
THUNDERSTORM               4    MIXED PRECIP                       0
HEAVY RAIN                 1    RAIN                               0
LIGHT RAIN                12    FREEZING RAIN                      0
LT FREEZING RAIN           0    HAIL                               0
HEAVY SNOW                 0    SNOW                               0
LIGHT SNOW                 0    SLEET                              0
FOG                        3    FOG W/VIS <=1/4 MILE               0
HAZE                       2

-  INDICATES NEGATIVE NUMBERS.
R  INDICATES RECORD WAS SET OR TIED.
MM INDICATES DATA IS MISSING.
T  INDICATES TRACE AMOUNT.

$$
