000
CXUS55 KPUB 011538
CLMPUB


CLIMATE REPORT
NATIONAL WEATHER SERVICE PUEBLO
836 AM MST THU FEB 1 2018

...................................

...THE PUEBLO CO CLIMATE SUMMARY FOR THE MONTH OF JANUARY 2018...

CLIMATE NORMAL PERIOD 1981 TO 2010
CLIMATE RECORD PERIOD 1888 TO 2018

WEATHER         OBSERVED          NORMAL  DEPART  LAST YEAR`S
                 VALUE   DATE(S)  VALUE   FROM    VALUE  DATE(S)
                                          NORMAL
................................................................
TEMPERATURE (F)
RECORD
 HIGH              81   01/02/1997
 LOW              -29   01/28/1948
HIGHEST            72   01/19        47      25       70  01/31
LOWEST             -3   01/01        13     -16      -15  01/07
AVG. MAXIMUM     53.6              47.0     6.6     45.6
AVG. MINIMUM     14.7              14.0     0.7     18.7
MEAN             34.2              30.5     3.7     32.1
DAYS MAX >= 90      0               0.0     0.0
DAYS MAX <= 32      2               4.5    -2.5
DAYS MIN <= 32     31              30.5     0.5
DAYS MIN <= 0       3               2.9     0.1

PRECIPITATION (INCHES)
RECORD
 MAXIMUM         1.45   1948
 MINIMUM         0.00   1933
TOTALS           0.23              0.35   -0.12     0.75
DAILY AVG.       0.01              0.01    0.00
DAYS >= .01         3               4.0    -1.0
DAYS >= .10         1               1.2    -0.2
DAYS >= .50         0               0.0     0.0
DAYS >= 1.00        0               0.0     0.0
GREATEST
 24 HR. TOTAL    0.13   01/10 TO 01/10

SNOWFALL (INCHES)
RECORDS
 TOTAL           20.0   1948
TOTALS            1.2               6.5    -5.3      9.8
SINCE 7/1         3.2              18.0   -14.8     14.2
SNOWDEPTH AVG.      0
DAYS >= 1.0         1               1.9    -0.9
GREATEST
 SNOW DEPTH         1   01/21                          6
                        01/22
 24 HR TOTAL      1.0   01/21 TO 01/21               6.5

DEGREE_DAYS
HEATING TOTAL     948              1069    -121     1009
 SINCE 7/1       2955              3432    -477     2866
COOLING TOTAL       0                 0       0        0
 SINCE 1/1          0                 0       0        0
.................................................................

WIND (MPH)
AVERAGE WIND SPEED              6.3
HIGHEST WIND SPEED/DIRECTION    44/010    DATE  01/10
HIGHEST GUST SPEED/DIRECTION    56/020    DATE  01/10

SKY COVER
POSSIBLE SUNSHINE (PERCENT)   MM
AVERAGE SKY COVER           0.10
NUMBER OF DAYS FAIR           28
NUMBER OF DAYS PC              1
NUMBER OF DAYS CLOUDY          2

AVERAGE RH (PERCENT)     49

WEATHER CONDITIONS. NUMBER OF DAYS WITH
THUNDERSTORM              0     MIXED PRECIP               0
HEAVY RAIN                0     RAIN                       1
LIGHT RAIN                2     FREEZING RAIN              0
LT FREEZING RAIN          0     HAIL                       0
HEAVY SNOW                0     SNOW                       1
LIGHT SNOW                2     SLEET                      0
FOG                       6     FOG W/VIS <= 1/4 MILE      1
HAZE                      2

-  INDICATES NEGATIVE NUMBERS.
R  INDICATES RECORD WAS SET OR TIED.
MM INDICATES DATA IS MISSING.
T  INDICATES TRACE AMOUNT.

$$
