000
CXUS51 KGYX 050006
CLMPWM

PWMCLMPWM 000
TTAA00 KGYX 040306


CLIMATE REPORT
NATIONAL WEATHER SERVICE GRAY ME
806 PM EDT TUE JUL 4 2017

...................................

...THE PORTLAND ME CLIMATE SUMMARY FOR THE MONTH OF JUNE 2017...

CLIMATE NORMAL PERIOD 1981 TO 2010
CLIMATE RECORD PERIOD 1941 TO 2017 /FOR TEMPERATURES/
CLIMATE RECORD PERIOD 1871 TO 2017 /FOR PRECIPITATION/
CLIMATE RECORD PERIOD 1882 TO 2017 /FOR SNOWFALL/


WEATHER         OBSERVED          NORMAL  DEPART  LAST YEAR`S
                 VALUE   DATE(S)  VALUE   FROM    VALUE  DATE(S)
                                          NORMAL
................................................................
TEMPERATURE (F)
RECORD
 HIGH              98   06/28/1991
 LOW               33   06/04/1944
HIGHEST            91   06/13        89       2       85  06/21
                        06/11
LOWEST             44   06/04        43       1       46  06/11
                        06/03
AVG. MAXIMUM     75.0              73.2     1.8     73.7
AVG. MINIMUM     55.0              53.6     1.4     53.7
MEAN             65.0              63.4     1.6     63.7
DAYS MAX >= 90      2               0.7     1.3        0
DAYS MAX <= 32      0               0.0     0.0        0
DAYS MIN <= 32      0               0.0     0.0        0
DAYS MIN <= 0       0               0.0     0.0        0

PRECIPITATION (INCHES)
RECORD
 MAXIMUM        10.86   1917
 MINIMUM         0.53   1908
TOTALS           2.62              3.79   -1.17     4.42
DAILY AVG.       0.09              0.13   -0.04     0.15
DAYS >= .01        14              11.8     2.2       11
DAYS >= .10         8               6.8     1.2        4
DAYS >= .50         1               2.3    -1.3        3
DAYS >= 1.00        0               0.9    -0.9        1
GREATEST
 24 HR. TOTAL    0.72   06/06 TO 06/06

SNOWFALL (INCHES)
RECORDS
 TOTAL            0.0
TOTALS            0.0               0.0     0.0      0.0
SINCE 7/1        95.3              61.9    33.4     51.8
SNOWDEPTH AVG.      0
DAYS >= TRACE       0               0.0     0.0
DAYS >= 1.0         0               0.0     0.0
GREATEST
 SNOW DEPTH         0
 24 HR TOTAL      0.0

DEGREE_DAYS
HEATING TOTAL      85               106     -21       66
 SINCE 7/1       6605              7107    -502     6185
COOLING TOTAL      92                57      35       32
 SINCE 1/1        109                64      45       48
.................................................................

WIND (MPH)
AVERAGE WIND SPEED              7.2
HIGHEST WIND SPEED/DIRECTION    24/270    DATE  06/02
HIGHEST GUST SPEED/DIRECTION    35/170    DATE  06/19

SKY COVER
AVERAGE SKY COVER           0.50

AVERAGE RH (PERCENT)     69

WEATHER CONDITIONS. NUMBER OF DAYS WITH
THUNDERSTORM              5     HEAVY RAIN                 1
RAIN                      6     LIGHT RAIN                15
FREEZING RAIN             0     LT FREEZING RAIN           0
HEAVY SNOW                0     SNOW                       0
LIGHT SNOW                0     FOG                       14
FOG W/VIS <= 1/4 MILE     2     HAZE                       2

-  INDICATES NEGATIVE NUMBERS.
R  INDICATES RECORD WAS SET OR TIED.
MM INDICATES DATA IS MISSING.
T  INDICATES TRACE AMOUNT.

&&

JUNE BEGAN WITH A PERIOD OF COOL, WET WEATHER. RAIN FELL ON 6 OF THE
FIRST 7 DAYS OF THE MONTH. THEN A SHIFT IN THE WEATHER PATTERN BEGAN
WITH WARM, HUMID CONDITIONS ARRIVING, GIVING PORTLAND A TASTE OF
SUMMER. FROM JUNE 11 THRU JUNE 13 PORTLAND EXPERIENCED AFTERNOON
HIGHS NEAR 90 DEGREES. ALTHOUGH A BRIEF COOL DOWN FOLLOWED, MORE
WARM WEATHER WOULD SOON ARRIVE AGAIN. FROM THE 19TH THRU THE 25TH, 6
OUT OF 7 DAYS SAW THE TEMPERATURE TOP 80 DEGREES. THE WARM, HUMID
AIR FINALLY MOVED OUT ON JUNE 26, WITH COOL AND LESS HUMID
CONDITIONS FOR THE REST OF THE MONTH, ALONG WITH FREQUENT SHOWERS.
ALTHOUGH 20 OF THE 30 DAYS IN THE MONTH SAW RAINFALL, THE TOTAL RAIN
FOR THE MONTH WAS MORE THAN AN INCH BELOW NORMAL, AND THE DRIEST
JUNE IN MORE THAN A DECADE.

THE AVERAGE TEMPERATURE FOR THE MONTH WAS 65.0 DEGREES WHICH WAS 1.6
DEGREES ABOVE NORMAL AND THE 6TH WARMEST ON RECORD. THE WARMEST JUNE
WAS IN 2001 WHEN THE AVERAGE TEMPERATURE WAS 67.1 DEGREES. THE
COLDEST WAS IN 1958 WHEN IT WAS ONLY 58.1 DEGREES. THE FOLLOWING
TABLE LISTS THE WARMEST JUNES ON RECORD AT PORTLAND.

WARMEST AVERAGE TEMPERATURE IN JUNE (SINCE 1940)...
RANK  TEMP  YEAR
1     67.1  2001
2     66.3  1999
3     66.0  1994
4     65.9  1976
5     65.4  1991
6     65.0  2017 <===
      65.0  2006
8     64.9  1952
9     64.8  2013

A TOTAL OF 2.62 INCHES OF PRECIPITATION FELL WHICH WAS 1.17 INCHES
BELOW NORMAL AND THE DRIEST JUNE SINCE 2004. THE HEAVIEST RAIN FELL
ON THE 6TH WHEN 0.72 INCHES WAS RECORDED. THE DRIEST JUNE ON RECORD
WAS IN 1908 WHEN ONLY 0.53 INCHES OF RAIN WAS OBSERVED. THE WETTEST
WAS IN 1917 WHEN 10.86 INCHES FELL.

THE FOLLOWING DAILY RECORDS WERE SET OR TIED IN JUNE 2017...
DATE  RECORD                                PREVIOUS
11    65 - WARMEST LOW TEMPERATURE          65 IN 1984 AND 1973 /TIED/

$$

KIMBLE
