000
CXUS51 KGYX 030814
CLMPWM

PWMCLMPWM 000
TTAA00 KGYX 020939


CLIMATE REPORT
NATIONAL WEATHER SERVICE GRAY ME
414 AM EDT THU NOV 3 2016

...................................

...THE PORTLAND ME CLIMATE SUMMARY FOR THE MONTH OF OCTOBER 2016...

CLIMATE NORMAL PERIOD 1981 TO 2010
CLIMATE RECORD PERIOD 1941 TO 2016

WEATHER         OBSERVED          NORMAL  DEPART  LAST YEAR`S
                 VALUE   DATE(S)  VALUE   FROM    VALUE  DATE(S)
                                          NORMAL
................................................................
TEMPERATURE (F)
RECORD
 HIGH              88   10/07/1963
 LOW               15   10/28/1976
HIGHEST            78   10/19        75       3       73  10/29
LOWEST             30   10/27        26       4       23  10/19
                        10/15
AVG. MAXIMUM     59.9              58.7     1.2     59.5
AVG. MINIMUM     40.9              38.9     2.0     38.6
MEAN             50.4              48.8     1.6     49.0
DAYS MAX >= 90      0               0.0     0.0        0
DAYS MAX <= 32      0               0.0     0.0        0
DAYS MIN <= 32      5               6.8    -1.8        9
DAYS MIN <= 0       0               0.0     0.0        0

PRECIPITATION (INCHES)
RECORD
 MAXIMUM        16.86   1996
 MINIMUM         0.09   1924
TOTALS           8.36              4.87    3.49     2.36
DAILY AVG.       0.27              0.16    0.11     0.08
DAYS >= .01        12              10.5     1.5        8
DAYS >= .10         7               6.5     0.5        4
DAYS >= .50         3               2.7     0.3        2
DAYS >= 1.00        2               1.2     0.8        0
GREATEST
 24 HR. TOTAL    3.99   10/21 TO 10/22

SNOWFALL (INCHES)
RECORDS
 TOTAL            5.2   2011
TOTALS            0.0                 T     0.0      0.0
SINCE 7/1         0.0                 T     0.0      0.0
SNOWDEPTH AVG.      0
DAYS >= TRACE       0               0.0     0.0
DAYS >= 1.0         0               0.0     0.0
GREATEST
 SNOW DEPTH         0
 24 HR TOTAL      0.0

DEGREE_DAYS
HEATING TOTAL     445               503     -58      488
 SINCE 7/1        556               724    -168      579
COOLING TOTAL       0                 1      -1        0
 SINCE 1/1        553               359     194      492
.................................................................

WIND (MPH)
AVERAGE WIND SPEED              7.2
HIGHEST WIND SPEED/DIRECTION    29/060    DATE  10/28
HIGHEST GUST SPEED/DIRECTION    40/090    DATE  10/28

SKY COVER
AVERAGE SKY COVER           0.50

AVERAGE RH (PERCENT)     73

WEATHER CONDITIONS. NUMBER OF DAYS WITH
THUNDERSTORM              1     HEAVY RAIN                 4
RAIN                      7     LIGHT RAIN                14
FREEZING RAIN             0     LT FREEZING RAIN           0
HEAVY SNOW                0     SNOW                       0
LIGHT SNOW                0     FOG                       15
FOG W/VIS <= 1/4 MILE     4     HAZE                       2

-  INDICATES NEGATIVE NUMBERS.
R  INDICATES RECORD WAS SET OR TIED.
MM INDICATES DATA IS MISSING.
T  INDICATES TRACE AMOUNT.

&&

THE FALL LIKE WEATHER PATTERN WHICH HAD FINALLY ARRIVED FOR THE LAST
PART OF SEPTEMBER CONTINUED INTO OCTOBER. WARM WEATHER WOULD BUILD
INTO THE AREA FOR A FEW DAYS BEFORE A COLD FRONT WOULD BRING LIGHT
RAIN AND A RETURN TO COOLER TEMPERATURES. THE FIRST FREEZING
TEMPERATURE OF THE SEASON WAS OBSERVED ON OCTOBER 15, ABOUT ONE WEEK
LATER THAN NORMAL BUT THE EARLIEST FALL FREEZE SINCE 2012. THIS
PATTERN REPEATED ITSELF SEVERAL TIMES BEFORE SHOWING SIGNS OF A
CHANGE IN MID OCTOBER WHEN MUCH WARMER AIR MOVED IN DURING THE THIRD
WEEK OF THE MONTH. FROM THE 16TH THROUGH THE 22ND THE TEMPERATURE
AVERAGED 8 DEGREES ABOVE NORMAL, PEAKING OUT AT A HIGH OF 78 DEGREES
ON THE 19TH. ON OCTOBER 21 TROPICAL MOISTURE SURGED NORTHWARD AHEAD
OF A COLD FRONT AND LED TO A PERIOD OF VERY HEAVY RAINFALL DURING
THE EVENING AND INTO THE MORNING OF THE 22ND. OVER THE COURSE OF
JUST A FEW HOURS 4.27 INCHES OF RAIN FELL. COOLER AIR MOVED IN
BEHIND THIS SYSTEM AND FOR THE MOST PART CONTINUED THROUGH THE REST
OF THE MONTH. A NOR`EASTER TRACKING OFFSHORE BROUGHT MORE HEAVY RAIN
LATER IN THE MONTH WITH MORE THAN 2 INCHES OF RAIN OBSERVED ON THE
28TH. THE TWO MAJOR RAINSTORMS DURING THE LAST HALF OF THE MONTH
HELPED TO PUT A DENT IN THE DROUGHT WHICH HAD INTENSIFIED THROUGH
THE SUMMER AND INTO THE EARLY FALL.

THE AVERAGE TEMPERATURE FOR THE MONTH WAS 50.4 DEGREES WHICH WAS 1.6
DEGREES ABOVE NORMAL. THE WARMEST OCTOBER ON RECORD WAS IN 1947 WHEN
THE AVERAGE TEMPERATURE WAS 55.3 DEGREES. THE COOLEST WAS 43.5
DEGREES IN 1976.

A TOTAL OF 8.36 INCHES OF RAIN FELL WHICH WAS 3.49 INCHES ABOVE
NORMAL AND THE 6TH WETTEST ON RECORD. IT WAS THE WETTEST OCTOBER
SINCE 2005. ALMOST ALL OF THAT RAIN FELL DURING THE TWO MAJOR
RAINSTORMS IN THE LAST HALF OF THE MONTH, INCLUDING 3.81 INCHES ON
THE 21ST AND 2.24 INCHES ON THE 28TH. ALTHOUGH THIS WAS THE 6TH
WETTEST OCTOBER ON RECORD, IT STILL RECORDED LESS THAN HALF THE
PRECIPITATION RECORDED IN 1996, THE WETTEST MONTH ON RECORD AT
PORTLAND. IN 1996 THERE WAS 16.86 INCHES OF RAIN MEASURED AT
PORTLAND. THE DRIEST OCTOBER WAS IN 1924 WHEN ONLY 0.09 INCHES WAS
OBSERVED. THE FOLLOWING TABLE LISTS THE WETTEST OCTOBERS ON RECORD.

MOST PRECIPITATION IN OCTOBER (SINCE 1871)
RANK  PRECIP  YEAR
1     16.86   1996
2     14.38   2005
3     12.27   1962
4     10.45   1998
5      8.38   2006
6      8.36   2016 <===
7      8.30   1977
8      7.47   1888
9      7.46   1990
10     7.10   2010

THERE WAS NO SNOW OBSERVED IN OCTOBER 2016. SNOW IS RELATIVELY RARE
IN OCTOBER WITH AT LEAST A TRACE OF SNOW OBSERVED 49 TIMES IN THE
LAST 136 YEARS. MEASURABLE SNOW HAS ONLY BEEN RECORDED ON 12 OF
THOSE YEARS, MOST RECENTLY IN 2011. THE SNOWIEST OCTOBER ON RECORD
WAS IN 2011 WHEN 5.2 INCHES OF SNOW FELL.

NO DAILY RECORDS WERE SET OR TIED IN OCTOBER 2016.

$$

KIMBLE
