000
CXUS53 KUNR 011608
CLMRAP


CLIMATE REPORT
NATIONAL WEATHER SERVICE RAPID CITY SD
1007 AM MDT TUE SEP 1 2015

...................................

...THE RAPID CITY AIRPORT SD CLIMATE SUMMARY FOR THE MONTH OF AUGUST 2015...

CLIMATE NORMAL PERIOD 1981 TO 2010
CLIMATE RECORD PERIOD 1942 TO 2015

WEATHER         OBSERVED          NORMAL  DEPART  LAST YEAR`S
                 VALUE   DATE(S)  VALUE   FROM    VALUE  DATE(S)
                                          NORMAL
................................................................
TEMPERATURE (F)
RECORD
 HIGH             107   08/29/2012
                        08/13/2007
 LOW               38   08/23/2015
                        08/30/1992
                        08/22/1966
HIGHEST           100   08/15                         89  08/30
                        08/12                             08/20
                                                          08/14
LOWEST             38R  08/23                         44  08/25
AVG. MAXIMUM     84.5              86.4    -1.9     81.4
AVG. MINIMUM     55.2              56.6    -1.4     57.1
MEAN             69.8              71.5    -1.7     69.3
DAYS MAX >= 90     10                                  0
DAYS MAX <= 32      0                                  0
DAYS MIN <= 32      0                                  0
DAYS MIN <= 0       0                                  0

PRECIPITATION (INCHES)
RECORD
 MAXIMUM         4.83   1982
 MINIMUM         0.10   1943
TOTALS           3.41              1.56    1.85     4.02
DAILY AVG.       0.11              0.05    0.06     0.13
DAYS >= .01         7                                 12
DAYS >= .10         3                                  5
DAYS >= .50         2                                  3
DAYS >= 1.00        2                                  1
GREATEST
 24 HR. TOTAL    1.60   08/26 TO 08/26              1.75

SNOWFALL (INCHES)
RECORDS
 TOTAL            1.0   1950
TOTALS            0.0               0.0     0.0      0.0
SINCE 7/1         0.0               0.0     0.0      0.0
SNOWDEPTH AVG.      0                MM      MM        0
DAYS >= 1.0         0               0.0     0.0        0
GREATEST
 SNOW DEPTH         0   MM                             0  MM
 24 HR TOTAL      0.0   08/31 TO 08/31               0.0

DEGREE_DAYS
HEATING TOTAL      44                22      22       14
 SINCE 7/1         45                37       8       36
COOLING TOTAL     201               223     -22      154
 SINCE 1/1        490               572     -82      363
.................................................................

WIND (MPH)
AVERAGE WIND SPEED              8.2
HIGHEST WIND SPEED/DIRECTION    51/330    DATE  08/22
HIGHEST GUST SPEED/DIRECTION    60/330    DATE  08/22

AVERAGE RH (PERCENT)     61

WEATHER CONDITIONS. NUMBER OF DAYS WITH
THUNDERSTORM              0     MIXED PRECIP               0
HEAVY RAIN                3     RAIN                       3
LIGHT RAIN               10     FREEZING RAIN              0
LT FREEZING RAIN          0     HAIL                       0
HEAVY SNOW                0     SNOW                       0
LIGHT SNOW                0     SLEET                      0
FOG                       3     FOG W/VIS <= 1/4 MILE      0
HAZE                      8

-  INDICATES NEGATIVE NUMBERS.
R  INDICATES RECORD WAS SET OR TIED.
MM INDICATES DATA IS MISSING.
T  INDICATES TRACE AMOUNT.

$$
