770
CXUS53 KGRB 010953
CLMRHI


CLIMATE REPORT
NATIONAL WEATHER SERVICE GREEN BAY
447 AM CDT SAT JUL 1 2017


...13TH WETTEST JUNE ON RECORD...

................................................................

...THE RHINELANDER WI CLIMATE SUMMARY FOR THE MONTH OF JUNE 2017...

CLIMATE NORMAL PERIOD 1981 TO 2010
CLIMATE RECORD PERIOD 1908 TO 2017

WEATHER         OBSERVED          NORMAL  DEPART  LAST YEAR`S
                 VALUE   DATE(S)  VALUE   FROM    VALUE  DATE(S)
                                          NORMAL
................................................................
TEMPERATURE (F)
RECORD
 HIGH             104   06/29/1931
 LOW               28   06/05/2001
HIGHEST            88   06/10        87       1       88  06/25
LOWEST             35   06/01        35       0       32  06/08
AVG. MAXIMUM     75.5              74.3     1.2     75.6
AVG. MINIMUM     51.6              50.3     1.3     51.3
MEAN             63.6              62.3     1.3     63.4
DAYS MAX >= 90      0               0.5    -0.5        0
DAYS MAX <= 32      0               0.0     0.0        0
DAYS MIN <= 32      0               0.5    -0.5        1
DAYS MIN <= 0       0               0.0     0.0        0

PRECIPITATION (INCHES)
RECORD
 MAXIMUM        11.72   1946
 MINIMUM         0.47   2006
TOTALS           7.27              3.89    3.38     7.02
DAILY AVG.       0.24              0.13    0.11     0.23
DAYS >= .01        18                MM      MM       13
DAYS >= .10        10                MM      MM       10
DAYS >= .50         4                MM      MM        5
DAYS >= 1.00        1                MM      MM        2
GREATEST
 STORM TOTAL       MM
 (MM/DD(HH))            MM

SNOWFALL (INCHES)
RECORDS
 TOTAL              T   1945
TOTALS            0.0                MM      MM      0.0
SINCE 7/1        65.8                MM      MM     55.7
DAYS >= TRACE       0                MM      MM        0
DAYS >= 1.0         0                MM      MM        0
GREATEST
 SNOW DEPTH         0   MM                             0  MM

DEGREE_DAYS
HEATING TOTAL      98               134     -36       92
 SINCE 7/1       7774              9020   -1246     7793
COOLING TOTAL      63                53      10       53
 SINCE 1/1         65                65       0       68
.................................................................

WIND (MPH)
AVERAGE WIND SPEED              6.8
HIGHEST WIND SPEED/DIRECTION    32/300    DATE  06/11
HIGHEST GUST SPEED/DIRECTION    44/300    DATE  06/11

SKY COVER
POSSIBLE SUNSHINE (PERCENT)   MM
AVERAGE SKY COVER           0.50
NUMBER OF DAYS FAIR           10
NUMBER OF DAYS PC             15
NUMBER OF DAYS CLOUDY          5

AVERAGE RH (PERCENT)     72

WEATHER CONDITIONS. NUMBER OF DAYS WITH
THUNDERSTORM              5     MIXED PRECIP               0
HEAVY RAIN                6     RAIN                      10
LIGHT RAIN               19     FREEZING RAIN              0
LT FREEZING RAIN          0     HAIL                       0
HEAVY SNOW                0     SNOW                       0
LIGHT SNOW                0     SLEET                      0
FOG                      23     FOG W/VIS <= 1/4 MILE      6
HAZE                      2

-  INDICATES NEGATIVE NUMBERS.
R  INDICATES RECORD WAS SET OR TIED.
MM INDICATES DATA IS MISSING.
T  INDICATES TRACE AMOUNT.

$$
