000
CXUS53 KGRB 011524
CLMRHI


CLIMATE REPORT
NATIONAL WEATHER SERVICE GREEN BAY
1021 AM CDT WED NOV 1 2017

...................................

...THE RHINELANDER WI CLIMATE SUMMARY FOR THE MONTH OF OCTOBER 2017...

CLIMATE NORMAL PERIOD 1981 TO 2010
CLIMATE RECORD PERIOD 1908 TO 2017

WEATHER         OBSERVED          NORMAL  DEPART  LAST YEAR`S
                 VALUE   DATE(S)  VALUE   FROM    VALUE  DATE(S)
                                          NORMAL
................................................................
TEMPERATURE (F)
RECORD
 HIGH              86   10/02/1953
 LOW                2   10/30/1925
HIGHEST            75   10/20        74       1       70  10/17
                                                          10/06
                                                          10/03
LOWEST             23   10/29        20       3       26  10/13
AVG. MAXIMUM     57.2              53.6     3.6     58.5
AVG. MINIMUM     38.2              33.9     4.3     37.7
MEAN             47.7              43.7     4.0     48.1
DAYS MAX >= 90      0               0.0     0.0        0
DAYS MAX <= 32      1               0.3     0.7        0
DAYS MIN <= 32     13              14.5    -1.5       11
DAYS MIN <= 0       0               0.0     0.0        0

PRECIPITATION (INCHES)
RECORD
 MAXIMUM         8.87   1911
 MINIMUM         0.23   1952
TOTALS           4.31              3.04    1.27     5.64
DAILY AVG.       0.14              0.10    0.04     0.18
DAYS >= .01        14                MM      MM        9
DAYS >= .10         8                MM      MM        5
DAYS >= .50         3                MM      MM        1
DAYS >= 1.00        1                MM      MM        1
GREATEST
 STORM TOTAL       MM
 (MM/DD(HH))            MM

SNOWFALL (INCHES)
RECORDS
 TOTAL            9.3   2002
TOTALS            0.4                MM      MM      0.0
SINCE 7/1         0.4                MM      MM      0.0
DAYS >= TRACE       4                MM      MM        0
DAYS >= 1.0         0                MM      MM        0
GREATEST
 SNOW DEPTH         0   MM                             0  MM
 24 HR TOTAL      0.4   10/31 TO 10/31

DEGREE_DAYS
HEATING TOTAL     528               661    -133      517
 SINCE 7/1        901              1093    -192      738
COOLING TOTAL       0                 2      -2        0
 SINCE 1/1        215               261     -46      321
.................................................................

WIND (MPH)
AVERAGE WIND SPEED              7.9
HIGHEST WIND SPEED/DIRECTION    24/210    DATE  10/18
HIGHEST GUST SPEED/DIRECTION    36/290    DATE  10/24

SKY COVER
POSSIBLE SUNSHINE (PERCENT)   MM
AVERAGE SKY COVER           0.50
NUMBER OF DAYS FAIR           11
NUMBER OF DAYS PC             12
NUMBER OF DAYS CLOUDY          8

AVERAGE RH (PERCENT)     77

WEATHER CONDITIONS. NUMBER OF DAYS WITH
THUNDERSTORM              2     MIXED PRECIP               0
HEAVY RAIN                3     RAIN                       5
LIGHT RAIN               14     FREEZING RAIN              0
LT FREEZING RAIN          0     HAIL                       0
HEAVY SNOW                0     SNOW                       0
LIGHT SNOW                5     SLEET                      0
FOG                      19     FOG W/VIS <= 1/4 MILE      2
HAZE                      3

-  INDICATES NEGATIVE NUMBERS.
R  INDICATES RECORD WAS SET OR TIED.
MM INDICATES DATA IS MISSING.
T  INDICATES TRACE AMOUNT.

$$
