000
CXUS51 KAKQ 012041
CLMRIC


CLIMATE REPORT
NATIONAL WEATHER SERVICE WAKEFIELD, VA
340 PM EST MON DEC 1 2014

...................................

...THE RICHMOND VA CLIMATE SUMMARY FOR THE MONTH OF NOVEMBER 2014...

CLIMATE NORMAL PERIOD 1981 TO 2010
CLIMATE RECORD PERIOD 1871 TO 2014

WEATHER         OBSERVED          NORMAL  DEPART  LAST YEAR`S
                 VALUE   DATE(S)  VALUE   FROM    VALUE  DATE(S)
                                          NORMAL
................................................................
TEMPERATURE (F)
RECORD
 HIGH              87   11/01/1950
 LOW               10   11/16/1933
                        11/29/1930
HIGHEST            76   11/12        61      15       77  11/02
LOWEST             18   11/19        38     -20       20  11/25
AVG. MAXIMUM     58.0              61.4    -3.4     59.2
AVG. MINIMUM     36.1              39.4    -3.3     38.1
MEAN             47.0              50.4    -3.4     48.7
DAYS MAX >= 90      0               0.0     0.0        0
DAYS MAX <= 32      0               0.0     0.0        0
DAYS MIN <= 32     12               7.1     4.9       10
DAYS MIN <= 0       0               0.0     0.0        0

PRECIPITATION (INCHES)
RECORD
 MAXIMUM         9.60   2009
 MINIMUM         0.11   1890
TOTALS           2.95              3.24   -0.29     3.06
DAILY AVG.       0.10              0.11   -0.01     0.10
DAYS >= .01        11               8.3     2.7        7
DAYS >= .10         4               5.4    -1.4        3
DAYS >= .50         2               2.2    -0.2        2
DAYS >= 1.00        1               0.9     0.1        2
GREATEST
 24 HR. TOTAL    1.35   11/25 TO 11/26

SNOWFALL (INCHES)
RECORDS
 TOTAL            7.3   5
                        0
                        -26215
TOTALS              T
SINCE 7/1           T               0.2    -0.2        T
SNOWDEPTH AVG.      0                MM      MM        0
DAYS >= 1.0         0               0.1    -0.1        0
GREATEST
 SNOW DEPTH         0   MM                             0  MM
 24 HR TOTAL        T   11/26 TO 11/26           11/27 TO 11/27
                                                          11/27 TO 11/27
                                                          11/27 TO 11/27

DEGREE_DAYS
HEATING TOTAL     535
 SINCE 7/1        670               676      -6      640
COOLING TOTAL       3                 5      -2        8
 SINCE 1/1       1679              1548     131     1678
........................................................

WIND (MPH)
AVERAGE WIND SPEED              7.6
HIGHEST WIND SPEED/DIRECTION    32/340    DATE  11/02
HIGHEST GUST SPEED/DIRECTION    46/340    DATE  11/02

SKY COVER
POSSIBLE SUNSHINE (PERCENT)   MM
AVERAGE SKY COVER           0.60

AVERAGE RH (PERCENT)     59

WEATHER CONDITIONS. NUMBER OF DAYS WITH
THUNDERSTORM              0     MIXED PRECIP               0
HEAVY RAIN                2     RAIN                       5
LIGHT RAIN               12     FREEZING RAIN              0
LT FREEZING RAIN          0     HAIL                       0
HEAVY SNOW                0     SNOW                       0
LIGHT SNOW                0     SLEET                      1
FOG                      14     FOG W/VIS <= 1/4 MILE      2
HAZE                      1

-  INDICATES NEGATIVE NUMBERS.
R  INDICATES RECORD WAS SET OR TIED.
MM INDICATES DATA IS MISSING.
T  INDICATES TRACE AMOUNT.

$$
