000
CXUS55 KABQ 011652
CLMROW

ABQCLMROW 000
TTAA00 KABQ 011645


CLIMATE REPORT
NATIONAL WEATHER SERVICE ALBUQUERQUE NM
1051 AM MDT SAT AUG 1 2015

...................................

...THE ROSWELL NM CLIMATE SUMMARY FOR THE MONTH OF JULY 2015...

CLIMATE NORMAL PERIOD 1981 TO 2010
CLIMATE RECORD PERIOD 1893 TO 2015

WEATHER         OBSERVED          NORMAL  DEPART  LAST YEAR`S
                 VALUE   DATE(S)  VALUE   FROM    VALUE  DATE(S)
                                          NORMAL
................................................................
TEMPERATURE (F)
RECORD
 HIGH             111   07/27/1995
                        07/14/1958
 LOW               56   07/28/2005
                        07/08/1952
HIGHEST           104   07/28        MM      MM      102  07/26
                                                          07/25
LOWEST             60   07/08        MM      MM       61  07/07
AVG. MAXIMUM     97.3              93.7     3.6     94.2
AVG. MINIMUM     67.5              67.0     0.5     67.5
MEAN             82.4              80.3     2.1     80.8
DAYS MAX >= 90     29              24.0     5.0       27
DAYS MAX <= 32      0               0.0     0.0        0
DAYS MIN <= 32      0               0.0     0.0        0
DAYS MIN <= 0       0               0.0     0.0        0

PRECIPITATION (INCHES)
RECORD
 MAXIMUM           MM   MM
 MINIMUM           MM   MM
TOTALS           0.78              2.06   -1.28     3.42
DAILY AVG.       0.03              0.07   -0.04     0.11
DAYS >= .01         9               6.9     2.1        7
DAYS >= .10         3               3.3    -0.3        4
DAYS >= .50         0               1.2    -1.2        2
DAYS >= 1.00        0               0.4    -0.4        1
GREATEST
 24 HR. TOTAL    0.37   07/11 TO 07/12              2.77

SNOWFALL (INCHES)
RECORDS
 TOTAL             MM   MM
TOTALS            0.0               0.0     0.0      0.0
SINCE 7/1         0.0               0.0     0.0      0.0
SNOWDEPTH AVG.      0                MM      MM        0
DAYS >= 1.0         0               0.0     0.0        0
GREATEST
 SNOW DEPTH         0   MM                             0  MM
 24 HR TOTAL      0.0   07/31 TO 07/31               0.0

DEGREE_DAYS
HEATING TOTAL       0                 0       0        0
 SINCE 7/1          0                 0       0        0
COOLING TOTAL     547               476      71      498
 SINCE 1/1       1062              1098     -36     1232
.................................................................

WIND (MPH)
AVERAGE WIND SPEED              7.5
HIGHEST WIND SPEED/DIRECTION    40/360    DATE  07/06
HIGHEST GUST SPEED/DIRECTION    49/250    DATE  07/20

SKY COVER
AVERAGE SKY COVER           0.20

AVERAGE RH (PERCENT)     51

WEATHER CONDITIONS. NUMBER OF DAYS WITH
THUNDERSTORM              0     MIXED PRECIP               0
HEAVY RAIN                4     RAIN                       3
LIGHT RAIN               14     FREEZING RAIN              0
LT FREEZING RAIN          0     HAIL                       0
HEAVY SNOW                0     SNOW                       0
LIGHT SNOW                0     SLEET                      0
FOG                       4     FOG W/VIS <= 1/4 MILE      0
HAZE                      1

-  INDICATES NEGATIVE NUMBERS.
R  INDICATES RECORD WAS SET OR TIED.
MM INDICATES DATA IS MISSING.
T  INDICATES TRACE AMOUNT.

$$
