000
CXUS56 KSEW 011152
CLMSEW


CLIMATE REPORT
NATIONAL WEATHER SERVICE SEATTLE WA
452 AM PDT SAT AUG 1 2015

...................................

...THE SEATTLE WA WFO CLIMATE SUMMARY FOR THE MONTH OF JULY 2015...

CLIMATE NORMAL PERIOD 1981 TO 2010
CLIMATE RECORD PERIOD 1986 TO 2015

WEATHER         OBSERVED          NORMAL  DEPART  LAST YEAR`S
                 VALUE   DATE(S)  VALUE   FROM    VALUE  DATE(S)
                                          NORMAL
................................................................
TEMPERATURE (F)
RECORD
 HIGH             105   07/29/2009
 LOW               47   07/31/2008
HIGHEST            96   07/19        MM      MM       89  07/16
LOWEST             55   07/27        MM      MM       54  07/26
                        07/24
                        07/17
AVG. MAXIMUM     82.0              75.7     6.3     79.7
AVG. MINIMUM     59.8              56.1     3.7     58.3
MEAN             70.9              65.9     5.0     69.0
DAYS MAX >= 90      7               0.7     6.3        0
DAYS MAX <= 32      0               0.0     0.0        0
DAYS MIN <= 32      0               0.0     0.0        0
DAYS MIN <= 0       0               0.0     0.0        0

PRECIPITATION (INCHES)
RECORD
 MAXIMUM         2.11   1993
 MINIMUM         0.00   2003
TOTALS           1.04              0.79    0.25     1.25
DAILY AVG.       0.03              0.03    0.00     0.04
DAYS >= .01         3               5.8    -2.8        5
DAYS >= .10         1               2.1    -1.1        3
DAYS >= .50         1               0.2     0.8        1
DAYS >= 1.00        0               0.0     0.0        0

DEGREE_DAYS
HEATING TOTAL       3                37     -34       14
 SINCE 7/1          3                37     -34       14
COOLING TOTAL     193                65     128      147
 SINCE 1/1        299                82     217      170
.................................................................

WIND (MPH)
HIGHEST GUST SPEED/DIRECTION    MM        DATE   MM


WEATHER CONDITIONS. NUMBER OF DAYS WITH
THUNDERSTORM              0     MIXED PRECIP               0
HEAVY RAIN                1     RAIN                       1
LIGHT RAIN                6     FREEZING RAIN              0
LT FREEZING RAIN          0     HAIL                       0
HEAVY SNOW                0     SNOW                       0
LIGHT SNOW                0     SLEET                      0
FOG                       1     FOG W/VIS <= 1/4 MILE      0
HAZE                      2

-  INDICATES NEGATIVE NUMBERS.
R  INDICATES RECORD WAS SET OR TIED.
MM INDICATES DATA IS MISSING.
T  INDICATES TRACE AMOUNT.

$$
