762
CXUS53 KICT 011235
CLMSLN

CLIMATE REPORT
NATIONAL WEATHER SERVICE WICHITA KS
622 AM CST THU DEC 1 2016

...................................

...THE SALINA KS CLIMATE SUMMARY FOR THE MONTH OF NOVEMBER 2016...

CLIMATE NORMAL PERIOD 1981 TO 2010
CLIMATE RECORD PERIOD 1894 TO 2016

WEATHER         OBSERVED          NORMAL  DEPART  LAST YEAR`S
                 VALUE   DATE(S)  VALUE   FROM    VALUE  DATE(S)
                                          NORMAL
................................................................
TEMPERATURE (F)
RECORD
 HIGH              89   11/08/2006
 LOW               -5   11/28/1952
HIGHEST            82   11/16                         81  11/01
LOWEST             20   11/19                         24  11/22
AVG. MAXIMUM     64.3              54.9     9.4     60.9
AVG. MINIMUM     38.1              32.9     5.2     37.2
MEAN             51.2              43.9     7.3     49.1
DAYS MAX >= 90      0               0.0     0.0        0
DAYS MAX <= 32      0               0.9    -0.9        2
DAYS MIN <= 32     11              14.2    -3.2       12
DAYS MIN <= 0       0               0.0     0.0        0

PRECIPITATION (INCHES)
RECORD
 MAXIMUM         5.86   1909
 MINIMUM         0.00   1989
                        1966
                        1954
TOTALS           0.60              1.25   -0.65     2.18
DAILY AVG.       0.02              0.04   -0.02     0.08
DAYS >= .01         3               5.1    -2.1        6
DAYS >= .10         2               2.8    -0.8        4
DAYS >= .50         0               0.6    -0.6        2
DAYS >= 1.00        0               0.2    -0.2        0
GREATEST
 24 HR. TOTAL    0.46   11/07 TO 11/07

DEGREE_DAYS
HEATING TOTAL     412               634    -222      474
 SINCE 7/1        543               952    -409      632
COOLING TOTAL       4                 1       3        4
.................................................................

WIND (MPH)
AVERAGE WIND SPEED              9.5
HIGHEST WIND SPEED/DIRECTION    37/330    DATE  11/18
HIGHEST GUST SPEED/DIRECTION    49/170    DATE  11/27

SKY COVER
AVERAGE SKY COVER           0.20
NUMBER OF DAYS FAIR           21
NUMBER OF DAYS PC              8
NUMBER OF DAYS CLOUDY          1

AVERAGE RH (PERCENT)     64

WEATHER CONDITIONS. NUMBER OF DAYS WITH
THUNDERSTORM              0     MIXED PRECIP               0
HEAVY RAIN                1     RAIN                       2
LIGHT RAIN                5     FREEZING RAIN              0
LT FREEZING RAIN          0     HAIL                       0
HEAVY SNOW                0     SNOW                       0
LIGHT SNOW                0     SLEET                      0
FOG                       6     FOG W/VIS <= 1/4 MILE      0
HAZE                      4

-  INDICATES NEGATIVE NUMBERS.
R  INDICATES RECORD WAS SET OR TIED.
MM INDICATES DATA IS MISSING.
T  INDICATES TRACE AMOUNT.

&&

...Record Warm November and Autumn...

Autumn 2016 fell further behind schedule as warmer-than-normal
temperatures continued through November. Most areas were 6-8 degrees
above normal for the month. Wichita recorded its 2nd warmest
November on record (since 1888) with only 2 days below normal
throughout the month. It was Salina`s warmest November on record
(since 1894), with only 3 days below normal throughout the month.
Chanute recorded its 5th warmest November on record (since 1897),
with only 4 days below normal throughout the month.

The following are the top 5 warmest Novembers on record for Wichita,
Salina and Chanute. Units are in degrees Fahrenheit.

...Wichita...    ...Salina...    ...Chanute...
 1999   53.3     *2016  51.2      1913   54.9
*2016   53.0      1999  51.1      1909   54.4
 1915   51.1      1894  50.3      1999   53.6
 1913   51.1      2001  50.1      1931   53.5
 2001   50.9      1949  49.5     *2016   52.8

Meteorological fall (September-November) proved very warm overall as
well, with most areas averaging 5-6 degrees above normal for the 3-
month average. The following are the top 5 warmest Autumns on record
for Wichita, Salina and Chanute. Units are in degrees Fahrenheit.

...Wichita...    ...Salina...    ...Chanute...
 1931   64.4      1931  63.7      1931   66.2
*2016   63.9      1938  62.6      1963   64.0
 2015   63.1     *2016  62.5     *2016   63.5
 1998   62.9      2015  62.4      1939   63.0
 1954   62.6      1939  62.3      1909   62.8

Precipitation-wise, November was drier than normal for most areas
across the Kansas region, with most areas recording less than 25 to
50 percent of their monthly normal precipitation. In fact it was the
driest November since 2007 for many areas. However, the dryness was
nothing record-breaking. In contrast, Autumn (September-November)
precipitation had mixed results, with some areas well above normal
and others below. Wichita was one of a handful of sites with well
above normal precipitation, but a vast majority of this rainfall
occurred in September.

The following are Wichita`s top 5 wettest meteorological Autumns
(September-November). Units are in inches.

 2008   18.36 (12.96 occurred in September)
 1998   15.87 (9.42 occurred in October)
 1973   13.80 (9.46 occurred in September)
*2016   13.60 (11.30 occurred in September)
 1985   13.15

$$
