000
CXUS54 KOUN 011639
CLMSPS

CLIMATE REPORT
NATIONAL WEATHER SERVICE NORMAN OK
1138 AM CDT FRI AUG 1 2014

...................................

...THE WICHITA FALLS CLIMATE SUMMARY FOR THE MONTH OF JULY 2014...

CLIMATE NORMAL PERIOD 1981 TO 2010
CLIMATE RECORD PERIOD 1897 TO 2014

WEATHER         OBSERVED          NORMAL  DEPART  LAST YEAR`S
                 VALUE   DATE(S)  VALUE   FROM    VALUE  DATE(S)
                                          NORMAL
................................................................
TEMPERATURE (F)
RECORD
 HIGH             114   07/02/1980
                        07/03/1980
 LOW               54   07/05/1924

HIGHEST           103               105      -2      106  07/13
LOWEST             61                64      -3       60  07/03
                                                          07/02
AVG. MAXIMUM     91.1              96.9    -5.8     94.6
AVG. MINIMUM     70.6              71.9    -1.3     71.1
MEAN             80.9              84.4    -3.5     82.9
DAYS MAX >= 90     20              27.4    -7.4       23
DAYS MAX <= 32      0               0.0     0.0        0
DAYS MIN <= 32      0               0.0     0.0        0
DAYS MIN <= 0       0               0.0     0.0        0

PRECIPITATION (INCHES)
RECORD
 MAXIMUM        11.86   1950
 MINIMUM         0.00   2003
TOTALS           5.53              1.59    3.94     3.87
DAILY AVG.       0.18              0.05    0.13     0.12
DAYS >= .01         9               5.0     4.0        8
DAYS >= .10         6               2.9     3.1        7
DAYS >= .50         3               1.1     1.9        3
DAYS >= 1.00        2               0.4     1.6        0
GREATEST
 24 HR. TOTAL    2.28   07/16 TO 07/17

DEGREE_DAYS
COOLING TOTAL     500               601    -101
 SINCE 1/1       1390              1356      34
.................................................................

WIND (MPH)
AVERAGE WIND SPEED              9.7
HIGHEST WIND SPEED/DIRECTION    35/330    DATE  07/01
HIGHEST GUST SPEED/DIRECTION    43/350    DATE  07/01


WEATHER CONDITIONS. NUMBER OF DAYS WITH
THUNDERSTORM              0     MIXED PRECIP               0
HEAVY RAIN                4     RAIN                       7
LIGHT RAIN               11     FREEZING RAIN              0
LT FREEZING RAIN          0     HAIL                       1
HEAVY SNOW                0     SNOW                       0
LIGHT SNOW                0     SLEET                      0
FOG                      14     FOG W/VIS <= 1/4 MILE      0
HAZE                      5

-  INDICATES NEGATIVE NUMBERS.
R  INDICATES RECORD WAS SET OR TIED.
MM INDICATES DATA IS MISSING.
T  INDICATES TRACE AMOUNT.

&&
................................................................
RECORDS/REMARKS

RECORD MAXIMUM RAINFALL OF 1.94 INCHES BROKEN ON THE 1ST.
RECORD COOLEST MINIMUM TEMPERATURE OF 65 DEGREES TIED ON THE 16TH.
RECORD COOLEST MINIMUM TEMPERATURE OF 63 DEGREES BROKEN ON THE 17TH.
RECORD COOLEST MAXIMUM TEMPERATURE OF 72 DEGREES BROKEN ON THE 17TH.
RECORD MAXIMUM RAINFALL OF 2.13 INCHES BROKEN ON THE 17TH.
RECORD COOLEST MINIMUM TEMPERATURE OF 63 DEGREES BROKEN ON THE 18TH.
RECORD COOLEST MINIMUM TEMPERATURE OF 61 DEGREES BROKEN ON THE 19TH.
RECORD COOLEST MAXIMUM TEMPERATURE OF 80 DEGREES BROKEN ON THE 29TH.
RANK 3RD COOLEST JULY ON RECORD SINCE 1923.
RANK 3RD WETTEST JULY ON RECORD SINCE 1897.
TRACE OF SNW ON THE 23RD WAS HAIL/ICE.

THE JANUARY THROUGH JULY TOTAL PRECIPITATION IS 13.77 INCHES.

$$
