000
CXUS51 KCLE 011415
CLMTOL


CLIMATE REPORT
NATIONAL WEATHER SERVICE CLEVELAND OH
1011 AM EDT TUE SEP 1 2015

...................................

...THE TOLEDO OH CLIMATE SUMMARY FOR THE MONTH OF AUGUST 2015...

CLIMATE NORMAL PERIOD 1981 TO 2010
CLIMATE RECORD PERIOD 1873 TO 2015

WEATHER         OBSERVED          NORMAL  DEPART  LAST YEAR`S
                 VALUE   DATE(S)  VALUE   FROM    VALUE
                                          NORMAL
.............................................................
TEMPERATURE (F)
RECORD
 HIGH             103   08/06/1918
 LOW               34   08/29/1982
HIGHEST            89   08/02
LOWEST             50   08/28
AVG. MAXIMUM     80.3              82.2    -1.9     81.8
AVG. MINIMUM     59.6              60.9    -1.3     60.6
MEAN             69.9              71.5    -1.6     71.2
DAYS MAX >= 90      0               3.2    -3.2        1
DAYS MAX <= 32      0               0.0     0.0        0
DAYS MIN <= 32      0               0.0     0.0        0
DAYS MIN <= 0       0               0.0     0.0        0

PRECIPITATION (INCHES)
RECORD
 MAXIMUM         8.47   1965
 MINIMUM         0.40   1976
TOTALS           3.05              3.15   -0.10     2.53
DAYS >= .01        11               9.2     1.8        7
DAYS >= .10         7               5.9     1.1        2
DAYS >= .50         2               2.2    -0.2        1
DAYS >= 1.00        0               0.7    -0.7        1
GREATEST
 24 HR. TOTAL    1.08   08/09 TO 08/10              2.04

SNOWFALL (INCHES)
RECORDS
 TOTAL            0.0               MM
TOTALS            0.0               0.0     0.0      0.0
SINCE 7/1         0.0               0.0     0.0      0.0
DAYS >= 1.0         0               0.0     0.0        0
GREATEST
 24 HR TOTAL      0.0   08/31 TO 08/31

DEGREE_DAYS
HEATING TOTAL      10                11      -1        5
 SINCE 7/1         12                14      -2       14
COOLING TOTAL     170               214     -44      208
 SINCE 1/1        581               702    -121      598
..............................................................

WIND (MPH)
AVERAGE WIND SPEED              6.0
HIGHEST WIND SPEED/DIRECTION    32/360    DATE  08/14
HIGHEST GUST SPEED/DIRECTION    40/010    DATE  08/14

SKY COVER
AVERAGE SKY COVER           0.30

AVERAGE RH (PERCENT)     74

WEATHER CONDITIONS. NUMBER OF DAYS WITH
THUNDERSTORM              0     MIXED PRECIP               0
HEAVY RAIN                6     RAIN                       7
LIGHT RAIN               14     FREEZING RAIN              0
LT FREEZING RAIN          0     HAIL                       0
HEAVY SNOW                0     SNOW                       0
LIGHT SNOW                0     SLEET                      0
FOG                      16     FOG W/VIS <= 1/4 MILE      0
HAZE                      5

-  INDICATES NEGATIVE NUMBERS.
R  INDICATES RECORD WAS SET OR TIED.
MM INDICATES DATA IS MISSING.
T  INDICATES TRACE AMOUNT.

$$
