000
CXUS52 KTBW 011400
CLMTPA


CLIMATE REPORT
NATIONAL WEATHER SERVICE TAMPA BAY FL
1000 AM EDT SAT JUL 1 2017

...................................

...THE TAMPA CLIMATE SUMMARY FOR THE MONTH OF JUNE 2017...

CLIMATE NORMAL PERIOD 1981 TO 2010
CLIMATE RECORD PERIOD 1890 TO 2017

WEATHER         OBSERVED          NORMAL  DEPART  LAST YEAR`S
                 VALUE   DATE(S)  VALUE   FROM    VALUE  DATE(S)
                                          NORMAL
................................................................
TEMPERATURE (F)
ALL-TIME JUNE RECORD
 HIGH              99   06/05/1985
 LOW               53   06/01/1984

JUNE 2017
HIGHEST            95   06/28        MM      MM       95  06/04
                        06/22
LOWEST             72   06/09        MM      MM       66  06/21
AVG. MAXIMUM     89.2              89.6    -0.4     89.8
AVG. MINIMUM     76.0              74.8     1.2     76.4
MEAN             82.6              82.2     0.4     83.1
DAYS MAX >= 90     14              14.4    -0.4       19
DAYS MAX <= 32      0               0.0     0.0        0
DAYS MIN <= 32      0               0.0     0.0        0
DAYS MIN <= 0       0               0.0     0.0        0

PRECIPITATION (INCHES)
ALL-TIME JUNE RECORD
 MAXIMUM        18.66   2012
 MINIMUM         1.26   1918

JUNE 2017
TOTALS           7.90              6.68    1.22    11.48
DAILY AVG.       0.26              0.22    0.04     0.38
DAYS >= .01        17              12.7     4.3       18
DAYS >= .10        15               9.2     5.8       13
DAYS >= .50         5               4.2     0.8        8
DAYS >= 1.00        3               2.2     0.8        4
GREATEST
 24 HR. TOTAL    1.56   06/12 TO 06/12

DEGREE_DAYS
HEATING TOTAL       0                 0       0        0
 SINCE 7/1        164               538    -374      323
COOLING TOTAL     536               516      20      551
 SINCE 1/1       1852              1393     459     1571
.................................................................

WIND (MPH)
AVERAGE WIND SPEED              5.9
HIGHEST WIND SPEED/DIRECTION    26/250    DATE  06/08
HIGHEST GUST SPEED/DIRECTION    36/130    DATE  06/14

SKY COVER
POSSIBLE SUNSHINE (PERCENT)   MM
AVERAGE SKY COVER           0.70
NUMBER OF DAYS FAIR            2
NUMBER OF DAYS PC             15
NUMBER OF DAYS CLOUDY         13

AVERAGE RH (PERCENT)     74

WEATHER CONDITIONS. NUMBER OF DAYS WITH
THUNDERSTORM             24     MIXED PRECIP               0
HEAVY RAIN                5     RAIN                      10
LIGHT RAIN               23     FREEZING RAIN              0
LT FREEZING RAIN          0     HAIL                       0
HEAVY SNOW                0     SNOW                       0
LIGHT SNOW                0     SLEET                      0
FOG                      17     FOG W/VIS <= 1/4 MILE      2
HAZE                      7
.................................................................

REMARKS
THE JUNE 2017 MONTHLY AVERAGE TEMPERATURE OF 82.6 DEGREES TIES
WITH 1994...1975...1951 AND 1945 AS THE 16TH WARMEST JUNE SINCE
RECORDS BEGAN IN 1890. THE WARMEST JUNE HAD AN AVERAGE TEMPERATURE
OF 85.6 DEGREES WHICH OCCURRED IN 1998.

THE JUNE 2017 MONTHLY RAINFALL TOTAL OF 7.90 INCHES RANKS AS THE
41ST WETTEST/87TH DRIEST JUNE SINCE RECORDS BEGAN IN 1890.


-  INDICATES NEGATIVE NUMBERS.
R  INDICATES RECORD WAS SET OR TIED.
MM INDICATES DATA IS MISSING.
T  INDICATES TRACE AMOUNT.

$$
