000
CXUS53 KAPX 022328
CLMTVC


CLIMATE REPORT
NATIONAL WEATHER SERVICE GAYLORD MI
626 PM EST FRI FEB 2 2018

...................................

...THE TRAVERSE CITY MI CLIMATE SUMMARY FOR THE MONTH OF JANUARY 2018...

CLIMATE NORMAL PERIOD 1981 TO 2010
CLIMATE RECORD PERIOD 1896 TO 2018

WEATHER         OBSERVED          NORMAL  DEPART  LAST YEAR`S
                 VALUE   DATE(S)  VALUE   FROM    VALUE  DATE(S)
                                          NORMAL
................................................................
TEMPERATURE (F)
RECORD
 HIGH              59   01/26/1944
 LOW              -21   01/19/1994
                        01/12/1964
HIGHEST            55   01/11        MM      MM       47  01/21
LOWEST             -4   01/05        MM      MM        2  01/15
AVG. MAXIMUM     30.3              27.8     2.5     32.5
AVG. MINIMUM     18.1              15.2     2.9     22.4
MEAN             24.2              21.5     2.7     27.4
DAYS MAX >= 90      0               0.0     0.0        0
DAYS MAX <= 32     15              20.5    -5.5       12
DAYS MIN <= 32     29              29.6    -0.6       23
DAYS MIN <= 0       2               2.9    -0.9        0

PRECIPITATION (INCHES)
RECORD
 MAXIMUM           MM   MM
 MINIMUM           MM   MM
TOTALS           1.09              2.82   -1.73     1.81
DAILY AVG.       0.04              0.09   -0.05     0.06
DAYS >= .01         9              17.1    -8.1       14
DAYS >= .10         2               7.5    -5.5        7
DAYS >= .50         1               1.0     0.0        1
DAYS >= 1.00        0               0.2    -0.2        0
GREATEST
 24 HR. TOTAL    0.58   01/22 TO 01/22
 STORM TOTAL       MM
 (MM/DD(HH))            MM

SNOWFALL (INCHES)
RECORDS
 TOTAL             MM   MM
TOTALS             MM              33.2      MM       MM
SINCE 7/1          MM              69.1      MM       MM
SNOWDEPTH AVG.     MM                 9      MM       MM
DAYS >= TRACE       0              17.0   -17.0        0
DAYS >= 1.0         0               9.8    -9.8        0
GREATEST
 SNOW DEPTH        MM                                 MM  MM
 24 HR TOTAL       MM                                 MM

DEGREE_DAYS
HEATING TOTAL    1256              1348     -92
 SINCE 7/1       3822              4156    -334

FREEZE DATES
RECORD
 EARLIEST     MM
 LATEST       MM
EARLIEST                        MM
LATEST                          MM
.................................................................

WIND (MPH)
AVERAGE WIND SPEED              8.0
HIGHEST WIND SPEED/DIRECTION    24/350    DATE  01/12
HIGHEST GUST SPEED/DIRECTION    36/360    DATE  01/12

SKY COVER
POSSIBLE SUNSHINE (PERCENT)   MM
AVERAGE SKY COVER           0.80
NUMBER OF DAYS FAIR            0
NUMBER OF DAYS PC             10
NUMBER OF DAYS CLOUDY         21

AVERAGE RH (PERCENT)     74

WEATHER CONDITIONS. NUMBER OF DAYS WITH
THUNDERSTORM              0     MIXED PRECIP               0
HEAVY RAIN                0     RAIN                       1
LIGHT RAIN                3     FREEZING RAIN              0
LT FREEZING RAIN          1     HAIL                       0
HEAVY SNOW                2     SNOW                       6
LIGHT SNOW               20     SLEET                      0
FOG                      20     FOG W/VIS <= 1/4 MILE      2
HAZE                     17

-  INDICATES NEGATIVE NUMBERS.
R  INDICATES RECORD WAS SET OR TIED.
MM INDICATES DATA IS MISSING.
T  INDICATES TRACE AMOUNT.

$$
