375
CXUS54 KJAN 011235
CLMTVR


CLIMATE REPORT
NATIONAL WEATHER SERVICE JACKSON MS
733 AM CDT FRI JUL 1 2016

...................................

...THE VICKSBURG CLIMATE SUMMARY FOR THE MONTH OF JUNE 2016...

CLIMATE NORMAL PERIOD 1981 TO 2010
CLIMATE RECORD PERIOD 1948 TO 2016

WEATHER         OBSERVED          NORMAL  DEPART  LAST YEAR`S
                 VALUE   DATE(S)  VALUE   FROM    VALUE
                                          NORMAL
.............................................................
TEMPERATURE (F)
RECORD
 HIGH             102   06/28/2009
 LOW               47   06/03/1956
HIGHEST            96   06/29        MM      MM       97
                        06/27
                        06/26
LOWEST             64   06/07        MM      MM       61
AVG. MAXIMUM     92.2              89.8     2.4     91.2
AVG. MINIMUM     72.1              68.1     4.0     70.5
MEAN             82.1              78.9     3.2     80.8
DAYS MAX >= 90     25              15.4     9.6       24
DAYS MAX <= 32      0               0.0     0.0        0
DAYS MIN <= 32      0               0.0     0.0        0
DAYS MIN <= 0       0               0.0     0.0        0

PRECIPITATION (INCHES)
RECORD
 MAXIMUM        12.53   2004
 MINIMUM         0.44   1952
TOTALS           3.51              3.99   -0.48     5.25
DAILY AVG.       0.12              0.13   -0.01     0.17
DAYS >= .01        11                MM      MM       10
DAYS >= .10         9                MM      MM        6
DAYS >= .50         3                MM      MM        3
DAYS >= 1.00        0                MM      MM        1
GREATEST
 24 HR. TOTAL    0.96   06/17 TO 06/18              2.78

SNOWFALL (INCHES)
TOTALS            0.0

DEGREE_DAYS
HEATING TOTAL       0                 0       0        0
 SINCE 7/1       1507              2351    -844     2522
COOLING TOTAL     519               418     101      484
 SINCE 1/1       1034               788     246      930
..............................................................

WIND (MPH)
AVERAGE WIND SPEED              3.4
HIGHEST WIND SPEED/DIRECTION    23/100    DATE  06/28
HIGHEST GUST SPEED/DIRECTION    30/150    DATE  06/19

SKY COVER
POSSIBLE SUNSHINE (PERCENT)   MM
AVERAGE SKY COVER           0.20
NUMBER OF DAYS FAIR           24
NUMBER OF DAYS PC              6
NUMBER OF DAYS CLOUDY          0

AVERAGE RH (PERCENT)     72

WEATHER CONDITIONS. NUMBER OF DAYS WITH
THUNDERSTORM             11     MIXED PRECIP               0
HEAVY RAIN                9     RAIN                      10
LIGHT RAIN               11     FREEZING RAIN              0
LT FREEZING RAIN          0     HAIL                       0
HEAVY SNOW                0     SNOW                       0
LIGHT SNOW                0     SLEET                      0
FOG                      25     FOG W/VIS <= 1/4 MILE      0
HAZE                      0

-  INDICATES NEGATIVE NUMBERS.
R  INDICATES RECORD WAS SET OR TIED.
MM INDICATES DATA IS MISSING.
T  INDICATES TRACE AMOUNT.

$$
