000
CXUS54 KJAN 031204
CLMTVR


CLIMATE REPORT
NATIONAL WEATHER SERVICE JACKSON MS
601 AM CST SAT FEB 3 2018

...................................

...THE VICKSBURG CLIMATE SUMMARY FOR THE MONTH OF JANUARY 2018...

CLIMATE NORMAL PERIOD 1981 TO 2010
CLIMATE RECORD PERIOD 1948 TO 2018

WEATHER         OBSERVED          NORMAL  DEPART  LAST YEAR`S
                 VALUE   DATE(S)  VALUE   FROM    VALUE
                                          NORMAL
.............................................................
TEMPERATURE (F)
RECORD
 HIGH              82   01/31/2002
                        01/23/2002
 LOW               -2   01/24/1948
HIGHEST            75   01/21         0      75       79
LOWEST              8   01/18         0       8       16
AVG. MAXIMUM     53.4              55.7    -2.3     64.4
AVG. MINIMUM     28.8              35.3    -6.5     44.1
MEAN             41.1              45.5    -4.4     54.3
DAYS MAX >= 90      0               0.0     0.0        0
DAYS MAX <= 32      3               0.7     2.3        1
DAYS MIN <= 32     22              13.4     8.6        8
DAYS MIN <= 0       0               0.0     0.0        0

PRECIPITATION (INCHES)
RECORD
 MAXIMUM        15.69   1974
 MINIMUM         0.92   2003
TOTALS           2.77              5.07   -2.30     4.23
DAILY AVG.       0.09              0.16   -0.07     0.14
DAYS >= .01         8                MM      MM       10
DAYS >= .10         6                MM      MM        6
DAYS >= .50         2                MM      MM        4
DAYS >= 1.00        0                MM      MM        1
GREATEST
 24 HR. TOTAL    0.77   01/11 TO 01/11              2.01

SNOWFALL (INCHES)
TOTALS            0.0

DEGREE_DAYS
HEATING TOTAL     734               607     127      339
 SINCE 7/1       1647              1544     103     1076
COOLING TOTAL       0                 3      -3       14
 SINCE 1/1          0                 0       0       14
..............................................................

WIND (MPH)
AVERAGE WIND SPEED              7.1
HIGHEST WIND SPEED/DIRECTION    25/010    DATE  01/16
HIGHEST GUST SPEED/DIRECTION    36/310    DATE  01/11

SKY COVER
POSSIBLE SUNSHINE (PERCENT)   MM
AVERAGE SKY COVER           0.40
NUMBER OF DAYS FAIR           18
NUMBER OF DAYS PC              6
NUMBER OF DAYS CLOUDY          7

AVERAGE RH (PERCENT)     72

WEATHER CONDITIONS. NUMBER OF DAYS WITH
THUNDERSTORM              1     MIXED PRECIP               0
HEAVY RAIN                5     RAIN                       6
LIGHT RAIN                8     FREEZING RAIN              0
LT FREEZING RAIN          0     HAIL                       0
HEAVY SNOW                0     SNOW                       0
LIGHT SNOW                1     SLEET                      1
FOG                      12     FOG W/VIS <= 1/4 MILE      2
HAZE                      0

-  INDICATES NEGATIVE NUMBERS.
R  INDICATES RECORD WAS SET OR TIED.
MM INDICATES DATA IS MISSING.
T  INDICATES TRACE AMOUNT.

$$
