000
CXUS54 KMRX 011441
CLMTYS


CLIMATE REPORT
NATIONAL WEATHER SERVICE MORRISTOWN TN
1041 AM EDT MON MAY 1 2017

...................................

...THE KNOXVILLE    ASOS CLIMATE SUMMARY FOR THE MONTH OF APRIL 2017...

CLIMATE NORMAL PERIOD 1981 TO 2010
CLIMATE RECORD PERIOD 1871 TO 2017

WEATHER         OBSERVED          NORMAL  DEPART
                 VALUE   DATE(S)  VALUE   FROM
                                          NORMAL
................................................
TEMPERATURE (F)
HIGHEST            89   04/29
LOWEST             36   04/08
AVG. MAXIMUM     76.0              70.3     5.7
AVG. MINIMUM     54.2              47.3     6.9
MEAN             65.1              58.8     6.3
DAYS MAX >= 90      0
DAYS MAX <= 32      0
DAYS MIN <= 32      0
DAYS MIN <= 0       0

PRECIPITATION (INCHES)
RECORD
 MAXIMUM        17.62   1874
 MINIMUM         0.39   1976
TOTALS           7.61              4.01    3.60
DAYS >= .01        13
DAYS >= .10         9
DAYS >= .50         5
DAYS >= 1.00        2
GREATEST
 24 HR. TOTAL    1.97   04/23 TO 04/23

SNOWFALL (INCHES)
TOTALS            0.0               0.5    -0.5
SINCE 7/1         2.3
SNOWDEPTH AVG.      0
DAYS >= TRACE       0
GREATEST
 SNOW DEPTH         0   MM

DEGREE_DAYS
HEATING TOTAL      81               218    -137
 SINCE 7/1       2539              3575   -1036
COOLING TOTAL      93                32      61
 SINCE 1/1         96                37      59
.................................................



-  INDICATES NEGATIVE NUMBERS.
R  INDICATES RECORD WAS SET OR TIED.
MM INDICATES DATA IS MISSING.
T  INDICATES TRACE AMOUNT.

$$
