886
CXUS54 KMRX 041712
CLMTYS

CLIMATE REPORT
NATIONAL WEATHER SERVICE MORRISTOWN TN
112 PM EDT TUE JUL 4 2017

...................................

...THE KNOXVILLE CLIMATE SUMMARY FOR THE MONTH OF JUNE 2017...

CLIMATE NORMAL PERIOD 1981 TO 2010
CLIMATE RECORD PERIOD 1871 TO 2017

WEATHER         OBSERVED          NORMAL  DEPART
                 VALUE   DATE(S)  VALUE   FROM
                                          NORMAL
................................................
TEMPERATURE (F)
HIGHEST            91   06/13
LOWEST             54   06/28
AVG. MAXIMUM     83.3              85.4    -2.1
AVG. MINIMUM     63.7              64.7    -1.0
MEAN             73.5              75.0    -1.5
DAYS MAX >= 90      1
DAYS MAX <= 32      0
DAYS MIN <= 32      0
DAYS MIN <= 0       0

PRECIPITATION (INCHES)
RECORD
 MAXIMUM        11.83   1928
 MINIMUM         0.20   1944
TOTALS           4.42              3.81    0.61
DAYS >= .01         9
DAYS >= .10         6
DAYS >= .50         3
DAYS >= 1.00        2
GREATEST
 24 HR. TOTAL    1.50   06/13 TO 06/13

SNOWFALL (INCHES)
TOTALS            0.0               0.0     0.0
SINCE 7/1         2.3
SNOWDEPTH AVG.      0
DAYS >= TRACE       0
GREATEST
 SNOW DEPTH         0   MM

DEGREE_DAYS
HEATING TOTAL       0                 4      -4
 SINCE 7/1       2591              3637   -1046
COOLING TOTAL     263               305     -42
 SINCE 1/1        511               467      44
.................................................



-  INDICATES NEGATIVE NUMBERS.
R  INDICATES RECORD WAS SET OR TIED.
MM INDICATES DATA IS MISSING.
T  INDICATES TRACE AMOUNT.

$$
