000
CXUS54 KMRX 011714
CLMTYS

CLIMATE REPORT NATIONAL WEATHER SERVICE MORRISTOWN TN
114 PM EDT MON JUN 1 2015
...................................

...THE KNOXVILLE CLIMATE SUMMARY FOR THE MONTH OF MAY 2015...

CLIMATE NORMAL PERIOD 1981 TO 2010
CLIMATE RECORD PERIOD 1871 TO 2015

WEATHER         OBSERVED          NORMAL  DEPART
                 VALUE   DATE(S)  VALUE   FROM
                                          NORMAL
................................................
TEMPERATURE (F)
HIGHEST            91   05/11
LOWEST             40   05/01
AVG. MAXIMUM     82.3              78.1     4.2
AVG. MINIMUM     58.8              56.2     2.6
MEAN             70.5              67.2     3.3
DAYS MAX >= 90      1
DAYS MAX <= 32      0
DAYS MIN <= 32      0
DAYS MIN <= 0       0

PRECIPITATION (INCHES)
RECORD
 MAXIMUM        10.98   1974
 MINIMUM         0.71   1941
TOTALS           1.76              4.51   -2.75
DAYS >= .01         5
DAYS >= .10         5
DAYS >= .50         2
DAYS >= 1.00        0
GREATEST
 24 HR. TOTAL    0.60   05/29 TO 05/29


SNOWFALL (INCHES)
TOTALS            0.0               0.0     0.0
SINCE 7/1         9.3
SNOWDEPTH AVG.      0
DAYS >= TRACE       0
GREATEST
 SNOW DEPTH         0   0

DEGREE_DAYS
HEATING TOTAL      30                58     -28
 SINCE 7/1       3845              3633     212
COOLING TOTAL     209               125      84
 SINCE 1/1        234               162      72
.................................................



-  INDICATES NEGATIVE NUMBERS.
R  INDICATES RECORD WAS SET OR TIED.
MM INDICATES DATA IS MISSING.
T  INDICATES TRACE AMOUNT.

$$
