000
CXUS53 KLOT 011328
CLMUGN


CLIMATE REPORT
NATIONAL WEATHER SERVICE CHICAGO IL
810 AM CDT SAT JUL 1 2017

...................................

...THE WAUKEGAN   CLIMATE SUMMARY FOR THE MONTH OF JUNE 2017...

CLIMATE NORMAL PERIOD 1981 TO 2010
CLIMATE RECORD PERIOD 2000 TO 2017

WEATHER         OBSERVED          NORMAL  DEPART  LAST YEAR`S
                 VALUE   DATE(S)  VALUE   FROM    VALUE
                                          NORMAL
.............................................................
TEMPERATURE (F)
RECORD
 HIGH              99   06/28/2012
 LOW               37   06/03/2009
                        06/02/2003
HIGHEST            93   06/12        MM      MM       92
LOWEST             45   06/01        MM      MM       46
AVG. MAXIMUM     79.2              75.7     3.5     78.1
AVG. MINIMUM     57.4              55.6     1.8     57.4
MEAN             68.3              65.7     2.6     67.8

PRECIPITATION (INCHES)
RECORD
 MAXIMUM         7.25   2014
 MINIMUM         0.37   2012
TOTALS           4.27              3.88    0.39     1.35

DEGREE_DAYS
HEATING TOTAL      37                86     -49       40
 SINCE 7/1       5838              6837    -999     6097
COOLING TOTAL     141               105      36      131
 SINCE 1/1        162               130      32      175
..............................................................

WIND (MPH)
AVERAGE WIND SPEED              7.5
HIGHEST WIND SPEED/DIRECTION    35/200    DATE  06/14
HIGHEST GUST SPEED/DIRECTION    42/200    DATE  06/14

AVERAGE RH (PERCENT)     69


-  INDICATES NEGATIVE NUMBERS.
R  INDICATES RECORD WAS SET OR TIED.
MM INDICATES DATA IS MISSING.
T  INDICATES TRACE AMOUNT.

$$
