000
CXUS56 KSEW 011031
CLMUIL


CLIMATE REPORT
NATIONAL WEATHER SERVICE SEATTLE WA
331 AM PDT SAT JUL 1 2017

...................................

...THE QUILLAYUTE WA AIRPORT CLIMATE SUMMARY FOR THE MONTH OF JUNE 2017...

CLIMATE NORMAL PERIOD 1981 TO 2010
CLIMATE RECORD PERIOD 1966 TO 2017

WEATHER         OBSERVED          NORMAL  DEPART  LAST YEAR`S
                 VALUE   DATE(S)  VALUE   FROM    VALUE  DATE(S)
                                          NORMAL
................................................................
TEMPERATURE (F)
RECORD
 HIGH              96   06/18/1982
 LOW               33   06/02/1976
                        06/01/1976
HIGHEST            92   06/24        MM      MM       90  06/04
LOWEST             41   06/17        MM      MM       38  06/16
                        06/05
AVG. MAXIMUM     64.9              63.1     1.8     65.2
AVG. MINIMUM     47.6              47.5     0.1     48.3
MEAN             56.2              55.3     0.9     56.8
DAYS MAX >= 90      1               0.1     0.9        1
DAYS MAX <= 32      0               0.0     0.0        0
DAYS MIN <= 32      0               0.0     0.0        0
DAYS MIN <= 0       0               0.0     0.0        0

PRECIPITATION (INCHES)
RECORD
 MAXIMUM         8.83   1997
 MINIMUM         0.20   2015
TOTALS           4.30              3.50    0.80     3.52
DAILY AVG.       0.14              0.12    0.02     0.12
DAYS >= .01        12              14.4    -2.4       15
DAYS >= .10         8               7.6     0.4       10
DAYS >= .50         2               2.1    -0.1        2
DAYS >= 1.00        1               0.6     0.4        0
GREATEST
 24 HR. TOTAL    1.97   06/15 TO 06/15

DEGREE_DAYS
HEATING TOTAL     268               294     -26      249
 SINCE 7/1       5671              5762     -91     4638
COOLING TOTAL      11                 3       8       11
 SINCE 1/1         11                 4       7       11
.................................................................

WIND (MPH)
AVERAGE WIND SPEED              5.0
HIGHEST WIND SPEED/DIRECTION    20/150    DATE  06/15
HIGHEST GUST SPEED/DIRECTION    37/140    DATE  06/15

SKY COVER
POSSIBLE SUNSHINE (PERCENT)   MM
AVERAGE SKY COVER           0.60
NUMBER OF DAYS FAIR            8
NUMBER OF DAYS PC              8
NUMBER OF DAYS CLOUDY         14

AVERAGE RH (PERCENT)     80

WEATHER CONDITIONS. NUMBER OF DAYS WITH
THUNDERSTORM              0     MIXED PRECIP               0
HEAVY RAIN                2     RAIN                       4
LIGHT RAIN               15     FREEZING RAIN              0
LT FREEZING RAIN          0     HAIL                       0
HEAVY SNOW                0     SNOW                       0
LIGHT SNOW                0     SLEET                      0
FOG                      14     FOG W/VIS <= 1/4 MILE      2
HAZE                      0

-  INDICATES NEGATIVE NUMBERS.
R  INDICATES RECORD WAS SET OR TIED.
MM INDICATES DATA IS MISSING.
T  INDICATES TRACE AMOUNT.

$$
