000
CXUS53 KLSX 011534
CLMUIN

CLIMATE REPORT
NATIONAL WEATHER SERVICE ST LOUIS MO
1014 AM CDT THU JUN 1 2017

...................................

...THE QUINCY IL CLIMATE SUMMARY FOR THE MONTH OF MAY 2017...

CLIMATE NORMAL PERIOD 1981 TO 2010
CLIMATE RECORD PERIOD 1901 TO 2017

WEATHER         OBSERVED          NORMAL  DEPART  LAST YEAR`S
                 VALUE   DATE(S)  VALUE   FROM    VALUE
                                          NORMAL
.............................................................
TEMPERATURE (F)
RECORD
 HIGH             103   05/30/1934
 LOW               26   05/04/1907
HIGHEST            86   05/16                         85
                        05/15
LOWEST             41   05/05                         40
AVG. MAXIMUM     73.5              72.7     0.8     72.6
AVG. MINIMUM     53.2              52.9     0.3     52.8
MEAN             63.4              62.8     0.6     62.7
DAYS MAX >= 90      0               0.2    -0.2        0
DAYS MAX <= 32      0               0.0     0.0        0
DAYS MIN <= 32      0               0.1    -0.1        0
DAYS MIN <= 0       0               0.0     0.0        0

PRECIPITATION (INCHES)
RECORD
 MAXIMUM        13.70   1935
 MINIMUM         0.45   1992
                        1901
TOTALS           4.74              4.54    0.20     3.64
DAILY AVG.       0.15              0.15    0.00     0.12
DAYS >= .01        12              12.2    -0.2       10
DAYS >= .10         6               7.7    -1.7        8
DAYS >= .50         4               2.9     1.1        3
DAYS >= 1.00        1               1.4    -0.4        1
GREATEST
 24 HR. TOTAL    1.96   05/19 TO 05/19

DEGREE_DAYS
HEATING TOTAL     122               136     -14      148
 SINCE 7/1       4433              5566   -1133     4592
COOLING TOTAL      77                68       9       83
 SINCE 1/1        109                86      23      104
..............................................................

WIND (MPH)
HIGHEST WIND SPEED/DIRECTION    33/180    DATE  05/17
HIGHEST GUST SPEED/DIRECTION    49/180    DATE  05/17

SKY COVER
NUMBER OF DAYS FAIR           20
NUMBER OF DAYS PC              6
NUMBER OF DAYS CLOUDY          5


WEATHER CONDITIONS. NUMBER OF DAYS WITH
THUNDERSTORM              5     MIXED PRECIP               0
HEAVY RAIN                4     RAIN                       6
LIGHT RAIN               15     FREEZING RAIN              0
LT FREEZING RAIN          0     HEAVY SNOW                 0
SNOW                      0     LIGHT SNOW                 0
SLEET                     0     FOG                       14
FOG W/VIS <= 1/4 MILE     2     HAZE                       3

-  INDICATES NEGATIVE NUMBERS.
R  INDICATES RECORD WAS SET OR TIED.
MM INDICATES DATA IS MISSING.
T  INDICATES TRACE AMOUNT.

$$


...MONTHLY...

NO RECORDS OF NOTE.


..DAILY...

1 RECORD HIGH MINIMUM TEMPERATURE SET ( 77 DEGREES ON 05/17.
PREVIOUS 69 DEGREES IN 1996.


1 RECORD RAINFALL VALUES SET ( 1.96 INCHES ON 05/19. PREVIOUS 1.75
INCHES IN 1931.
