000
CXUS54 KCRP 011818
CLMVCT

CLIMATE REPORT
NATIONAL WEATHER SERVICE CORPUS CHRISTI TX
1144 AM CST FRI DEC 1 2017

...................................

...THE VICTORIA CLIMATE SUMMARY FOR THE MONTH OF NOVEMBER 2017...

CLIMATE NORMAL PERIOD 1981 TO 2010
CLIMATE RECORD PERIOD 1893 TO 2017

WEATHER         OBSERVED          NORMAL  DEPART  LAST YEAR`S
                 VALUE   DATE(S)  VALUE   FROM    VALUE  DATE(S)
                                          NORMAL
................................................................
TEMPERATURE (F)
RECORD
 HIGH              93   11/04/1988
                        11/13/1925
                        11/12/1925
                        11/11/1924
 LOW               18   11/30/1911
HIGHEST            89   11/07        74      15       90  11/03
                        11/06                             11/02
                        11/05
LOWEST             34   11/23        52     -18       35  11/20
AVG. MAXIMUM     79.5              74.2     5.3     79.1
AVG. MINIMUM     54.5              51.8     2.7     56.2
MEAN             67.0              63.0     4.0     67.7
DAYS MAX >= 90      0               0.1    -0.1        2
DAYS MAX <= 32      0               0.0     0.0        0
DAYS MIN <= 32      0               0.5    -0.5        0
DAYS MIN <= 0       0               0.0     0.0        0

PRECIPITATION (INCHES)
RECORD
 MAXIMUM        16.14   2004
 MINIMUM         0.00   1945
                        1924
                        1910
TOTALS           0.48              3.24   -2.76     4.05
DAILY AVG.       0.02              0.11   -0.09     0.14
DAYS >= .01         4               7.3    -3.3        5
DAYS >= .10         1               4.0    -3.0        4
DAYS >= .50         0               1.9    -1.9        2
DAYS >= 1.00        0               0.8    -0.8        2
GREATEST
 24 HR. TOTAL    0.36   11/12 TO 11/12           11/18 TO 11/18


SNOWFALL (INCHES)
RECORDS
 TOTAL            0.2   11/28/1976
 24 HR TOTAL      0.2   11/28/1976
TOTALS            0.0               0.0     0.0      0.0
SINCE 7/1         0.0               0.0     0.0      0.0
SNOWDEPTH AVG.      0                 0       0        0
DAYS >= 1.0         0               0.0     0.0        0
GREATEST
 SNOW DEPTH         0   MM                             0
 24 HR TOTAL      0.0   MM                           0.0

DEGREE_DAYS
HEATING TOTAL      74               140     -66       44
 SINCE 7/1        118               163     -45       50
COOLING TOTAL     141                80      61      131
 SINCE 1/1       3681              3123     558     3427
.........................................................

WIND (MPH)
AVERAGE WIND SPEED              7.9
HIGHEST WIND SPEED/DIRECTION    29/360    DATE  11/18
HIGHEST GUST SPEED/DIRECTION    38/360    DATE  11/18

SKY COVER
AVERAGE SKY COVER           0.50

AVERAGE RH (PERCENT)     72

WEATHER CONDITIONS. NUMBER OF DAYS WITH
THUNDERSTORM              0     MIXED PRECIP               0
HEAVY RAIN                1     RAIN                       2
LIGHT RAIN                4     FREEZING RAIN              0
LT FREEZING RAIN          0     HAIL                       0
HEAVY SNOW                0     SNOW                       0
LIGHT SNOW                0     SLEET                      0
FOG                      23     FOG W/VIS <= 1/4 MILE     10
HAZE                      4

-  INDICATES NEGATIVE NUMBERS.
R  INDICATES RECORD WAS SET OR TIED.
MM INDICATES DATA IS MISSING.
T  INDICATES TRACE AMOUNT.

$$

88
