000
CXUS55 KRIW 012134
CLMWRL

CLIMATE REPORT
NATIONAL WEATHER SERVICE RIVERTON WY
235 PM MST WED MAR 1 2017

...PRELIMINARY MONTHLY CLIMATE SUMMARY FOR WORLAND MUNICIPAL AIRPORT
FOR THE MONTH OF FEBRUARY 2017...

...OFFICIAL CLIMATE DATA FOR THE MONTH OF FEBRUARY 2017 WILL BE
AVAILABLE APPROXIMATELY IN APRIL 2017 FROM THE NATIONAL CENTER FOR
ENVIRONMENTAL INFORMATION (HTTP://WWW.NCEI.NOAA.GOV/OL/
CLIMATEDATA.HTML). UNOFFICIAL ASOS DAILY SUMMARIES ARE AVAILABLE ON
THE INTERNET AT HTTP://WWW.WEATHER.GOV/CLIMATE/INDEX.PHP?WFO=RIW

...WORLAND WAS WARMER IN FEBRUARY WITH NORMAL PRECIPITATION...

THE AVERAGE TEMPERATURE FOR WORLAND IN FEBRUARY WAS 25.4 DEGREES
WHICH WAS 1.6 DEGREES ABOVE NORMAL. THE WARMEST READING OF THE MONTH
WAS 59 DEGREES ON THE 21ST...AND THE COLDEST READING WAS 19 DEGREES
BELOW ZERO ON THE 3RD. NO DAILY TEMPERATURE RECORDS WERE BROKEN.

TOTAL PRECIPITATION FOR THE MONTH WAS 0.20 OF AN INCH...WHICH WAS
JUST 0.01 INCHES ABOVE NORMAL...OR 105 PERCENT OF NORMAL. THE
WETTEST 24 HOUR PERIOD WAS THE 23RD TO 24TH WHEN 0.09 INCHES FELL.
NO PRECIPITATION RECORDS WERE BROKEN IN FEBRUARY.

THE HIGHEST WIND GUST WAS 40 MPH ON BOTH THE 6TH AND THE 11TH.

...THE WORLAND WY CLIMATE SUMMARY FOR THE MONTH OF FEBRUARY 2017...

CLIMATE NORMAL PERIOD 1981 TO 2010
CLIMATE RECORD PERIOD 1947 TO 2017

WEATHER         OBSERVED          NORMAL  DEPART
                 VALUE   DATE(S)  VALUE   FROM
                                          NORMAL
................................................
TEMPERATURE (F)
RECORD
 HIGH              70   02/21/1982
 LOW              -37   02/02/1996
HIGHEST            59   02/21
LOWEST            -19   02/03
AVG. MAXIMUM     37.4              37.4     0.0
AVG. MINIMUM     13.4              10.2     3.2
MEAN             25.4              23.8     1.6
DAYS MAX >= 90      0
DAYS MAX <= 32      9
DAYS MIN <= 32     26
DAYS MIN <= 0       4

PRECIPITATION (INCHES)
RECORD
 MAXIMUM         0.97   MM
 MINIMUM         0.00   1999
TOTALS           0.20              0.19    0.01
DAILY AVG.       0.01
DAYS >= .01         5
DAYS >= .10         0
DAYS >= .50         0
DAYS >= 1.00        0
GREATEST
 24 HR. TOTAL    0.09   02/23 TO 02/24

DEGREE_DAYS
HEATING TOTAL    1102              1153     -51
 SINCE 7/1       5875              6001    -126
COOLING TOTAL       0                 0       0
 SINCE 1/1          0                 0       0
.................................................

WIND (MPH)
AVERAGE WIND SPEED              5.6
RESULTANT WIND SPEED/DIRECTION   2/170
HIGHEST WIND SPEED/DIRECTION    32/350    DATE  02/06
HIGHEST GUST SPEED/DIRECTION    40/350    DATE  02/11

SKY COVER
POSSIBLE SUNSHINE (PERCENT)   MM
AVERAGE SKY COVER           0.20
NUMBER OF DAYS FAIR           22
NUMBER OF DAYS PC              1
NUMBER OF DAYS CLOUDY          5

AVERAGE RH (PERCENT)     76

WEATHER CONDITIONS. NUMBER OF DAYS WITH
THUNDERSTORM              0     MIXED PRECIP               0
HEAVY RAIN                0     RAIN                       0
LIGHT RAIN                1     FREEZING RAIN              0
LT FREEZING RAIN          0     HAIL                       0
HEAVY SNOW                0     SNOW                       3
LIGHT SNOW                7     SLEET                      0
FOG                      12     FOG W/VIS <= 1/4 MILE      2
HAZE                      3

-  INDICATES NEGATIVE NUMBERS.
R  INDICATES RECORD WAS SET OR TIED.
MM INDICATES DATA IS MISSING.
T  INDICATES TRACE AMOUNT.

LOOKING AHEAD TO MARCH 2017...THE AVERAGE HIGH TEMPERATURE ON THE
FIRST OF THE MONTH IS 44 DEGREES... AND THE AVERAGE LOW TEMPERATURE
IS 16 DEGREES. THE AVERAGE HIGH BY THE END OF THE MONTH IS 56
DEGREES...AND THE AVERAGE LOW TEMPERATURE IS 27 DEGREES. THE AVERAGE
MONTHLY PRECIPITATION IS 0.46 INCHES.

$$
