000
CXUS51 KCLE 011415
CLMYNG


CLIMATE REPORT
NATIONAL WEATHER SERVICE CLEVELAND OH
1011 AM EDT TUE SEP 1 2015

...................................

...THE YOUNGSTOWN OH CLIMATE SUMMARY FOR THE MONTH OF AUGUST 2015...

CLIMATE NORMAL PERIOD 1981 TO 2010
CLIMATE RECORD PERIOD 1897 TO 2015

WEATHER         OBSERVED          NORMAL  DEPART  LAST YEAR`S
                 VALUE   DATE(S)  VALUE   FROM    VALUE
                                          NORMAL
.............................................................
TEMPERATURE (F)
RECORD
 HIGH              97   08/17/1988
                        08/30/1953
 LOW               32   08/29/1982
HIGHEST            89   08/17
LOWEST             48   08/22
AVG. MAXIMUM     80.4              79.9     0.5     78.9
AVG. MINIMUM     57.6              58.3    -0.7     58.0
MEAN             69.0              69.1    -0.1     68.4
DAYS MAX >= 90      0               1.7    -1.7        0
DAYS MAX <= 32      0               0.0     0.0        0
DAYS MIN <= 32      0               0.0     0.0        0
DAYS MIN <= 0       0               0.0     0.0        0

PRECIPITATION (INCHES)
RECORD
 MAXIMUM         7.86   1956
 MINIMUM         0.51
TOTALS           2.83              3.24   -0.41     6.26
DAYS >= .01         6              10.0    -4.0       12
DAYS >= .10         4               6.0    -2.0       11
DAYS >= .50         2               2.1    -0.1        4
DAYS >= 1.00        1               0.7     0.3        1
GREATEST
 24 HR. TOTAL    1.43   08/10 TO 08/11              2.32

SNOWFALL (INCHES)
RECORDS
 TOTAL            0.0               M
TOTALS            0.0               0.0     0.0      0.0
SINCE 7/1         0.0               0.0     0.0      0.0
DAYS >= 1.0         0               0.0     0.0        0
GREATEST
 24 HR TOTAL      0.0   08/31 TO 08/31

DEGREE_DAYS
HEATING TOTAL      22                25      -3       24
 SINCE 7/1         29                38      -9       52
COOLING TOTAL     153               152       1      139
 SINCE 1/1        560               486      74      477
..............................................................

WIND (MPH)
AVERAGE WIND SPEED              6.0
HIGHEST WIND SPEED/DIRECTION    22/340    DATE  08/12
HIGHEST GUST SPEED/DIRECTION    34/290    DATE  08/03

SKY COVER
AVERAGE SKY COVER           0.60

AVERAGE RH (PERCENT)     71

WEATHER CONDITIONS. NUMBER OF DAYS WITH
THUNDERSTORM              0     MIXED PRECIP               0
HEAVY RAIN                3     RAIN                       3
LIGHT RAIN               10     FREEZING RAIN              0
LT FREEZING RAIN          0     HAIL                       0
HEAVY SNOW                0     SNOW                       0
LIGHT SNOW                0     SLEET                      0
FOG                      17     FOG W/VIS <= 1/4 MILE      0
HAZE                      1

-  INDICATES NEGATIVE NUMBERS.
R  INDICATES RECORD WAS SET OR TIED.
MM INDICATES DATA IS MISSING.
T  INDICATES TRACE AMOUNT.

$$
