000
CXUS51 KOKX 011522
CLSBDR

CLIMATE REPORT
NATIONAL WEATHER SERVICE NEW YORK NY
1119 AM EDT THU JUN 1 2017



...THE BRIDGEPORT CT CLIMATE SUMMARY FOR THE SEASON, FROM
3/1/2017 TO 5/31/2017...

CLIMATE NORMAL PERIOD 1981 TO 2010
CLIMATE RECORD PERIOD 1948 TO 2017

WEATHER         OBSERVED          NORMAL  DEPART  LAST YEAR`S
                 VALUE   DATE(S)  VALUE   FROM    VALUE
                                          NORMAL
.............................................................
TEMPERATURE (F)
RECORD
 HIGH              97   05/20/1996
 LOW                4   03/19/1967
HIGHEST            93   05/18        MM      MM
LOWEST             13   03/05        MM      MM
AVG. MAXIMUM     58.0              57.5     0.5
AVG. MINIMUM     42.7              41.0     1.7
MEAN             50.3              49.2     1.1
DAYS MAX >= 90      1               0.1     0.9
DAYS MAX <= 32      4               0.9     3.1
DAYS MIN <= 32     16              17.5    -1.5
DAYS MIN <= 0       0               0.0     0.0

PRECIPITATION (INCHES)
RECORD
 MAXIMUM        24.70   1983
 MINIMUM         4.38   1986
TOTALS          14.65             11.98    2.67     8.38
DAILY AVG.       0.16              0.13    0.03
DAYS >= .01        33              34.1    -1.1
DAYS >= .10        22              21.5     0.5
DAYS >= .50        11               7.1     3.9
DAYS >= 1.00        6               2.8     3.2
GREATEST
 24 HR. TOTAL    1.82   MM
 STORM TOTAL       MM
 (MM/DD(HH))            MM

SNOWFALL (INCHES)
RECORDS
 TOTAL           22.0   1996
 24 HR TOTAL     11.1   03/22/1967 TO 03/22/1967
TOTALS           11.1               6.0     5.1
 LIQUID EQUIV    1.11              0.60    0.51
SINCE 7/1        40.9              27.6    13.3
 LIQUID 7/1      4.09
DAYS >= TRACE       6               2.7     3.3
DAYS >= 1.0         2               1.9     0.1
GREATEST
 SNOW DEPTH         7   03/16
                        03/15
 24 HR TOTAL      7.1   MM
 STORM TOTAL       MM
 (MM/DD(HH))            MM

DEGREE_DAYS
HEATING TOTAL    1373              1473    -100
 SINCE 7/1         MM              5360      MM
COOLING TOTAL      44                24      20
 SINCE 1/1         44                24      20
..............................................................

WIND (MPH)
AVERAGE WIND SPEED              10.3
HIGHEST WIND SPEED/DIRECTION    38/040    DATE  03/14
HIGHEST GUST SPEED/DIRECTION    52/280    DATE  03/02

SKY COVER
POSSIBLE SUNSHINE (PERCENT)   MM
AVERAGE SKY COVER           0.50
NUMBER OF DAYS FAIR           37
NUMBER OF DAYS PC             27
NUMBER OF DAYS CLOUDY         28

AVERAGE RH (PERCENT)     63

WEATHER CONDITIONS. NUMBER OF DAYS WITH
THUNDERSTORM              0     MIXED PRECIP               0
HEAVY RAIN               13     RAIN                      21
LIGHT RAIN               40     FREEZING RAIN              1
LT FREEZING RAIN          0     HAIL                       0
HEAVY SNOW                1     SNOW                       2
LIGHT SNOW                3     SLEET                      0
FOG                      34     FOG W/VIS <= 1/4 MILE      6
HAZE                     12

-  INDICATES NEGATIVE NUMBERS.
R  INDICATES RECORD WAS SET OR TIED.
MM INDICATES DATA IS MISSING.
T  INDICATES TRACE AMOUNT.

$$
