000
CXUS51 KALY 021702
CLSDDH

CLIMATE REPORT
NATIONAL WEATHER SERVICE ALBANY NY
100 PM EDT WED SEP 2 2015

...................................

...THE BENNINGTON VT CLIMATE SUMMARY FOR THE SEASON, FROM
6/1/2015 TO 8/31/2015...

CLIMATE NORMAL PERIOD 1981 TO 2010
CLIMATE RECORD PERIOD 9999 TO 9999

WEATHER         OBSERVED          NORMAL  DEPART  LAST YEAR`S
                 VALUE   DATE(S)  VALUE   FROM    VALUE  DATE(S)
                                          NORMAL
................................................................
TEMPERATURE (F)
HIGHEST            90   08/18                         89  07/02
                        07/29                             07/01
LOWEST             33R  06/07                         42  06/01
AVG. MAXIMUM     78.6              77.4     1.2     77.9
AVG. MINIMUM     54.5              54.9    -0.4     54.5
MEAN             66.6              66.1     0.5     66.2
DAYS MAX >= 90      2               1.1     0.9        0
DAYS MAX <= 32      0               0.0     0.0        0
DAYS MIN <= 32      0               0.2    -0.2        0
DAYS MIN <= 0       0               0.0     0.0        0

PRECIPITATION (INCHES)
TOTALS           6.67             12.47   -5.80    13.13
DAILY AVG.       0.08              0.14   -0.06     0.14
DAYS >= .01        29                                 41
DAYS >= .10        17                                 24
DAYS >= .50         2                                 10
DAYS >= 1.00        0                                  3
GREATEST
 24 HR. TOTAL    0.89   MM

DEGREE_DAYS
HEATING TOTAL     134               169     -35
 SINCE 7/1         39                72     -33
COOLING TOTAL     304               274      30
 SINCE 1/1        368               288      80

FREEZE DATES
EARLIEST                        10/01
LATEST                          05/10
.................................................................

WIND (MPH)
AVERAGE WIND SPEED              3.9
HIGHEST WIND SPEED/DIRECTION    25/120    DATE  06/28
HIGHEST GUST SPEED/DIRECTION    43/120    DATE  06/28


WEATHER CONDITIONS. NUMBER OF DAYS WITH
THUNDERSTORM              0     MIXED PRECIP               0
HEAVY RAIN               10     RAIN                      15
LIGHT RAIN               41     FREEZING RAIN              0
LT FREEZING RAIN          0     HAIL                       0
HEAVY SNOW                0     SNOW                       0
LIGHT SNOW                0     SLEET                      0
FOG                      73     FOG W/VIS <= 1/4 MILE     16
HAZE                     38

-  INDICATES NEGATIVE NUMBERS.
R  INDICATES RECORD WAS SET OR TIED.
MM INDICATES DATA IS MISSING.
T  INDICATES TRACE AMOUNT.

$$
