000
CXUS53 KEAX 020444 RRA
CLSDMO

CLIMATE REPORT
NATIONAL WEATHER SERVICE KANSAS CITY/PLEASANT HILL MO
1138 PM CDT THU JUN 1 2017

...................................

...THE SEDALIA CLIMATE SUMMARY FOR THE SEASON, FROM
3/1/2017 TO 5/31/2017...

CLIMATE NORMAL PERIOD 1981 TO 2010
CLIMATE RECORD PERIOD 9999 TO 9999

WEATHER         OBSERVED          NORMAL  DEPART  LAST YEAR`S
                 VALUE   DATE(S)  VALUE   FROM    VALUE  DATE(S)
                                          NORMAL
................................................................
TEMPERATURE (F)
HIGHEST            88   05/18        87       1       87  05/26
                        05/15                             05/07
LOWEST             17   03/15        15       2       20  03/02
AVG. MAXIMUM     68.7              66.6     2.1     69.2
AVG. MINIMUM     48.6              45.8     2.8     47.6
MEAN             58.7              56.2     2.5     58.4
DAYS MAX >= 90      0               0.4    -0.4        0
DAYS MAX <= 32      0               0.9    -0.9        0
DAYS MIN <= 32      8              21.6   -13.6       10
DAYS MIN <= 0       0               0.0     0.0        0

PRECIPITATION (INCHES)
TOTALS          14.77             11.55    3.22     6.92
DAILY AVG.       0.16              0.13    0.03     0.10
DAYS >= .01        39              31.5     7.5       34
DAYS >= .10        25              20.0     5.0       15
DAYS >= .50         9               7.9     1.1        5
DAYS >= 1.00        4               3.0     1.0        2
GREATEST
 24 HR. TOTAL    3.03   MM

DEGREE_DAYS
HEATING TOTAL     721               948    -227      692
COOLING TOTAL     163               140      23      122
.................................................................

WIND (MPH)
AVERAGE WIND SPEED              10.8
HIGHEST WIND SPEED/DIRECTION    45/290    DATE  03/06
HIGHEST GUST SPEED/DIRECTION    57/290    DATE  03/06

SKY COVER
POSSIBLE SUNSHINE (PERCENT)    0
AVERAGE SKY COVER           0.40
NUMBER OF DAYS FAIR           46
NUMBER OF DAYS PC             23
NUMBER OF DAYS CLOUDY         23

AVERAGE RH (PERCENT)     66

WEATHER CONDITIONS. NUMBER OF DAYS WITH
THUNDERSTORM             18     MIXED PRECIP               0
HEAVY RAIN               14     RAIN                      20
LIGHT RAIN               43     FREEZING RAIN              0
LT FREEZING RAIN          0     HAIL                       0
HEAVY SNOW                0     SNOW                       0
LIGHT SNOW                2     SLEET                      0
FOG                      38     FOG W/VIS <= 1/4 MILE      4
HAZE                      8

-  INDICATES NEGATIVE NUMBERS.
R  INDICATES RECORD WAS SET OR TIED.
MM INDICATES DATA IS MISSING.
T  INDICATES TRACE AMOUNT.

$$
