000
CXUS51 KOKX 031119 CCA
CLSEWR

CLIMATE REPORT...CORRECTED
NATIONAL WEATHER SERVICE NEW YORK NY
613 AM EST TUE MAR 3 2015

...................................

...THE NEWARK NJ CLIMATE SUMMARY FOR THE SEASON, FROM
12/1/2014 TO 2/28/2015...

CLIMATE NORMAL PERIOD 1981 TO 2010
CLIMATE RECORD PERIOD 1929 TO 2015

WEATHER         OBSERVED          NORMAL  DEPART  LAST YEAR`S
                 VALUE   DATE(S)  VALUE   FROM    VALUE
                                          NORMAL
.............................................................
TEMPERATURE (F)
RECORD
 HIGH              76   12/07/1998
                        02/15/1949
 LOW              -14   02/09/1934
HIGHEST            66   12/01        MM      MM
LOWEST              1   02/20        MM      MM
AVG. MAXIMUM     37.7              41.5    -3.8
AVG. MINIMUM     23.0              27.0    -4.0
MEAN             30.4              34.2    -3.8
DAYS MAX >= 90      0               0.0     0.0
DAYS MAX <= 32     26              14.7    11.3
DAYS MIN <= 32     68              62.6     5.4
DAYS MIN <= 0       0               0.4    -0.4

PRECIPITATION (INCHES)
RECORD
 MAXIMUM        20.41   1978-79
 MINIMUM         4.38   2001-02
TOTALS          11.39             10.23    1.16    12.34
DAILY AVG.       0.12              0.11    0.01
DAYS >= .01        33              30.8     2.2
DAYS >= .10        17              18.4    -1.4
DAYS >= .50         8               7.6     0.4
DAYS >= 1.00        5               2.7     2.3
GREATEST
 24 HR. TOTAL    1.84   01/18 TO 01/18
 STORM TOTAL       MM
 (MM/DD(HH))            MM

SNOWFALL (INCHES)
RECORDS
 TOTAL           66.0   2011
 24 HR TOTAL     17.7   MM
TOTALS           28.7              22.6     6.1
 LIQUID EQUIV    2.87              2.30    0.57
SINCE 7/1        30.1              23.0     7.1
 LIQUID 7/1      3.01
DAYS >= TRACE      33              11.3    21.7
DAYS >= 1.0         7               5.2     1.8
GREATEST
 SNOW DEPTH         8   02/22
                        02/04
                        02/17
 24 HR TOTAL      5.1   01/24 TO 01/24
 STORM TOTAL       MM
 (MM/DD(HH))            MM

DEGREE_DAYS
HEATING TOTAL    3071              2767     304
 SINCE 7/1         MM              3635      MM
COOLING TOTAL       0                 0       0
 SINCE 1/1          0                 0       0
..............................................................

WIND (MPH)
AVERAGE WIND SPEED              10.6
HIGHEST WIND SPEED/DIRECTION    37/270    DATE  01/05
HIGHEST GUST SPEED/DIRECTION    47/260    DATE  01/05

SKY COVER
POSSIBLE SUNSHINE (PERCENT)   MM
AVERAGE SKY COVER           0.70
NUMBER OF DAYS FAIR           11
NUMBER OF DAYS PC             40
NUMBER OF DAYS CLOUDY         39

AVERAGE RH (PERCENT)     63

WEATHER CONDITIONS. NUMBER OF DAYS WITH
THUNDERSTORM              0     MIXED PRECIP               1
HEAVY RAIN                2     RAIN                      10
LIGHT RAIN               21     FREEZING RAIN              2
LT FREEZING RAIN          6     HAIL                       0
HEAVY SNOW                1     SNOW                      10
LIGHT SNOW               28     SLEET                      8
FOG                      33     FOG W/VIS <= 1/4 MILE      5
HAZE                      1

-  INDICATES NEGATIVE NUMBERS.
R  INDICATES RECORD WAS SET OR TIED.
MM INDICATES DATA IS MISSING.
T  INDICATES TRACE AMOUNT.

$$
