000
CXUS54 KLZK 021342
CLSHRO

CLIMATE REPORT
NATIONAL WEATHER SERVICE LITTLE ROCK AR
732 AM CST WED MAR 2 2016

...................................

...THE HARRISON CLIMATE SUMMARY FOR THE SEASON, FROM
12/1/2015 TO 2/29/2016...

CLIMATE NORMAL PERIOD 1981 TO 2010
CLIMATE RECORD PERIOD 1891 TO 2016

WEATHER         OBSERVED          NORMAL  DEPART  LAST YEAR`S
                 VALUE   DATE(S)  VALUE   FROM    VALUE  DATE(S)
                                          NORMAL
................................................................
TEMPERATURE (F)
RECORD
 HIGH              87   02/05/1927
 LOW              -24   02/12/1899
HIGHEST            75   02/20        47      28       75  02/07
LOWEST              7   01/18        28     -21        2  01/08
AVG. MAXIMUM     53.0              48.2     4.8     45.5
AVG. MINIMUM     32.1              28.3     3.8     27.3
MEAN             42.6              38.3     4.3     36.4
DAYS MAX >= 90      0               0.0     0.0        0
DAYS MAX <= 32      5               8.4    -3.4       11
DAYS MIN <= 32     54              58.4    -4.4       59
DAYS MIN <= 0       0               0.6    -0.6        0

PRECIPITATION (INCHES)
RECORD
 MAXIMUM        16.31   1938
 MINIMUM         2.66   1963
TOTALS          10.72              8.40    2.32     5.79
DAILY AVG.       0.12              0.09    0.03     0.06
DAYS >= .01        18              24.2    -6.2       29
DAYS >= .10        13                                 15
DAYS >= .50         6                                  5
DAYS >= 1.00        3               1.7     1.3        0
GREATEST
 24 HR. TOTAL    4.63   12/26 TO 12/27

SNOWFALL (INCHES)
RECORDS
 TOTAL           42.2   1918
 24 HR TOTAL     14.3   02/15/1993
 SNOW DEPTH        14   02/16/1993
TOTALS            3.7               8.7    -5.0      8.7
 LIQUID EQUIV    0.37              0.90   -0.53     0.87
SINCE 7/1         3.7
 LIQUID 7/1      0.37              0.80   -0.43     0.93
SNOWDEPTH AVG.      0                 T       0        0
DAYS >= TRACE      10                MM      MM       16
DAYS >= 1.0         1                MM      MM        2
GREATEST
 SNOW DEPTH         1   02/24
 24 HR TOTAL      3.0   02/23 TO 02/24

DEGREE_DAYS
HEATING TOTAL    2027              2408    -381     2541
 SINCE 7/1         MM              3193      MM       MM
COOLING TOTAL       2                 1       1        0
 SINCE 1/1          0                 0       0        0

FREEZE DATES
RECORD
 EARLIEST     09/13/1902
 LATEST       05/17/1912
EARLIEST                        10/29
LATEST                          04/04
.......................................................

WIND (MPH)
AVERAGE WIND SPEED              8.6
HIGHEST WIND SPEED/DIRECTION    31/170    DATE  12/13
HIGHEST GUST SPEED/DIRECTION    42/260    DATE  02/28

SKY COVER
POSSIBLE SUNSHINE (PERCENT)   MM
AVERAGE SKY COVER           0.30
NUMBER OF DAYS FAIR           56
NUMBER OF DAYS PC             21
NUMBER OF DAYS CLOUDY         14

AVERAGE RH (PERCENT)     64

WEATHER CONDITIONS. NUMBER OF DAYS WITH
THUNDERSTORM              0     MIXED PRECIP               0
HEAVY RAIN                7     RAIN                      11
LIGHT RAIN               19     FREEZING RAIN              1
LT FREEZING RAIN          2     HAIL                       0
HEAVY SNOW                0     SNOW                       0
LIGHT SNOW               10     SLEET                      0
FOG                      28     FOG W/VIS <= 1/4 MILE      6
HAZE                      3

-  INDICATES NEGATIVE NUMBERS.
R  INDICATES RECORD WAS SET OR TIED.
MM INDICATES DATA IS MISSING.
T  INDICATES TRACE AMOUNT.

&&

...DATA FOR HARRISON FOR WINTER 2015-2016...

.SUMMARY...
THE WINTER OF 2015-2016 AT HARRISON WAS ONE OF THE WARMEST IN YEARS.
TEMPERATURES IN THE 70S IN MID DECEMBER...LATE JANUARY AND
MID AND LATE FEBRUARY ASSURED THIS WOULD BE POSSIBLE...AND PUT THE
SEASON IN THE RECORD BOOKS.

.SEASONAL TEMPERATURES...
THE AVERAGE HIGH TEMPERATURE WAS THE WARMEST SINCE 1971-1972. THE
AVERAGE LOW TEMPERATURE WAS THE WARMEST SINCE 2011-2012...AND THE
8TH WARMEST ON RECORD. THE AVERAGE SEASONAL TEMPERATURE WAS THE
WARMEST SINCE 1999-2000...AND 6TH WARMEST ON RECORD.

THERE WERE 54 DAYS WITH TEMPERATURES AT OR BELOW FREEZING...WHICH
WAS THE FEWEST IN FOUR YEARS /SINCE 2011-2012/.

.RAINFALL...
RAINFALL WAS ABOVE AVERAGE FOR THE FIRST TIME IN THREE YEARS /SINCE
2012-2013/. IT WAS THE WETTEST WINTER SINCE 2008-2009.

.SNOWFALL...
SNOWFALL WAS BELOW AVERAGE FOR THE FIRST TIME SINCE THE WINTER OF
2012-2013. MEASURABLE SNOW FELL IN JANUARY AND FEBRUARY. THE HIGHEST
24-HOUR SNOWFALL WAS DURING THE FEBRUARY 23RD-24TH STORM...WITH 3.0
INCHES OF ACCUMULATION.

$$

57
