000
CXUS53 KDVN 011733
CLSIOW


CLIMATE REPORT
NATIONAL WEATHER SERVICE QUAD CITIES IA IL
1133 AM CST THU DEC 1 2016

...................................

...THE IOWA CITY IA CLIMATE SUMMARY FOR THE SEASON, FROM
9/1/2016 TO 11/30/2016...

CLIMATE NORMAL PERIOD 1981 TO 2010
CLIMATE RECORD PERIOD 9999 TO 9999

WEATHER         OBSERVED          NORMAL  DEPART
                 VALUE   DATE(S)  VALUE   FROM
                                          NORMAL
................................................
TEMPERATURE (F)
HIGHEST            92   09/06        80      12
LOWEST             20   11/20        23      -3
AVG. MAXIMUM     68.8              62.2     6.6
AVG. MINIMUM     47.8              41.3     6.5
MEAN             58.3              51.7     6.6
DAYS MAX >= 90      2
DAYS MAX <= 32      0
DAYS MIN <= 32     11
DAYS MIN <= 0       0

PRECIPITATION (INCHES)
TOTALS           6.07              8.61   -2.54
DAILY AVG.       0.07              0.09   -0.02
DAYS >= .01        21
DAYS >= .10        11
DAYS >= .50         5
DAYS >= 1.00        2
GREATEST
 24 HR. TOTAL    1.34   09/22 TO 09/23

DEGREE_DAYS
HEATING TOTAL     800              1299    -499
 SINCE 7/1        802              1307    -505
COOLING TOTAL     216                90     126
 SINCE 1/1       1192               912     280
.................................................

WIND (MPH)
AVERAGE WIND SPEED              7.4
HIGHEST WIND SPEED/DIRECTION    36/290    DATE  11/18
HIGHEST GUST SPEED/DIRECTION    46/280    DATE  11/18

SKY COVER
POSSIBLE SUNSHINE (PERCENT)   MM
AVERAGE SKY COVER           0.30
NUMBER OF DAYS FAIR           57
NUMBER OF DAYS PC             22
NUMBER OF DAYS CLOUDY         12

AVERAGE RH (PERCENT)     71

WEATHER CONDITIONS. NUMBER OF DAYS WITH
THUNDERSTORM              9     HAIL                       0
SLEET                     0     FOG                       31
FOG W/VIS <= 1/4 MILE     7     HAZE                       7

-  INDICATES NEGATIVE NUMBERS.
R  INDICATES RECORD WAS SET OR TIED.
MM INDICATES DATA IS MISSING.
T  INDICATES TRACE AMOUNT.

$$


NOTE: SUPPLEMENTAL CLIMATE DATA WAS USED FROM A NEARBY
CLIMATOLOGICALLY REPRESENTATIVE STATION.
