000
CXUS51 KCTP 020107
CLSIPT

CLIMATE REPORT
NATIONAL WEATHER SERVICE STATE COLLEGE PA
757 PM EST SUN MAR 1 2015

...................................

...THE WILLIAMSPORT PA CLIMATE SUMMARY FOR THE SEASON, FROM
12/1/2014 TO 2/28/2015...

CLIMATE NORMAL PERIOD 1981 TO 2010
CLIMATE RECORD PERIOD 1895 TO 2015

WEATHER         OBSERVED          NORMAL  DEPART  LAST YEAR`S
                 VALUE   DATE(S)  VALUE   FROM    VALUE  DATE(S)
                                          NORMAL
................................................................
TEMPERATURE (F)
RECORD
 HIGH              71   02/24/1985
                        02/16/1954
 LOW              -20   01/21/1994
HIGHEST            55   12/25        MM      MM       64  12/22
LOWEST             -9   02/24        MM      MM       -7  02/12
AVG. MAXIMUM     34.1              36.7    -2.6     33.4
AVG. MINIMUM     17.9              21.7    -3.8     16.2
MEAN             26.0              29.2    -3.2     24.8
DAYS MAX >= 90      0               0.0     0.0        0
DAYS MAX <= 32     32              26.9     5.1       45
DAYS MIN <= 32     77              76.8     0.2       86
DAYS MIN <= 0       9               2.2     6.8        8

PRECIPITATION (INCHES)
RECORD
 MAXIMUM        14.86   1914
 MINIMUM         3.55   1979
TOTALS           5.39              7.97   -2.58     7.44
DAILY AVG.       0.06              0.09   -0.03     0.08
DAYS >= .01        38              31.5     6.5       41
DAYS >= .10        17              16.4     0.6       19
DAYS >= .50         2               5.2    -3.2        5
DAYS >= 1.00        0               1.3    -1.3        1
GREATEST
 24 HR. TOTAL    1.05


SNOWFALL (INCHES)
RECORDS
 TOTAL           74.0   1963
 24 HR TOTAL       MM
 SNOW DEPTH        MM   MM
TOTALS           27.9              26.2     1.7     43.6
 LIQUID EQUIV    2.79              0.00    2.79     4.36
SINCE 7/1        33.0              28.0     5.0     45.8
 LIQUID 7/1      3.30              2.80    0.50     4.58
SNOWDEPTH AVG.      3                MM      MM        3
DAYS >= TRACE      43              18.3    24.7       47
DAYS >= 1.0        10               7.6     2.4       13
GREATEST
 SNOW DEPTH         9   02/02                         13  02/16
                                                          02/15
 24 HR TOTAL      4.5


DEGREE_DAYS
HEATING TOTAL    3467              3221     246     3589
 SINCE 7/1         MM              4467      MM     4832
COOLING TOTAL       0                 0       0        0
 SINCE 1/1          0                 0       0        0

FREEZE DATES
RECORD
 EARLIEST     09/22/1904
 LATEST       05/25/1956
EARLIEST                        09/22
LATEST                          05/25
.........................................................

WIND (MPH)
AVERAGE WIND SPEED              7.1
RESULTANT WIND SPEED/DIRECTION   4/295
HIGHEST WIND SPEED/DIRECTION    36/270    DATE  01/04
HIGHEST GUST SPEED/DIRECTION    47/290    DATE  01/05

SKY COVER
POSSIBLE SUNSHINE (PERCENT)   MM
AVERAGE SKY COVER           0.60
NUMBER OF DAYS FAIR           21
NUMBER OF DAYS PC             31
NUMBER OF DAYS CLOUDY         38

AVERAGE RH (PERCENT)     64

WEATHER CONDITIONS. NUMBER OF DAYS WITH
THUNDERSTORM              0     MIXED PRECIP               0
HEAVY RAIN                1     RAIN                       9
LIGHT RAIN               20     FREEZING RAIN              4
LT FREEZING RAIN          7     HAIL                       0
HEAVY SNOW                3     SNOW                       8
LIGHT SNOW               39     SLEET                      4
FOG                      36     FOG W/VIS <= 1/4 MILE      2
HAZE                     14

-  INDICATES NEGATIVE NUMBERS.
R  INDICATES RECORD WAS SET OR TIED.
MM INDICATES DATA IS MISSING.
T  INDICATES TRACE AMOUNT.

$$

CJE
