000
CXUS53 KEAX 010647
CLSIRK

STLCLMWS3 000
TTAA00 KEAX 010644


CLIMATE REPORT
NATIONAL WEATHER SERVICE KANSAS CITY/PLEASANT HILL MO
143 AM CDT SUN JUN 1 2014

...................................

...THE KIRKSVILLE CLIMATE SUMMARY FOR THE SEASON, FROM
3/1/2014 TO 5/31/2014...

CLIMATE NORMAL PERIOD 1981 TO 2010
CLIMATE RECORD PERIOD 9999 TO 9999

WEATHER         OBSERVED          NORMAL  DEPART  LAST YEAR`S
                 VALUE   DATE(S)  VALUE   FROM    VALUE  DATE(S)
                                          NORMAL
................................................................
TEMPERATURE (F)
HIGHEST            88   05/21        85       3       88  05/14
                        05/07
LOWEST             -7R  03/03        11     -18        8  03/03
AVG. MAXIMUM     62.7              62.0     0.7     57.9
AVG. MINIMUM     37.9              41.0    -3.1     37.1
MEAN             50.3              51.5    -1.2     47.5
DAYS MAX >= 90      0               0.1    -0.1        0
DAYS MAX <= 32      3               2.3     0.7        7
DAYS MIN <= 32     34              24.4     9.6       36
DAYS MIN <= 0       2               0.2     1.8        0

PRECIPITATION (INCHES)
TOTALS           5.55             11.35   -5.80    19.02
DAILY AVG.       0.06              0.12   -0.06     0.21
DAYS >= .01        26              32.7    -6.7       34
DAYS >= .10        15              20.5    -5.5       26
DAYS >= .50         4               7.3    -3.3       11
DAYS >= 1.00        0               2.7    -2.7        5
GREATEST
 24 HR. TOTAL    0.96   MM

DEGREE_DAYS
HEATING TOTAL    1458              1307     151     1655
COOLING TOTAL     122                63      59       68
.................................................................

WIND (MPH)
AVERAGE WIND SPEED              10.2
HIGHEST WIND SPEED/DIRECTION    37/030    DATE  03/11
HIGHEST GUST SPEED/DIRECTION    47/030    DATE  03/11

SKY COVER
POSSIBLE SUNSHINE (PERCENT)   MM
AVERAGE SKY COVER           0.30
NUMBER OF DAYS FAIR           53
NUMBER OF DAYS PC             26
NUMBER OF DAYS CLOUDY         13

AVERAGE RH (PERCENT)     63

WEATHER CONDITIONS. NUMBER OF DAYS WITH
THUNDERSTORM              0     MIXED PRECIP               0
HEAVY RAIN                6     RAIN                      10
LIGHT RAIN               30     FREEZING RAIN              0
LT FREEZING RAIN          0     HAIL                       0
HEAVY SNOW                0     SNOW                       3
LIGHT SNOW                7     SLEET                      0
FOG                      42     FOG W/VIS <= 1/4 MILE      7
HAZE                     17

-  INDICATES NEGATIVE NUMBERS.
R  INDICATES RECORD WAS SET OR TIED.
MM INDICATES DATA IS MISSING.
T  INDICATES TRACE AMOUNT.

$$
