096
CXUS51 KOKX 011555
CLSNYC

CLIMATE REPORT
NATIONAL WEATHER SERVICE NEW YORK NY
1054 AM EST THU DEC 1 2016



...THE CENTRAL PARK NY CLIMATE SUMMARY FOR THE SEASON, FROM
9/1/2016 TO 11/30/2016...

CLIMATE NORMAL PERIOD 1981 TO 2010
CLIMATE RECORD PERIOD 1869 TO 2016

WEATHER         OBSERVED          NORMAL  DEPART  LAST YEAR`S
                 VALUE   DATE(S)  VALUE   FROM    VALUE
                                          NORMAL
.............................................................
TEMPERATURE (F)
RECORD
 HIGH             102   09/02/1953
 LOW                7   11/30/1875
HIGHEST            91   09/14        MM      MM
                        09/09
LOWEST             34   11/20        MM      MM
AVG. MAXIMUM     67.1              64.3     2.8
AVG. MINIMUM     53.1              50.8     2.3
MEAN             60.1              57.5     2.6
DAYS MAX >= 90      3               0.6     2.4
DAYS MAX <= 32      0               0.1    -0.1
DAYS MIN <= 32      0               2.6    -2.6
DAYS MIN <= 0       0               0.0     0.0

PRECIPITATION (INCHES)
RECORD
 MAXIMUM        22.13   1913
 MINIMUM         4.00   1908
TOTALS          12.35             12.70   -0.35     9.20
DAILY AVG.       0.13              0.14   -0.01
DAYS >= .01        22              27.2    -5.2
DAYS >= .10        18              17.7     0.3
DAYS >= .50        10               8.2     1.8
DAYS >= 1.00        4               3.9     0.1
GREATEST
 24 HR. TOTAL    2.20   MM
 STORM TOTAL       MM
 (MM/DD(HH))            MM

SNOWFALL (INCHES)
RECORDS
 TOTAL           19.0   1898
 24 HR TOTAL       MM
TOTALS              T               0.3    -0.3
 LIQUID EQUIV      MM              0.00      MM
SINCE 7/1           T               0.3    -0.3
 LIQUID 7/1        MM
DAYS >= TRACE       1               0.2     0.8
DAYS >= 1.0         0               0.1    -0.1
GREATEST
 SNOW DEPTH         0   MM
 24 HR TOTAL      0.0   MM
 STORM TOTAL       MM
 (MM/DD(HH))            MM

DEGREE_DAYS
HEATING TOTAL     687               831    -144
 SINCE 7/1        687               833    -146
COOLING TOTAL     257               151     106
 SINCE 1/1       1489              1105     384
..............................................................

WIND (MPH)
AVERAGE WIND SPEED              4.9
HIGHEST WIND SPEED/DIRECTION    25/280    DATE  11/20
HIGHEST GUST SPEED/DIRECTION    39/290    DATE  11/21

SKY COVER
POSSIBLE SUNSHINE (PERCENT)   MM
AVERAGE SKY COVER           0.30
NUMBER OF DAYS FAIR           54
NUMBER OF DAYS PC             18
NUMBER OF DAYS CLOUDY         19

AVERAGE RH (PERCENT)     63

WEATHER CONDITIONS. NUMBER OF DAYS WITH
THUNDERSTORM              0     MIXED PRECIP               0
HEAVY RAIN               16     RAIN                      13
LIGHT RAIN               24     FREEZING RAIN              0
LT FREEZING RAIN          0     HAIL                       0
HEAVY SNOW                0     SNOW                       0
LIGHT SNOW                1     SLEET                      0
FOG                      39     FOG W/VIS <= 1/4 MILE      1
HAZE                     22

-  INDICATES NEGATIVE NUMBERS.
R  INDICATES RECORD WAS SET OR TIED.
MM INDICATES DATA IS MISSING.
T  INDICATES TRACE AMOUNT.

$$
