000
CXUS55 KPUB 012325
CLSPUB

CLIMATE REPORT
NATIONAL WEATHER SERVICE PUEBLO
525 PM MDT MON JUN 1 2015

...................................

...THE PUEBLO  CLIMATE SUMMARY FOR THE SEASON...FROM
3/1/2015 TO 5/31/2015...

CLIMATE NORMAL PERIOD 1981 TO 2010
CLIMATE RECORD PERIOD 1888 TO 2015

WEATHER         OBSERVED          NORMAL  DEPART  LAST YEAR`S
                 VALUE   DATE(S)  VALUE   FROM    VALUE  DATE(S)
                                          NORMAL
................................................................
TEMPERATURE (F)
RECORD
 HIGH             102   05/31/2002
                        05/30/2000
                        05/29/2000
 LOW              -20   03/05/1948
HIGHEST            85   03/16                         91  05/29
                                                          05/28
LOWEST              2   03/05                          6  03/02
AVG. MAXIMUM     65.9              67.7    -1.8     67.9
AVG. MINIMUM     36.9              34.5     2.4     36.5
MEAN             51.4              51.1     0.3     52.2
DAYS MAX >= 90      0
DAYS MAX <= 32      2
DAYS MIN <= 32     27
DAYS MIN <= 0       0

PRECIPITATION (INCHES)
RECORD
 MAXIMUM         9.78   1900
 MINIMUM         0.42   2002
TOTALS           7.54              3.84    3.70     3.47
DAILY AVG.       0.08              0.04    0.04
DAYS >= .01        31
DAYS >= .10        16
DAYS >= .50         4
DAYS >= 1.00        2
GREATEST
 24 HR. TOTAL    1.70   05/18 TO 05/19

SNOWFALL (INCHES)
RECORDS
 TOTAL           31.5   1990
 24 HR TOTAL     16.8   04/29/1990 TO 04/30/1990
TOTALS            1.7              10.0    -8.3     10.7
SINCE 7/1        42.8              31.8    11.0
SNOWDEPTH AVG.      0
DAYS >= TRACE       7               6.2     0.8
DAYS >= 1.0         1               2.9    -1.9
GREATEST
 SNOW DEPTH         2   03/01                          5
 24 HR TOTAL      1.7   03/04 TO 03/04           04/13 TO 04/13


DEGREE_DAYS
HEATING TOTAL    1232              1311     -79     1208
 SINCE 7/1       5254              5613    -359     5413
COOLING TOTAL       4                34     -30       52
 SINCE 1/1          4                34     -30       52
....................................................

WIND (MPH)
AVERAGE WIND SPEED              8.6
HIGHEST WIND SPEED/DIRECTION    56/010    DATE  04/02
HIGHEST GUST SPEED/DIRECTION    66/010    DATE  04/02

SKY COVER
POSSIBLE SUNSHINE (PERCENT)   MM
AVERAGE SKY COVER           0.30
NUMBER OF DAYS FAIR           60
NUMBER OF DAYS PC             19
NUMBER OF DAYS CLOUDY         13

AVERAGE RH (PERCENT)     57

WEATHER CONDITIONS. NUMBER OF DAYS WITH
THUNDERSTORM             19     MIXED PRECIP               2
HEAVY RAIN                9     RAIN                      14
LIGHT RAIN               42     FREEZING RAIN              0
LT FREEZING RAIN          1     HAIL                       2
HEAVY SNOW                0     SNOW                       1
LIGHT SNOW                8     SLEET                      0
FOG                      28     FOG W/VIS <= 1/4 MILE      0
HAZE                      5

-  INDICATES NEGATIVE NUMBERS.
R  INDICATES RECORD WAS SET OR TIED.
MM INDICATES DATA IS MISSING.
T  INDICATES TRACE AMOUNT.

$$
