000
CXUS51 KRNK 010941
CLSRNK


CLIMATE REPORT
NATIONAL WEATHER SERVICE BLACKSBURG VA
524 AM EDT TUE SEP 1 2015

...................................

...THE BLACKSBURG VA CLIMATE SUMMARY FOR THE SEASON, FROM
6/1/2015 TO 8/31/2015...

CLIMATE NORMAL PERIOD 1981 TO 2010
CLIMATE RECORD PERIOD 1952 TO 2015

WEATHER         OBSERVED          NORMAL  DEPART  LAST YEAR`S
                 VALUE   DATE(S)  VALUE   FROM    VALUE
                                          NORMAL
.............................................................
TEMPERATURE (F)
RECORD
 HIGH              99   08/23/1983
                        07/15/1954
 LOW               30   06/11/1972
HIGHEST            88   08/05                         89
                        07/30
                        06/25
LOWEST             49   06/29                         47
AVG. MAXIMUM     82.1              80.9     1.2     80.2
AVG. MINIMUM     61.4              58.4     3.0     59.3
MEAN             71.8              69.7     2.1     69.8
DAYS MAX >= 90      0               4.1    -4.1        0
DAYS MAX <= 32      0               0.0     0.0        0
DAYS MIN <= 32      0               0.0     0.0        0
DAYS MIN <= 0       0               0.0     0.0        0

PRECIPITATION (INCHES)
RECORD
 MAXIMUM        19.82   1992
 MINIMUM         6.08   1991
TOTALS          11.83             11.85   -0.02    10.94
DAILY AVG.       0.13              0.13    0.00     0.12
DAYS >= .01        42              34.6     7.4       41
DAYS >= .10        20              22.5    -2.5       24
DAYS >= .50         8               7.9     0.1        5
DAYS >= 1.00        2               2.8    -0.8        1
GREATEST
 24 HR. TOTAL    1.83                               2.40

SNOWFALL (INCHES)
TOTALS              T                                  T
DAYS >= TRACE       1                                  1
DAYS >= 1.0         0                                  0
GREATEST
 24 HR TOTAL      0.0                                0.0

DEGREE_DAYS
HEATING TOTAL      12                55     -43       14
COOLING TOTAL     651               483     168      472
..............................................................

WIND (MPH)
AVERAGE WIND SPEED              3.0
HIGHEST WIND SPEED/DIRECTION    22/310    DATE  07/13
HIGHEST GUST SPEED/DIRECTION    32/310    DATE  07/13

SKY COVER
AVERAGE SKY COVER           0.50

AVERAGE RH (PERCENT)     78

WEATHER CONDITIONS. NUMBER OF DAYS WITH
THUNDERSTORM             25     MIXED PRECIP               0
HEAVY RAIN               19     RAIN                      24
LIGHT RAIN               51     FREEZING RAIN              0
LT FREEZING RAIN          0     HAIL                       1
HEAVY SNOW                0     SNOW                       0
LIGHT SNOW                0     SLEET                      0
FOG                      55     FOG W/VIS <= 1/4 MILE     16
HAZE                      2

-  INDICATES NEGATIVE NUMBERS.
R  INDICATES RECORD WAS SET OR TIED.
MM INDICATES DATA IS MISSING.
T  INDICATES TRACE AMOUNT.

$$

PW
