000
CXUS53 KEAX 011217
CLSSTJ

CLIMATE REPORT
NATIONAL WEATHER SERVICE KANSAS CITY/PLEASANT HILL MO
712 AM CDT THU SEP 1 2016

...................................

...THE ST. JOSEPH MO CLIMATE SUMMARY FOR THE SEASON, FROM
6/1/2016 TO 8/31/2016...

CLIMATE NORMAL PERIOD 1981 TO 2010
CLIMATE RECORD PERIOD 1892 TO 2016

WEATHER         OBSERVED          NORMAL  DEPART  LAST YEAR`S
                 VALUE   DATE(S)  VALUE   FROM    VALUE  DATE(S)
                                          NORMAL
................................................................
TEMPERATURE (F)
RECORD
 HIGH             110   08/13/1936
                        08/10/1934
 LOW               41   08/28/1986
                        06/01/1982
                        07/05/1972
HIGHEST           102   06/22        98       4       99  06/20
LOWEST             53   06/07        50       3       46  08/24
AVG. MAXIMUM     88.0              85.8     2.2     84.9
AVG. MINIMUM     67.3              64.9     2.4     65.4
MEAN             77.7              75.3     2.4     75.1
DAYS MAX >= 90     38              31.2     6.8       23
DAYS MAX <= 32      0               0.0     0.0        0
DAYS MIN <= 32      0               0.0     0.0        0
DAYS MIN <= 0       0               0.0     0.0        0

PRECIPITATION (INCHES)
RECORD
 MAXIMUM        28.88   1951
 MINIMUM         3.94   1901
TOTALS          15.99             13.35    2.64       MM
DAILY AVG.       0.17              0.15    0.02       MM
DAYS >= .01        27              26.4     0.6       29
DAYS >= .10        18              16.4     1.6       14
DAYS >= .50         9               8.2     0.8        7
DAYS >= 1.00        5               3.9     1.1        6
GREATEST
 24 HR. TOTAL    3.59   MM

DEGREE_DAYS
HEATING TOTAL       2                13     -11        5
COOLING TOTAL    1189               965     224      959
.................................................................

WIND (MPH)
AVERAGE WIND SPEED              7.2
HIGHEST WIND SPEED/DIRECTION    40/250    DATE  07/13
HIGHEST GUST SPEED/DIRECTION    56/350    DATE  07/12

SKY COVER
POSSIBLE SUNSHINE (PERCENT)   MM
AVERAGE SKY COVER           0.20
NUMBER OF DAYS FAIR           76
NUMBER OF DAYS PC             11
NUMBER OF DAYS CLOUDY          5

AVERAGE RH (PERCENT)     72

WEATHER CONDITIONS. NUMBER OF DAYS WITH
THUNDERSTORM             28     MIXED PRECIP               0
HEAVY RAIN               16     RAIN                      18
LIGHT RAIN               27     FREEZING RAIN              0
LT FREEZING RAIN          0     HAIL                       0
HEAVY SNOW                0     SNOW                       0
LIGHT SNOW                0     SLEET                      0
FOG                      42     FOG W/VIS <= 1/4 MILE      8
HAZE                     18

-  INDICATES NEGATIVE NUMBERS.
R  INDICATES RECORD WAS SET OR TIED.
MM INDICATES DATA IS MISSING.
T  INDICATES TRACE AMOUNT.

$$
