000
CXUS53 KUNR 022020
CLSUNR

FSDCLSUNR 000
TTAA00 KUNR 022017


CLIMATE REPORT
NATIONAL WEATHER SERVICE RAPID CITY SD
217 PM MDT FRI SEP 2 2016

...................................

...THE EAST RAPID CITY SD CLIMATE SUMMARY FOR THE SEASON, FROM
6/1/2016 TO 8/31/2016...

CLIMATE NORMAL PERIOD 1981 TO 2010
CLIMATE RECORD PERIOD 1888 TO 2016

WEATHER         OBSERVED          NORMAL  DEPART  LAST YEAR`S
                 VALUE   DATE(S)  VALUE   FROM    VALUE  DATE(S)
                                          NORMAL
................................................................
TEMPERATURE (F)
RECORD
 HIGH             107   07/12/1954
                        07/09/1954
 LOW               31   06/03/1998
HIGHEST           101   06/11                        101  08/30
LOWEST             47   06/01                         46  08/23
AVG. MAXIMUM     85.0              81.4     3.6     80.7
AVG. MINIMUM     60.3              58.6     1.7     59.8
MEAN             72.6              70.0     2.6     70.2
DAYS MAX >= 90     22                                 13
DAYS MAX <= 32      0                                  0
DAYS MIN <= 32      0                                  0
DAYS MIN <= 0       0                                  0

PRECIPITATION (INCHES)
RECORD
 MAXIMUM        14.97   1905
 MINIMUM         2.18   1936
TOTALS           6.76              7.63   -0.87    12.74
DAILY AVG.       0.07              0.08   -0.01     0.14
DAYS >= .01        29                                 37
DAYS >= .10        13                                 24
DAYS >= .50         4                                  9
DAYS >= 1.00        2                                  4
GREATEST
 24 HR. TOTAL    1.31   07/03 TO 07/03              1.37

SNOWFALL (INCHES)
RECORDS
 TOTAL            3.0   1969
                        1998
TOTALS            0.0               0.0     0.0      0.0
SINCE 7/1         0.0               0.0     0.0      0.0
SNOWDEPTH AVG.      0               0.0     0.0        0
DAYS >= 1.0         0               0.0     0.0        0
GREATEST
 SNOW DEPTH         0   MM                             0  MM
 24 HR TOTAL      0.0   MM                           0.0

DEGREE_DAYS
HEATING TOTAL      30               118     -88       63
COOLING TOTAL     754               576     178      569
.................................................................

WIND (MPH)
AVERAGE WIND SPEED              8.8
HIGHEST WIND SPEED/DIRECTION    44/140    DATE  06/09
HIGHEST GUST SPEED/DIRECTION    67/120    DATE  06/09

AVERAGE RH (PERCENT)     50

WEATHER CONDITIONS. NUMBER OF DAYS WITH
THUNDERSTORM             34     MIXED PRECIP               0
HEAVY RAIN                4     RAIN                      13
LIGHT RAIN               44     FREEZING RAIN              0
LT FREEZING RAIN          0     HAIL                       3
HEAVY SNOW                0     SNOW                       0
LIGHT SNOW                0     SLEET                      0
FOG                       5     FOG W/VIS <= 1/4 MILE      3
HAZE                      0

-  INDICATES NEGATIVE NUMBERS.
R  INDICATES RECORD WAS SET OR TIED.
MM INDICATES DATA IS MISSING.
T  INDICATES TRACE AMOUNT.

$$
