000
CDUS43 KDTX 040536
CLIDTW


CLIMATE REPORT
NATIONAL WEATHER SERVICE DETROIT/PONTIAC MI
1236 AM EST THU FEB 4 2016


...................................

...THE DETROIT MI CLIMATE SUMMARY FOR FEBRUARY 3 2016...

CLIMATE NORMAL PERIOD 1981 TO 2010
CLIMATE RECORD PERIOD 1874 TO 2016


WEATHER ITEM   OBSERVED TIME   RECORD YEAR NORMAL DEPARTURE LAST
                VALUE   (LST)  VALUE       VALUE  FROM      YEAR
                                                  NORMAL
..................................................................
TEMPERATURE (F)
 YESTERDAY
  MAXIMUM         56R  1158 AM  54    1991  33     23       26
  MINIMUM         36   1159 PM -15    1985  19     17        2
  AVERAGE         46                        26     20       14

PRECIPITATION (IN)
  YESTERDAY        0.02          1.12 1883   0.06  -0.04     0.05
  MONTH TO DATE    0.46                      0.19   0.27     0.91
  SINCE DEC 1      4.81                      4.61   0.20     3.77
  SINCE JAN 1      1.80                      2.15  -0.35     2.36

SNOWFALL (IN)
  YESTERDAY        0.0           7.2  1901   0.4   -0.4      0.8
  MONTH TO DATE    0.0                       1.1   -1.1     17.5
  SINCE DEC 1      9.7                      23.2  -13.5     31.8
  SINCE JUL 1     15.9                      24.8   -8.9     35.8
  SNOW DEPTH       0

DEGREE DAYS
 HEATING
  YESTERDAY       19                        39    -20       51
  MONTH TO DATE   75                       117    -42      144
  SINCE DEC 1   1946                      2422   -476     2460
  SINCE JUL 1   2866                      3637   -771     3837

 COOLING
  YESTERDAY        0                         0      0        0
  MONTH TO DATE    0                         0      0        0
  SINCE DEC 1      0                         0      0        0
  SINCE JAN 1      0                         0      0        0
..................................................................


WIND (MPH)
  HIGHEST WIND SPEED    38   HIGHEST WIND DIRECTION    SW (220)
  HIGHEST GUST SPEED    51   HIGHEST GUST DIRECTION    SW (210)
  AVERAGE WIND SPEED    18.2


SKY COVER
  POSSIBLE SUNSHINE  MM
  AVERAGE SKY COVER 0.9


WEATHER CONDITIONS
 THE FOLLOWING WEATHER WAS RECORDED YESTERDAY.
  FOG


RELATIVE HUMIDITY (PERCENT)
 HIGHEST    93           400 AM
 LOWEST     53           200 PM
 AVERAGE    73

..........................................................


THE DETROIT MI CLIMATE NORMALS FOR TODAY
                         NORMAL    RECORD    YEAR
 MAXIMUM TEMPERATURE (F)   33        63      1890
 MINIMUM TEMPERATURE (F)   19       -10      1918
                                             1875


SUNRISE AND SUNSET
FEBRUARY  4 2016......SUNRISE   744 AM EST   SUNSET   551 PM EST
FEBRUARY  5 2016......SUNRISE   743 AM EST   SUNSET   552 PM EST


-  INDICATES NEGATIVE NUMBERS.
R  INDICATES RECORD WAS SET OR TIED.
MM INDICATES DATA IS MISSING.
T  INDICATES TRACE AMOUNT.




$$
