000
CDUS43 KDTX 250557
CLIDTW


CLIMATE REPORT
NATIONAL WEATHER SERVICE DETROIT/PONTIAC MI
156 AM EDT SAT MAR 25 2017


...................................

...THE DETROIT MI CLIMATE SUMMARY FOR MARCH 24 2017...

CLIMATE NORMAL PERIOD 1981 TO 2010
CLIMATE RECORD PERIOD 1874 TO 2017


WEATHER ITEM   OBSERVED TIME   RECORD YEAR NORMAL DEPARTURE LAST
                VALUE   (LST)  VALUE       VALUE  FROM      YEAR
                                                  NORMAL
..................................................................
TEMPERATURE (F)
 YESTERDAY
  MAXIMUM         77    413 PM  81    1910  49     28       57
  MINIMUM         37   1210 AM   2    1888  31      6       37
  AVERAGE         57                        40     17       47

PRECIPITATION (IN)
  YESTERDAY        0.18          1.49 2016   0.08   0.10     1.49
  MONTH TO DATE    2.02                      1.72   0.30     3.48
  SINCE MAR 1      2.02                      1.72   0.30     3.48
  SINCE JAN 1      6.75                      5.70   1.05     6.84

SNOWFALL (IN)
  YESTERDAY        0.0           1.6  2006   0.2   -0.2      0.0
  MONTH TO DATE    6.9                       5.9    1.0      7.4
  SINCE MAR 1      6.9                       5.9    1.0      7.4
  SINCE JUL 1     37.8                      39.8   -2.0     34.0
  SNOW DEPTH       0

DEGREE DAYS
 HEATING
  YESTERDAY        8                        25    -17       18
  MONTH TO DATE  728                       701     27      534
  SINCE MAR 1    728                       701     27      534
  SINCE JUL 1   4466                      5254   -788     4299

 COOLING
  YESTERDAY        0                         0      0        0
  MONTH TO DATE    0                         0      0        0
  SINCE MAR 1      0                         0      0        0
  SINCE JAN 1      0                         0      0        0
..................................................................


WIND (MPH)
  HIGHEST WIND SPEED    30   HIGHEST WIND DIRECTION    SW (230)
  HIGHEST GUST SPEED    38   HIGHEST GUST DIRECTION    SW (240)
  AVERAGE WIND SPEED    16.8


SKY COVER
  POSSIBLE SUNSHINE  MM
  AVERAGE SKY COVER 0.9


WEATHER CONDITIONS
 THE FOLLOWING WEATHER WAS RECORDED YESTERDAY.
  HEAVY RAIN
  RAIN
  LIGHT RAIN
  FOG
  HAZE


RELATIVE HUMIDITY (PERCENT)
 HIGHEST    85          1200 AM
 LOWEST     43           400 PM
 AVERAGE    64

..........................................................


THE DETROIT MI CLIMATE NORMALS FOR TODAY
                         NORMAL    RECORD    YEAR
 MAXIMUM TEMPERATURE (F)   50        78      1945
 MINIMUM TEMPERATURE (F)   32         4      1974


SUNRISE AND SUNSET
MARCH 25 2017.........SUNRISE   728 AM EDT   SUNSET   752 PM EDT
MARCH 26 2017.........SUNRISE   726 AM EDT   SUNSET   753 PM EDT


-  INDICATES NEGATIVE NUMBERS.
R  INDICATES RECORD WAS SET OR TIED.
MM INDICATES DATA IS MISSING.
T  INDICATES TRACE AMOUNT.




$$
