000
CDUS43 KDTX 300542
CLIDTW


CLIMATE REPORT
NATIONAL WEATHER SERVICE DETROIT/PONTIAC MI
142 AM EDT SAT AUG 30 2014


...................................

...THE DETROIT MI CLIMATE SUMMARY FOR AUGUST 29 2014...

CLIMATE NORMAL PERIOD 1981 TO 2010
CLIMATE RECORD PERIOD 1874 TO 2014


WEATHER ITEM   OBSERVED TIME   RECORD YEAR NORMAL DEPARTURE LAST
                VALUE   (LST)  VALUE       VALUE  FROM      YEAR
                                                  NORMAL
..................................................................
TEMPERATURE (F)
 YESTERDAY
  MAXIMUM         76    511 PM  96    1953  80     -4       88
  MINIMUM         59    437 AM  38    1982  61     -2       68
  AVERAGE         68                        70     -2       78

PRECIPITATION (IN)
  YESTERDAY        0.00          1.73 1975   0.10  -0.10      T
  MONTH TO DATE    6.28                      2.81   3.47     3.89
  SINCE JUN 1     12.71                      9.70   3.01    14.04
  SINCE JAN 1     27.38                     22.24   5.14    28.89

SNOWFALL (IN)
  YESTERDAY        0.0           0.0    MM   0.0    0.0      0.0
  MONTH TO DATE    0.0                       0.0    0.0      0.0
  SINCE JUN 1      0.0                       0.0    0.0      0.0
  SINCE JUL 1      0.0                       0.0    0.0      0.0
  SNOW DEPTH       0

DEGREE DAYS
 HEATING
  YESTERDAY        0                         1     -1        0
  MONTH TO DATE    5                         1      4        8
  SINCE JUN 1     25                        38    -13       35
  SINCE JUL 1     13                         3     10       12

 COOLING
  YESTERDAY        3                         6     -3       13
  MONTH TO DATE  193                       213    -20      203
  SINCE JUN 1    545                       651   -106      666
  SINCE JAN 1    609                       699    -90      769
..................................................................


WIND (MPH)
  HIGHEST WIND SPEED    15   HIGHEST WIND DIRECTION    SE (150)
  HIGHEST GUST SPEED    20   HIGHEST GUST DIRECTION    SE (150)
  AVERAGE WIND SPEED     6.2


SKY COVER
  POSSIBLE SUNSHINE  MM
  AVERAGE SKY COVER 0.8


WEATHER CONDITIONS
 THE FOLLOWING WEATHER WAS RECORDED YESTERDAY.
  NO SIGNIFICANT WEATHER WAS OBSERVED.


RELATIVE HUMIDITY (PERCENT)
 HIGHEST    84           500 AM
 LOWEST     50           300 PM
 AVERAGE    67

..........................................................


THE DETROIT MI CLIMATE NORMALS FOR TODAY
                         NORMAL    RECORD    YEAR
 MAXIMUM TEMPERATURE (F)   80        97      1953
 MINIMUM TEMPERATURE (F)   61        41      1976


SUNRISE AND SUNSET
AUGUST 30 2014........SUNRISE   657 AM EDT   SUNSET   811 PM EDT
AUGUST 31 2014........SUNRISE   658 AM EDT   SUNSET   809 PM EDT


-  INDICATES NEGATIVE NUMBERS.
R  INDICATES RECORD WAS SET OR TIED.
MM INDICATES DATA IS MISSING.
T  INDICATES TRACE AMOUNT.




$$
