000
CDUS43 KDTX 110558
CLIDTW


CLIMATE REPORT
NATIONAL WEATHER SERVICE DETROIT/PONTIAC MI
158 AM EDT FRI JUL 11 2014


...................................

...THE DETROIT MI CLIMATE SUMMARY FOR JULY 10 2014...

CLIMATE NORMAL PERIOD 1981 TO 2010
CLIMATE RECORD PERIOD 1874 TO 2014


WEATHER ITEM   OBSERVED TIME   RECORD YEAR NORMAL DEPARTURE LAST
                VALUE   (LST)  VALUE       VALUE  FROM      YEAR
                                                  NORMAL
..................................................................
TEMPERATURE (F)
 YESTERDAY
  MAXIMUM         78    143 PM 102    1936  84     -6       88
  MINIMUM         59    513 AM  51    1895  64     -5       69
  AVERAGE         69                        74     -5       79

PRECIPITATION (IN)
  YESTERDAY        0.00          2.05 1879   0.10  -0.10     0.02
  MONTH TO DATE    1.07                      1.02   0.05     2.52
  SINCE JUN 1      5.07                      4.54   0.53     8.53
  SINCE JAN 1     19.74                     17.08   2.66    23.38

SNOWFALL (IN)
  YESTERDAY        0.0           0.0    MM   0.0    0.0      0.0
  MONTH TO DATE    0.0                       0.0    0.0      0.0
  SINCE JUN 1      0.0                       0.0    0.0      0.0
  SINCE JUL 1      0.0                       0.0    0.0      0.0
  SNOW DEPTH       0

DEGREE DAYS
 HEATING
  YESTERDAY        0                         0      0        0
  MONTH TO DATE    0                         0      0        0
  SINCE JUN 1     12                        35    -23       23
  SINCE JUL 1      0                         0      0        0

 COOLING
  YESTERDAY        4                         9     -5       14
  MONTH TO DATE   59                        87    -28       98
  SINCE JUN 1    244                       254    -10      268
  SINCE JAN 1    308                       302      6      371
..................................................................


WIND (MPH)
  HIGHEST WIND SPEED    10   HIGHEST WIND DIRECTION    SE (120)
  HIGHEST GUST SPEED    17   HIGHEST GUST DIRECTION    SW (220)
  AVERAGE WIND SPEED     3.5


SKY COVER
  POSSIBLE SUNSHINE  MM
  AVERAGE SKY COVER 0.7


WEATHER CONDITIONS
 THE FOLLOWING WEATHER WAS RECORDED YESTERDAY.
  FOG
  HAZE


RELATIVE HUMIDITY (PERCENT)
 HIGHEST    90           400 AM
 LOWEST     46           100 PM
 AVERAGE    68

..........................................................


THE DETROIT MI CLIMATE NORMALS FOR TODAY
                         NORMAL    RECORD    YEAR
 MAXIMUM TEMPERATURE (F)   84       101      1936
 MINIMUM TEMPERATURE (F)   64        47      1978


SUNRISE AND SUNSET
JULY 11 2014..........SUNRISE   607 AM EDT   SUNSET   910 PM EDT
JULY 12 2014..........SUNRISE   608 AM EDT   SUNSET   910 PM EDT


-  INDICATES NEGATIVE NUMBERS.
R  INDICATES RECORD WAS SET OR TIED.
MM INDICATES DATA IS MISSING.
T  INDICATES TRACE AMOUNT.




$$
