717
CDUS43 KDTX 280542
CLIDTW


CLIMATE REPORT
NATIONAL WEATHER SERVICE DETROIT/PONTIAC MI
142 AM EDT WED SEP 28 2016


...................................

...THE DETROIT MI CLIMATE SUMMARY FOR SEPTEMBER 27 2016...

CLIMATE NORMAL PERIOD 1981 TO 2010
CLIMATE RECORD PERIOD 1874 TO 2016


WEATHER ITEM   OBSERVED TIME   RECORD YEAR NORMAL DEPARTURE LAST
                VALUE   (LST)  VALUE       VALUE  FROM      YEAR
                                                  NORMAL
..................................................................
TEMPERATURE (F)
 YESTERDAY
  MAXIMUM         70    339 PM  88    1891  69      1       77
  MINIMUM         49    635 AM  34    1899  50     -1       61
  AVERAGE         60                        60      0       69

PRECIPITATION (IN)
  YESTERDAY        0.00          1.28 1896   0.10  -0.10     0.00
  MONTH TO DATE    2.56                      2.98  -0.42     1.12
  SINCE SEP 1      2.56                      2.98  -0.42     1.12
  SINCE JAN 1     23.78                     25.41  -1.63    23.10

SNOWFALL (IN)
  YESTERDAY        0.0           0.0    MM   0.0    0.0      0.0
  MONTH TO DATE    0.0                       0.0    0.0      0.0
  SINCE SEP 1      0.0                       0.0    0.0      0.0
  SINCE JUL 1      0.0                       0.0    0.0      0.0
  SNOW DEPTH       0

DEGREE DAYS
 HEATING
  YESTERDAY        5                         7     -2        0
  MONTH TO DATE   16                        82    -66       27
  SINCE SEP 1     16                        82    -66       27
  SINCE JUL 1     16                        92    -76       37

 COOLING
  YESTERDAY        0                         1     -1        4
  MONTH TO DATE  132                        80     52      161
  SINCE SEP 1    132                        80     52      161
  SINCE JAN 1   1155                       791    364      881
..................................................................


WIND (MPH)
  HIGHEST WIND SPEED    29   HIGHEST WIND DIRECTION    SW (240)
  HIGHEST GUST SPEED    36   HIGHEST GUST DIRECTION    SW (230)
  AVERAGE WIND SPEED    12.2


SKY COVER
  POSSIBLE SUNSHINE  MM
  AVERAGE SKY COVER 0.4


WEATHER CONDITIONS
 THE FOLLOWING WEATHER WAS RECORDED YESTERDAY.
  NO SIGNIFICANT WEATHER WAS OBSERVED.


RELATIVE HUMIDITY (PERCENT)
 HIGHEST    71           100 AM
 LOWEST     25           400 PM
 AVERAGE    48

..........................................................


THE DETROIT MI CLIMATE NORMALS FOR TODAY
                         NORMAL    RECORD    YEAR
 MAXIMUM TEMPERATURE (F)   69        87      1905
 MINIMUM TEMPERATURE (F)   50        33      1991


SUNRISE AND SUNSET
SEPTEMBER 28 2016.....SUNRISE   728 AM EDT   SUNSET   719 PM EDT
SEPTEMBER 29 2016.....SUNRISE   729 AM EDT   SUNSET   717 PM EDT


-  INDICATES NEGATIVE NUMBERS.
R  INDICATES RECORD WAS SET OR TIED.
MM INDICATES DATA IS MISSING.
T  INDICATES TRACE AMOUNT.




$$
