000
CDUS43 KDTX 160537
CLIDTW


CLIMATE REPORT
NATIONAL WEATHER SERVICE DETROIT/PONTIAC MI
137 AM EDT WED APR 16 2014


...................................

...THE DETROIT MI CLIMATE SUMMARY FOR APRIL 15 2014...

CLIMATE NORMAL PERIOD 1981 TO 2010
CLIMATE RECORD PERIOD 1874 TO 2014


WEATHER ITEM   OBSERVED TIME   RECORD YEAR NORMAL DEPARTURE LAST
                VALUE   (LST)  VALUE       VALUE  FROM      YEAR
                                                  NORMAL
..................................................................
TEMPERATURE (F)
 YESTERDAY
  MAXIMUM         33    616 PM  85    2003  59    -26       70
                                      1976
  MINIMUM         26    805 AM  21    1935  39    -13       38
  AVERAGE         30                        49    -19       54

PRECIPITATION (IN)
  YESTERDAY        0.17          1.48 1919   0.10   0.07      T
  MONTH TO DATE    1.22                      1.43  -0.21     2.07
  SINCE MAR 1      2.71                      3.71  -1.00     2.81
  SINCE JAN 1      8.45                      7.69   0.76     9.09

SNOWFALL (IN)
  YESTERDAY        2.6 R         2.5  1893   0.1    2.5      0.0
  MONTH TO DATE    3.2                       1.3    1.9       T
  SINCE MAR 1     15.7                       8.2    7.5      3.1
  SINCE JUL 1     94.9                      42.1   52.8     47.6
  SNOW DEPTH       3

DEGREE DAYS
 HEATING
  YESTERDAY       35                        16     19       11
  MONTH TO DATE  256                       280    -24      337
  SINCE MAR 1   1375                      1142    233     1270
  SINCE JUL 1   6625                      5695    930     5555

 COOLING
  YESTERDAY        0                         0      0        0
  MONTH TO DATE    0                         0      0        0
  SINCE MAR 1      0                         0      0        0
  SINCE JAN 1      0                         0      0        0
..................................................................


WIND (MPH)
  HIGHEST WIND SPEED    22   HIGHEST WIND DIRECTION     W (280)
  HIGHEST GUST SPEED    38   HIGHEST GUST DIRECTION    SW (230)
  AVERAGE WIND SPEED    11.3


SKY COVER
  POSSIBLE SUNSHINE  MM
  AVERAGE SKY COVER 0.9


WEATHER CONDITIONS
 THE FOLLOWING WEATHER WAS RECORDED YESTERDAY.
  SNOW
  LIGHT SNOW
  FOG


RELATIVE HUMIDITY (PERCENT)
 HIGHEST    92          1200 AM
 LOWEST     49           800 PM
 AVERAGE    71

..........................................................


THE DETROIT MI CLIMATE NORMALS FOR TODAY
                         NORMAL    RECORD    YEAR
 MAXIMUM TEMPERATURE (F)   60        86      2002
 MINIMUM TEMPERATURE (F)   40        17      1875


SUNRISE AND SUNSET
APRIL 16 2014.........SUNRISE   651 AM EDT   SUNSET   816 PM EDT
APRIL 17 2014.........SUNRISE   649 AM EDT   SUNSET   817 PM EDT


-  INDICATES NEGATIVE NUMBERS.
R  INDICATES RECORD WAS SET OR TIED.
MM INDICATES DATA IS MISSING.
T  INDICATES TRACE AMOUNT.




$$
