000
CDUS43 KDTX 212127
CLIDTW


CLIMATE REPORT
NATIONAL WEATHER SERVICE DETROIT/PONTIAC MI
426 PM EST FRI NOV 21 2014


...................................

...THE DETROIT MI CLIMATE SUMMARY FOR NOVEMBER 21 2014...
VALID TODAY AS OF 0400 PM LOCAL TIME.

CLIMATE NORMAL PERIOD 1981 TO 2010
CLIMATE RECORD PERIOD 1874 TO 2014


WEATHER ITEM   OBSERVED TIME   RECORD YEAR NORMAL DEPARTURE LAST
                VALUE   (LST)  VALUE       VALUE  FROM      YEAR
                                                  NORMAL
..................................................................
TEMPERATURE (F)
 TODAY
  MAXIMUM         28    220 PM  67    1913  46    -18       46
  MINIMUM         13    637 AM   3    1880  33    -20       40
  AVERAGE         21                        39    -18       43

PRECIPITATION (IN)
  TODAY            0.00          1.16 2007   0.10  -0.10     0.31
  MONTH TO DATE    0.35                      1.96  -1.61     1.70
  SINCE SEP 1      7.42                      7.75  -0.33     6.38
  SINCE JAN 1     34.84                     30.18   4.66    37.36

SNOWFALL (IN)
  TODAY            0.0           1.4  1893   0.0    0.0      0.0
  MONTH TO DATE    3.7                       0.6    3.1      0.5
  SINCE SEP 1      3.7                       0.7    3.0      0.5
  SINCE JUL 1      3.7                       0.7    3.0      0.5
  SNOW DEPTH       2

DEGREE DAYS
 HEATING
  TODAY           44                        26     18       22
  MONTH TO DATE  621                       455    166      482
  SINCE SEP 1   1120                       956    164      955
  SINCE JUL 1   1133                       966    167      967

 COOLING
  TODAY            0                         0      0        0
  MONTH TO DATE    0                         0      0        0
  SINCE SEP 1     72                        92    -20       98
  SINCE JAN 1    704                       803    -99      891
..................................................................


WIND (MPH)
  HIGHEST WIND SPEED    15   HIGHEST WIND DIRECTION     S (190)
  HIGHEST GUST SPEED    18   HIGHEST GUST DIRECTION     S (180)
  AVERAGE WIND SPEED     8.3


SKY COVER
  POSSIBLE SUNSHINE  MM
  AVERAGE SKY COVER 0.4


WEATHER CONDITIONS
 THE FOLLOWING WEATHER WAS RECORDED TODAY.
  NO SIGNIFICANT WEATHER WAS OBSERVED.


RELATIVE HUMIDITY (PERCENT)
 HIGHEST    80           200 AM
 LOWEST     46           100 PM
 AVERAGE    63

..........................................................


THE DETROIT MI CLIMATE NORMALS FOR TOMORROW
                         NORMAL    RECORD    YEAR
 MAXIMUM TEMPERATURE (F)   46        69      1913
 MINIMUM TEMPERATURE (F)   32         0      1880


SUNRISE AND SUNSET
NOVEMBER 21 2014......SUNRISE   731 AM EST   SUNSET   507 PM EST
NOVEMBER 22 2014......SUNRISE   732 AM EST   SUNSET   506 PM EST


-  INDICATES NEGATIVE NUMBERS.
R  INDICATES RECORD WAS SET OR TIED.
MM INDICATES DATA IS MISSING.
T  INDICATES TRACE AMOUNT.




$$
