000
CDUS43 KDTX 252045
CLIDTW


CLIMATE REPORT
NATIONAL WEATHER SERVICE DETROIT/PONTIAC MI
445 PM EDT MON AUG 25 2014


...................................

...THE DETROIT MI CLIMATE SUMMARY FOR AUGUST 25 2014...
VALID TODAY AS OF 0400 PM LOCAL TIME.

CLIMATE NORMAL PERIOD 1981 TO 2010
CLIMATE RECORD PERIOD 1874 TO 2014


WEATHER ITEM   OBSERVED TIME   RECORD YEAR NORMAL DEPARTURE LAST
                VALUE   (LST)  VALUE       VALUE  FROM      YEAR
                                                  NORMAL
..................................................................
TEMPERATURE (F)
 TODAY
  MAXIMUM         84    236 PM  98    1948  81      3       87
  MINIMUM         68    414 AM  48    1942  62      6       61
                                      1934
                                      1923
  AVERAGE         76                        71      5       74

PRECIPITATION (IN)
  TODAY            0.00          1.76 1940   0.09  -0.09     0.00
  MONTH TO DATE    5.73                      2.42   3.31     2.56
  SINCE JUN 1     12.16                      9.31   2.85    12.71
  SINCE JAN 1     26.83                     21.85   4.98    27.56

SNOWFALL (IN)
  TODAY            0.0           0.0    MM   0.0    0.0      0.0
  MONTH TO DATE    0.0                       0.0    0.0      0.0
  SINCE JUN 1      0.0                       0.0    0.0      0.0
  SINCE JUL 1      0.0                       0.0    0.0      0.0
  SNOW DEPTH       0

DEGREE DAYS
 HEATING
  TODAY            0                         0      0        0
  MONTH TO DATE    5                         0      5        8
  SINCE JUN 1     25                        37    -12       35
  SINCE JUL 1     13                         2     11       12

 COOLING
  TODAY           11                         6      5        9
  MONTH TO DATE  164                       189    -25      150
  SINCE JUN 1    516                       627   -111      613
  SINCE JAN 1    580                       675    -95      716
..................................................................


WIND (MPH)
  HIGHEST WIND SPEED    13   HIGHEST WIND DIRECTION    SE (140)
  HIGHEST GUST SPEED    15   HIGHEST GUST DIRECTION    SE (150)
  AVERAGE WIND SPEED     4.0


SKY COVER
  POSSIBLE SUNSHINE  MM
  AVERAGE SKY COVER 0.6


WEATHER CONDITIONS
 THE FOLLOWING WEATHER WAS RECORDED TODAY.
  FOG


RELATIVE HUMIDITY (PERCENT)
 HIGHEST    93           400 AM
 LOWEST     61           200 PM
 AVERAGE    77

..........................................................


THE DETROIT MI CLIMATE NORMALS FOR TOMORROW
                         NORMAL    RECORD    YEAR
 MAXIMUM TEMPERATURE (F)   80        96      1953
                                             1948
 MINIMUM TEMPERATURE (F)   62        47      1984
                                             1915


SUNRISE AND SUNSET
AUGUST 25 2014........SUNRISE   651 AM EDT   SUNSET   819 PM EDT
AUGUST 26 2014........SUNRISE   652 AM EDT   SUNSET   817 PM EDT


-  INDICATES NEGATIVE NUMBERS.
R  INDICATES RECORD WAS SET OR TIED.
MM INDICATES DATA IS MISSING.
T  INDICATES TRACE AMOUNT.




$$
