488
CDUS43 KDTX 200537
CLIDTW


CLIMATE REPORT
NATIONAL WEATHER SERVICE DETROIT/PONTIAC MI
137 AM EDT WED JUL 20 2016


...................................

...THE DETROIT MI CLIMATE SUMMARY FOR JULY 19 2016...

CLIMATE NORMAL PERIOD 1981 TO 2010
CLIMATE RECORD PERIOD 1874 TO 2016


WEATHER ITEM   OBSERVED TIME   RECORD YEAR NORMAL DEPARTURE LAST
                VALUE   (LST)  VALUE       VALUE  FROM      YEAR
                                                  NORMAL
..................................................................
TEMPERATURE (F)
 YESTERDAY
  MAXIMUM         88    229 PM 100    1946  84      4       91
  MINIMUM         62    511 AM  48    1984  64     -2       68
  AVERAGE         75                        74      1       80

PRECIPITATION (IN)
  YESTERDAY        0.00          2.61 1982   0.11  -0.11      T
  MONTH TO DATE    1.37                      1.98  -0.61     1.18
  SINCE JUN 1      2.67                      5.50  -2.83     6.50
  SINCE JAN 1     15.40                     18.04  -2.64    18.24

SNOWFALL (IN)
  YESTERDAY        0.0           0.0    MM   0.0    0.0      0.0
  MONTH TO DATE    0.0                       0.0    0.0      0.0
  SINCE JUN 1      0.0                       0.0    0.0      0.0
  SINCE JUL 1      0.0                       0.0    0.0      0.0
  SNOW DEPTH       0

DEGREE DAYS
 HEATING
  YESTERDAY        0                         0      0        0
  MONTH TO DATE    0                         0      0        3
  SINCE JUN 1     14                        35    -21       25
  SINCE JUL 1      0                         0      0        3

 COOLING
  YESTERDAY       10                         9      1       15
  MONTH TO DATE  196                       168     28      117
  SINCE JUN 1    399                       335     64      257
  SINCE JAN 1    477                       383     94      361
..................................................................


WIND (MPH)
  HIGHEST WIND SPEED    17   HIGHEST WIND DIRECTION    NW (330)
  HIGHEST GUST SPEED    22   HIGHEST GUST DIRECTION    NW (320)
  AVERAGE WIND SPEED     6.4


SKY COVER
  POSSIBLE SUNSHINE  MM
  AVERAGE SKY COVER 0.4


WEATHER CONDITIONS
 THE FOLLOWING WEATHER WAS RECORDED YESTERDAY.
  HAZE


RELATIVE HUMIDITY (PERCENT)
 HIGHEST    78           300 AM
 LOWEST     34           300 PM
 AVERAGE    56

..........................................................


THE DETROIT MI CLIMATE NORMALS FOR TODAY
                         NORMAL    RECORD    YEAR
 MAXIMUM TEMPERATURE (F)   84        97      1977
 MINIMUM TEMPERATURE (F)   64        48      1971


SUNRISE AND SUNSET
JULY 20 2016..........SUNRISE   615 AM EDT   SUNSET   904 PM EDT
JULY 21 2016..........SUNRISE   616 AM EDT   SUNSET   903 PM EDT


-  INDICATES NEGATIVE NUMBERS.
R  INDICATES RECORD WAS SET OR TIED.
MM INDICATES DATA IS MISSING.
T  INDICATES TRACE AMOUNT.




$$
