000
CDUS43 KDTX 162132
CLIDTW


CLIMATE REPORT
NATIONAL WEATHER SERVICE DETROIT/PONTIAC MI
431 PM EST FRI FEB 16 2018


...................................

...THE DETROIT MI CLIMATE SUMMARY FOR FEBRUARY 16 2018...
VALID TODAY AS OF 0400 PM LOCAL TIME.

CLIMATE NORMAL PERIOD 1981 TO 2010
CLIMATE RECORD PERIOD 1874 TO 2018


WEATHER ITEM   OBSERVED TIME   RECORD YEAR NORMAL DEPARTURE LAST
                VALUE   (LST)  VALUE       VALUE  FROM      YEAR
                                                  NORMAL
..................................................................
TEMPERATURE (F)
 TODAY
  MAXIMUM         41   1226 AM  60    1921  35      6       34
  MINIMUM         30   1043 AM  -9    2015  21      9       26
                                      1904
  AVERAGE         36                        28      8       30

PRECIPITATION (IN)
  TODAY            0.00          1.55 1954   0.08  -0.08      T
  MONTH TO DATE    1.69                      1.11   0.58     1.42
  SINCE DEC 1      4.53                      5.53  -1.00     6.41
  SINCE JAN 1      3.05                      3.07  -0.02     4.25

SNOWFALL (IN)
  TODAY            0.0           7.7  1909   0.3   -0.3       T
  MONTH TO DATE   20.8                       5.8   15.0      2.1
  SINCE DEC 1     52.5                      27.9   24.6     30.7
  SINCE JUL 1     52.5                      29.5   23.0     30.8
  SNOW DEPTH       0

DEGREE DAYS
 HEATING
  TODAY           29                        37     -8       35
  MONTH TO DATE  668                       610     58      532
  SINCE DEC 1   3095                      2915    180     2651
  SINCE JUL 1   4158                      4130     28     3519

 COOLING
  TODAY            0                         0      0        0
  MONTH TO DATE    0                         0      0        0
  SINCE DEC 1      0                         0      0        0
  SINCE JAN 1      0                         0      0        0
..................................................................


WIND (MPH)
  HIGHEST WIND SPEED    21   HIGHEST WIND DIRECTION    NW (330)
  HIGHEST GUST SPEED    28   HIGHEST GUST DIRECTION     N (340)
  AVERAGE WIND SPEED    12.5


SKY COVER
  POSSIBLE SUNSHINE  MM
  AVERAGE SKY COVER 1.0


WEATHER CONDITIONS
 THE FOLLOWING WEATHER WAS RECORDED TODAY.
  FOG
  HAZE


RELATIVE HUMIDITY (PERCENT)
 HIGHEST    86          1200 AM
 LOWEST     56           100 PM
 AVERAGE    71

..........................................................


THE DETROIT MI CLIMATE NORMALS FOR TOMORROW
                         NORMAL    RECORD    YEAR
 MAXIMUM TEMPERATURE (F)   36        59      1911
 MINIMUM TEMPERATURE (F)   21        -7      1979
                                             1958


SUNRISE AND SUNSET
FEBRUARY 16 2018......SUNRISE   728 AM EST   SUNSET   607 PM EST
FEBRUARY 17 2018......SUNRISE   727 AM EST   SUNSET   608 PM EST


-  INDICATES NEGATIVE NUMBERS.
R  INDICATES RECORD WAS SET OR TIED.
MM INDICATES DATA IS MISSING.
T  INDICATES TRACE AMOUNT.




$$
